{"id":916,"date":"2015-04-14T09:55:05","date_gmt":"2015-04-14T09:55:05","guid":{"rendered":"http:\/\/shinetheme.com\/demosd\/indus_demovs2\/?page_id=916"},"modified":"2019-09-04T10:28:59","modified_gmt":"2019-09-04T13:28:59","slug":"quem-somos","status":"publish","type":"page","link":"https:\/\/totallubri.com.br\/?page_id=916","title":{"rendered":"Quem Somos"},"content":{"rendered":"<p>[vc_row css=&#8221;.vc_custom_1430123932701{padding-bottom: 113px !important;}&#8221;][vc_column width=&#8221;5\/12&#8243; css=&#8221;.vc_custom_1477444454609{padding-right: 90px !important;}&#8221;][vc_single_image image=&#8221;1349&#8243; img_size=&#8221;full&#8221; alignment=&#8221;right&#8221; el_class=&#8221;tp-image&#8221;][\/vc_column][vc_column width=&#8221;7\/12&#8243;][vc_column_text]<\/p>\n<h1>Totallubri<\/h1>\n<p class=\"lead-text\">\u00a0 A TOTALLUBRI em parceria com as melhores e mais renomadas marcas nacionais e importadas atua no fornecimento de equipamentos e acess\u00f3rios para lubrifica\u00e7\u00e3o e abastecimento de m\u00e1quinas, tais como: propulsoras pneum\u00e1ticas, engraxadeiras manuais, medidores digitais e mec\u00e2nicos, carret\u00e9is autom\u00e1ticos e manuais, pe\u00e7as de reposi\u00e7\u00e3o de comboios, linha para o Arla-32, entre muitos outros produtos. Priorizando sempre os mais altos padr\u00f5es de qualidade existentes no mercado, garantindo assim, aos nossos clientes, maior desempenho em suas opera\u00e7\u00f5es e aumento na produtividade com redu\u00e7\u00e3o de custos.<br \/>\nPossu\u00edmos atendimento qualificado e profissionais com capacita\u00e7\u00e3o t\u00e9cnica para melhor especifica\u00e7\u00e3o e identifica\u00e7\u00e3o de produtos que sejam ideais a necessidade dos nossos clientes, confira o melhor atendimento do mercado!<\/p>\n<p>[\/vc_column_text][\/vc_column][\/vc_row][vc_row css=&#8221;.vc_custom_1429009722878{padding-bottom: 50px !important;}&#8221;][vc_column][st_testomnials number=&#8221;2&#8243;][st_testomnial_item title=&#8221;Miss\u00e3o&#8221;]<\/p>\n<p style=\"text-align: left;\">Levar solu\u00e7\u00e3o TOTAL aos clientes, atendendo-os em todas as suas necessidades, com o objetivo de gerar excel\u00eancia na manuten\u00e7\u00e3o, e aumentar a produtividade, reduzindo custos.<br \/>\nRespeitar e satisfazer nossos clientes, fornecedores e colaboradores, agindo sempre com responsabilidade social, honestidade e transpar\u00eancia.<\/p>\n<p>[\/st_testomnial_item][st_testomnial_item title=&#8221;Vis\u00e3o&#8221;]<\/p>\n<p style=\"text-align: justify;\">Ser a MELHOR e TOTAL op\u00e7\u00e3o no fornecimento de equipamentos para lubrifica\u00e7\u00e3o, movidos por uma cultura \u00e9tica e de sustentabilidade.<\/p>\n<p>[\/st_testomnial_item][\/st_testomnials][\/vc_column][\/vc_row]<\/p>\n","protected":false},"excerpt":{"rendered":"<p>[vc_row css=&#8221;.vc_custom_1430123932701{padding-bottom: 113px !important;}&#8221;][vc_column width=&#8221;5\/12&#8243; css=&#8221;.vc_custom_1477444454609{padding-right: 90px !important;}&#8221;][vc_single_image image=&#8221;1349&#8243; img_size=&#8221;full&#8221; alignment=&#8221;right&#8221; el_class=&#8221;tp-image&#8221;][\/vc_column][vc_column width=&#8221;7\/12&#8243;][vc_column_text] Totallubri \u00a0 A TOTALLUBRI em parceria com as melhores e mais renomadas marcas nacionais e importadas atua no fornecimento de equipamentos e acess\u00f3rios para lubrifica\u00e7\u00e3o e abastecimento de m\u00e1quinas, tais como: propulsoras pneum\u00e1ticas, engraxadeiras manuais, medidores digitais e mec\u00e2nicos, carret\u00e9is autom\u00e1ticos e [&hellip;]<\/p>\n","protected":false},"author":2,"featured_media":0,"parent":0,"menu_order":0,"comment_status":"open","ping_status":"open","template":"page-templates\/page-default.php","meta":{"_exactmetrics_skip_tracking":false,"_exactmetrics_sitenote_active":false,"_exactmetrics_sitenote_note":"","_exactmetrics_sitenote_category":0,"footnotes":""},"class_list":["post-916","page","type-page","status-publish","hentry"],"_links":{"self":[{"href":"https:\/\/totallubri.com.br\/index.php?rest_route=\/wp\/v2\/pages\/916","targetHints":{"allow":["GET"]}}],"collection":[{"href":"https:\/\/totallubri.com.br\/index.php?rest_route=\/wp\/v2\/pages"}],"about":[{"href":"https:\/\/totallubri.com.br\/index.php?rest_route=\/wp\/v2\/types\/page"}],"author":[{"embeddable":true,"href":"https:\/\/totallubri.com.br\/index.php?rest_route=\/wp\/v2\/users\/2"}],"replies":[{"embeddable":true,"href":"https:\/\/totallubri.com.br\/index.php?rest_route=%2Fwp%2Fv2%2Fcomments&post=916"}],"version-history":[{"count":13,"href":"https:\/\/totallubri.com.br\/index.php?rest_route=\/wp\/v2\/pages\/916\/revisions"}],"predecessor-version":[{"id":8062,"href":"https:\/\/totallubri.com.br\/index.php?rest_route=\/wp\/v2\/pages\/916\/revisions\/8062"}],"wp:attachment":[{"href":"https:\/\/totallubri.com.br\/index.php?rest_route=%2Fwp%2Fv2%2Fmedia&parent=916"}],"curies":[{"name":"wp","href":"https:\/\/api.w.org\/{rel}","templated":true}]}}