{"id":10133,"date":"2024-05-13T16:16:57","date_gmt":"2024-05-13T19:16:57","guid":{"rendered":"https:\/\/totallubri.com.br\/?post_type=product&#038;p=10133"},"modified":"2024-11-25T22:54:52","modified_gmt":"2024-11-26T01:54:52","slug":"5781-unidade-portatil-digital-para-analise-de-fluidos","status":"publish","type":"product","link":"https:\/\/totallubri.com.br\/?product=5781-unidade-portatil-digital-para-analise-de-fluidos","title":{"rendered":"5781 \u2013 UNIDADE PORTATIL DIGITAL PARA ANALISE DE FLUIDOS-LUPUS"},"content":{"rendered":"<p>Kit de an\u00e1lise de \u00f3leo que permite verifica\u00e7\u00e3o de contamina\u00e7\u00e3o do flu\u00eddo em apenas 10 minutos. Atrav\u00e9s do m\u00e9todo de Teste de amostra, \u00e9 poss\u00edvel a an\u00e1lise de forma confi\u00e1vel atribuir um c\u00f3digo de limpeza de tr\u00eas d\u00edgitos a qualquer amostra, com base em compara\u00e7\u00f5es de microfilmes de amostras conhecidas. Estas amostras conhecidas, s\u00e3o os resultados das contagens de part\u00edculas alcan\u00e7adas por padr\u00f5es conforme estabelecido na ISO 4406-1999. O kit monitora a contamina\u00e7\u00e3o por part\u00edculas em todos os fluidos hidr\u00e1ulicos, produtos qu\u00edmicos, e fluidos de lubrifica\u00e7\u00e3o baseados em hidrocarbonetos.<\/p>\n","protected":false},"excerpt":{"rendered":"<p>Kit de an\u00e1lise de \u00f3leo que permite verifica\u00e7\u00e3o de contamina\u00e7\u00e3o do flu\u00eddo em apenas 10 minutos. Atrav\u00e9s do m\u00e9todo de Teste de amostra, \u00e9 poss\u00edvel a an\u00e1lise de forma confi\u00e1vel atribuir um c\u00f3digo de limpeza de tr\u00eas d\u00edgitos a qualquer amostra, com base em compara\u00e7\u00f5es de microfilmes de amostras conhecidas. Estas amostras conhecidas, s\u00e3o os [&hellip;]<\/p>\n","protected":false},"featured_media":10134,"comment_status":"open","ping_status":"closed","template":"","meta":{"_exactmetrics_skip_tracking":false,"_exactmetrics_sitenote_active":false,"_exactmetrics_sitenote_note":"","_exactmetrics_sitenote_category":0},"product_brand":[],"product_cat":[102],"product_tag":[],"class_list":{"0":"post-10133","1":"product","2":"type-product","3":"status-publish","4":"has-post-thumbnail","6":"product_cat-equipamentos-para-analise-e-medicoes","8":"first","9":"instock","10":"shipping-taxable","11":"product-type-simple"},"_links":{"self":[{"href":"https:\/\/totallubri.com.br\/index.php?rest_route=\/wp\/v2\/product\/10133","targetHints":{"allow":["GET"]}}],"collection":[{"href":"https:\/\/totallubri.com.br\/index.php?rest_route=\/wp\/v2\/product"}],"about":[{"href":"https:\/\/totallubri.com.br\/index.php?rest_route=\/wp\/v2\/types\/product"}],"replies":[{"embeddable":true,"href":"https:\/\/totallubri.com.br\/index.php?rest_route=%2Fwp%2Fv2%2Fcomments&post=10133"}],"wp:featuredmedia":[{"embeddable":true,"href":"https:\/\/totallubri.com.br\/index.php?rest_route=\/wp\/v2\/media\/10134"}],"wp:attachment":[{"href":"https:\/\/totallubri.com.br\/index.php?rest_route=%2Fwp%2Fv2%2Fmedia&parent=10133"}],"wp:term":[{"taxonomy":"product_brand","embeddable":true,"href":"https:\/\/totallubri.com.br\/index.php?rest_route=%2Fwp%2Fv2%2Fproduct_brand&post=10133"},{"taxonomy":"product_cat","embeddable":true,"href":"https:\/\/totallubri.com.br\/index.php?rest_route=%2Fwp%2Fv2%2Fproduct_cat&post=10133"},{"taxonomy":"product_tag","embeddable":true,"href":"https:\/\/totallubri.com.br\/index.php?rest_route=%2Fwp%2Fv2%2Fproduct_tag&post=10133"}],"curies":[{"name":"wp","href":"https:\/\/api.w.org\/{rel}","templated":true}]}}