{"id":10563,"date":"2024-05-17T11:09:15","date_gmt":"2024-05-17T14:09:15","guid":{"rendered":"https:\/\/totallubri.com.br\/?post_type=product&#038;p=10563"},"modified":"2024-08-12T13:41:34","modified_gmt":"2024-08-12T16:41:34","slug":"f2301-canhao-monitor-remoto-com-acessorios","status":"publish","type":"product","link":"https:\/\/totallubri.com.br\/?product=f2301-canhao-monitor-remoto-com-acessorios","title":{"rendered":"F2301 \u2013 CANH\u00c3O MONITOR REMOTO COM ACESSORIOS-LUPUS"},"content":{"rendered":"<p>Em alum\u00ednio e a\u00e7o inox com acionamento eletr\u00f4nico a dist\u00e2ncia atrav\u00e9s de joystick ou controle remoto a prova de choque. Com rota\u00e7\u00e3o de 360\u00b0 e inclina\u00e7\u00e3o de -55\u00b0 \u00e0 90\u00b0.<\/p>\n<p>&nbsp;<\/p>\n<p>Peso: 17 Kg<\/p>\n<p>Medidas: (A) 415 mm x (L) 340 mm x (C) 450 mm<\/p>\n","protected":false},"excerpt":{"rendered":"<p>Em alum\u00ednio e a\u00e7o inox com acionamento eletr\u00f4nico a dist\u00e2ncia atrav\u00e9s de joystick ou controle remoto a prova de choque. Com rota\u00e7\u00e3o de 360\u00b0 e inclina\u00e7\u00e3o de -55\u00b0 \u00e0 90\u00b0. &nbsp; Peso: 17 Kg Medidas: (A) 415 mm x (L) 340 mm x (C) 450 mm<\/p>\n","protected":false},"featured_media":10564,"comment_status":"open","ping_status":"closed","template":"","meta":{"_exactmetrics_skip_tracking":false,"_exactmetrics_sitenote_active":false,"_exactmetrics_sitenote_note":"","_exactmetrics_sitenote_category":0},"product_brand":[],"product_cat":[92],"product_tag":[],"class_list":{"0":"post-10563","1":"product","2":"type-product","3":"status-publish","4":"has-post-thumbnail","6":"product_cat-combate-a-incendio","8":"first","9":"instock","10":"shipping-taxable","11":"product-type-simple"},"_links":{"self":[{"href":"https:\/\/totallubri.com.br\/index.php?rest_route=\/wp\/v2\/product\/10563","targetHints":{"allow":["GET"]}}],"collection":[{"href":"https:\/\/totallubri.com.br\/index.php?rest_route=\/wp\/v2\/product"}],"about":[{"href":"https:\/\/totallubri.com.br\/index.php?rest_route=\/wp\/v2\/types\/product"}],"replies":[{"embeddable":true,"href":"https:\/\/totallubri.com.br\/index.php?rest_route=%2Fwp%2Fv2%2Fcomments&post=10563"}],"wp:featuredmedia":[{"embeddable":true,"href":"https:\/\/totallubri.com.br\/index.php?rest_route=\/wp\/v2\/media\/10564"}],"wp:attachment":[{"href":"https:\/\/totallubri.com.br\/index.php?rest_route=%2Fwp%2Fv2%2Fmedia&parent=10563"}],"wp:term":[{"taxonomy":"product_brand","embeddable":true,"href":"https:\/\/totallubri.com.br\/index.php?rest_route=%2Fwp%2Fv2%2Fproduct_brand&post=10563"},{"taxonomy":"product_cat","embeddable":true,"href":"https:\/\/totallubri.com.br\/index.php?rest_route=%2Fwp%2Fv2%2Fproduct_cat&post=10563"},{"taxonomy":"product_tag","embeddable":true,"href":"https:\/\/totallubri.com.br\/index.php?rest_route=%2Fwp%2Fv2%2Fproduct_tag&post=10563"}],"curies":[{"name":"wp","href":"https:\/\/api.w.org\/{rel}","templated":true}]}}