{"id":10582,"date":"2024-05-20T16:01:46","date_gmt":"2024-05-20T19:01:46","guid":{"rendered":"https:\/\/totallubri.com.br\/?post_type=product&#038;p=10582"},"modified":"2024-08-01T17:28:08","modified_gmt":"2024-08-01T20:28:08","slug":"f2403-carretel-manual-basculante","status":"publish","type":"product","link":"https:\/\/totallubri.com.br\/?product=f2403-carretel-manual-basculante","title":{"rendered":"F2403 \u2013 CARRETEL MANUAL BASCULANTE -LUPUS"},"content":{"rendered":"<p>Em a\u00e7o, com conex\u00e3o em a\u00e7o inoxid\u00e1vel, possui base de fixa\u00e7\u00e3o com girat\u00f3rio, assim facilitando seu manuseio e local de instala\u00e7\u00e3o. Montado com mangueira e esguicho.<\/p>\n<p>Peso: 21,5 kg<br \/>\nMedidas: (C) 550 mm x (L) 630 mm (A) 240 mm<\/p>\n","protected":false},"excerpt":{"rendered":"<p>Em a\u00e7o, com conex\u00e3o em a\u00e7o inoxid\u00e1vel, possui base de fixa\u00e7\u00e3o com girat\u00f3rio, assim facilitando seu manuseio e local de instala\u00e7\u00e3o. Montado com mangueira e esguicho. Peso: 21,5 kg Medidas: (C) 550 mm x (L) 630 mm (A) 240 mm<\/p>\n","protected":false},"featured_media":10583,"comment_status":"open","ping_status":"closed","template":"","meta":{"_exactmetrics_skip_tracking":false,"_exactmetrics_sitenote_active":false,"_exactmetrics_sitenote_note":"","_exactmetrics_sitenote_category":0},"product_brand":[],"product_cat":[92],"product_tag":[],"class_list":{"0":"post-10582","1":"product","2":"type-product","3":"status-publish","4":"has-post-thumbnail","6":"product_cat-combate-a-incendio","8":"first","9":"instock","10":"shipping-taxable","11":"product-type-simple"},"_links":{"self":[{"href":"https:\/\/totallubri.com.br\/index.php?rest_route=\/wp\/v2\/product\/10582","targetHints":{"allow":["GET"]}}],"collection":[{"href":"https:\/\/totallubri.com.br\/index.php?rest_route=\/wp\/v2\/product"}],"about":[{"href":"https:\/\/totallubri.com.br\/index.php?rest_route=\/wp\/v2\/types\/product"}],"replies":[{"embeddable":true,"href":"https:\/\/totallubri.com.br\/index.php?rest_route=%2Fwp%2Fv2%2Fcomments&post=10582"}],"wp:featuredmedia":[{"embeddable":true,"href":"https:\/\/totallubri.com.br\/index.php?rest_route=\/wp\/v2\/media\/10583"}],"wp:attachment":[{"href":"https:\/\/totallubri.com.br\/index.php?rest_route=%2Fwp%2Fv2%2Fmedia&parent=10582"}],"wp:term":[{"taxonomy":"product_brand","embeddable":true,"href":"https:\/\/totallubri.com.br\/index.php?rest_route=%2Fwp%2Fv2%2Fproduct_brand&post=10582"},{"taxonomy":"product_cat","embeddable":true,"href":"https:\/\/totallubri.com.br\/index.php?rest_route=%2Fwp%2Fv2%2Fproduct_cat&post=10582"},{"taxonomy":"product_tag","embeddable":true,"href":"https:\/\/totallubri.com.br\/index.php?rest_route=%2Fwp%2Fv2%2Fproduct_tag&post=10582"}],"curies":[{"name":"wp","href":"https:\/\/api.w.org\/{rel}","templated":true}]}}