{"id":10592,"date":"2024-05-20T16:13:46","date_gmt":"2024-05-20T19:13:46","guid":{"rendered":"https:\/\/totallubri.com.br\/?post_type=product&#038;p=10592"},"modified":"2024-08-12T14:47:04","modified_gmt":"2024-08-12T17:47:04","slug":"f2120-espargidor","status":"publish","type":"product","link":"https:\/\/totallubri.com.br\/?product=f2120-espargidor","title":{"rendered":"F2120 \u2013 ESPARGIDOR-LUPUS"},"content":{"rendered":"<p>Em alum\u00ednio fundido, abertura precisa para garantir um leque est\u00e1vel e constante. Possui contra porca para um melhor posicionamento na fixa\u00e7\u00e3o.<\/p>\n<p>&nbsp;<\/p>\n<p>Peso: 0,5 Kg<\/p>\n<p>Medidas: (C) 147,5 mm x (L) 158 mm x (A) 84 mm<\/p>\n","protected":false},"excerpt":{"rendered":"<p>Em alum\u00ednio fundido, abertura precisa para garantir um leque est\u00e1vel e constante. Possui contra porca para um melhor posicionamento na fixa\u00e7\u00e3o. &nbsp; Peso: 0,5 Kg Medidas: (C) 147,5 mm x (L) 158 mm x (A) 84 mm<\/p>\n","protected":false},"featured_media":10593,"comment_status":"open","ping_status":"closed","template":"","meta":{"_exactmetrics_skip_tracking":false,"_exactmetrics_sitenote_active":false,"_exactmetrics_sitenote_note":"","_exactmetrics_sitenote_category":0},"product_brand":[],"product_cat":[92],"product_tag":[],"class_list":{"0":"post-10592","1":"product","2":"type-product","3":"status-publish","4":"has-post-thumbnail","6":"product_cat-combate-a-incendio","8":"first","9":"instock","10":"shipping-taxable","11":"product-type-simple"},"_links":{"self":[{"href":"https:\/\/totallubri.com.br\/index.php?rest_route=\/wp\/v2\/product\/10592","targetHints":{"allow":["GET"]}}],"collection":[{"href":"https:\/\/totallubri.com.br\/index.php?rest_route=\/wp\/v2\/product"}],"about":[{"href":"https:\/\/totallubri.com.br\/index.php?rest_route=\/wp\/v2\/types\/product"}],"replies":[{"embeddable":true,"href":"https:\/\/totallubri.com.br\/index.php?rest_route=%2Fwp%2Fv2%2Fcomments&post=10592"}],"wp:featuredmedia":[{"embeddable":true,"href":"https:\/\/totallubri.com.br\/index.php?rest_route=\/wp\/v2\/media\/10593"}],"wp:attachment":[{"href":"https:\/\/totallubri.com.br\/index.php?rest_route=%2Fwp%2Fv2%2Fmedia&parent=10592"}],"wp:term":[{"taxonomy":"product_brand","embeddable":true,"href":"https:\/\/totallubri.com.br\/index.php?rest_route=%2Fwp%2Fv2%2Fproduct_brand&post=10592"},{"taxonomy":"product_cat","embeddable":true,"href":"https:\/\/totallubri.com.br\/index.php?rest_route=%2Fwp%2Fv2%2Fproduct_cat&post=10592"},{"taxonomy":"product_tag","embeddable":true,"href":"https:\/\/totallubri.com.br\/index.php?rest_route=%2Fwp%2Fv2%2Fproduct_tag&post=10592"}],"curies":[{"name":"wp","href":"https:\/\/api.w.org\/{rel}","templated":true}]}}