{"id":10600,"date":"2024-05-20T16:23:55","date_gmt":"2024-05-20T19:23:55","guid":{"rendered":"https:\/\/totallubri.com.br\/?post_type=product&#038;p=10600"},"modified":"2024-05-20T16:23:55","modified_gmt":"2024-05-20T19:23:55","slug":"f2136-adaptador-tipo-storz","status":"publish","type":"product","link":"https:\/\/totallubri.com.br\/?product=f2136-adaptador-tipo-storz","title":{"rendered":"F2136 &#8211; ADAPTADOR TIPO STORZ"},"content":{"rendered":"<p>Em Lat\u00e3o, conex\u00e3o tipo STORZ e rosca macho. Para sistemas de combate a inc\u00eandio.<\/p>\n<p>&nbsp;<\/p>\n<p>Peso: 0,7 kg<br \/>\nMedidas: (\u00d8) 119 mm x (A) 49 mm<\/p>\n","protected":false},"excerpt":{"rendered":"<p>Em Lat\u00e3o, conex\u00e3o tipo STORZ e rosca macho. Para sistemas de combate a inc\u00eandio. &nbsp; Peso: 0,7 kg Medidas: (\u00d8) 119 mm x (A) 49 mm<\/p>\n","protected":false},"featured_media":10596,"comment_status":"open","ping_status":"closed","template":"","meta":{"_exactmetrics_skip_tracking":false,"_exactmetrics_sitenote_active":false,"_exactmetrics_sitenote_note":"","_exactmetrics_sitenote_category":0},"product_brand":[],"product_cat":[92],"product_tag":[],"class_list":{"0":"post-10600","1":"product","2":"type-product","3":"status-publish","4":"has-post-thumbnail","6":"product_cat-combate-a-incendio","8":"first","9":"instock","10":"shipping-taxable","11":"product-type-simple"},"_links":{"self":[{"href":"https:\/\/totallubri.com.br\/index.php?rest_route=\/wp\/v2\/product\/10600","targetHints":{"allow":["GET"]}}],"collection":[{"href":"https:\/\/totallubri.com.br\/index.php?rest_route=\/wp\/v2\/product"}],"about":[{"href":"https:\/\/totallubri.com.br\/index.php?rest_route=\/wp\/v2\/types\/product"}],"replies":[{"embeddable":true,"href":"https:\/\/totallubri.com.br\/index.php?rest_route=%2Fwp%2Fv2%2Fcomments&post=10600"}],"wp:featuredmedia":[{"embeddable":true,"href":"https:\/\/totallubri.com.br\/index.php?rest_route=\/wp\/v2\/media\/10596"}],"wp:attachment":[{"href":"https:\/\/totallubri.com.br\/index.php?rest_route=%2Fwp%2Fv2%2Fmedia&parent=10600"}],"wp:term":[{"taxonomy":"product_brand","embeddable":true,"href":"https:\/\/totallubri.com.br\/index.php?rest_route=%2Fwp%2Fv2%2Fproduct_brand&post=10600"},{"taxonomy":"product_cat","embeddable":true,"href":"https:\/\/totallubri.com.br\/index.php?rest_route=%2Fwp%2Fv2%2Fproduct_cat&post=10600"},{"taxonomy":"product_tag","embeddable":true,"href":"https:\/\/totallubri.com.br\/index.php?rest_route=%2Fwp%2Fv2%2Fproduct_tag&post=10600"}],"curies":[{"name":"wp","href":"https:\/\/api.w.org\/{rel}","templated":true}]}}