{"id":10609,"date":"2024-06-11T15:19:44","date_gmt":"2024-06-11T18:19:44","guid":{"rendered":"https:\/\/totallubri.com.br\/?post_type=product&#038;p=10609"},"modified":"2024-12-15T14:16:20","modified_gmt":"2024-12-15T17:16:20","slug":"acoplador-hidraulico-com-engate-rapido-para-graxa-300-er","status":"publish","type":"product","link":"https:\/\/totallubri.com.br\/?product=acoplador-hidraulico-com-engate-rapido-para-graxa-300-er","title":{"rendered":"Acoplador hidr\u00e1ulico com engate r\u00e1pido para graxa 300-ER-LUPUS"},"content":{"rendered":"<ul>\n<li>Material: A\u00e7o, pol\u00edmeros e outros<\/li>\n<li>Acabamento: Zincado branco (Proporciona boa resist\u00eancia \u00e0 corros\u00e3o e oxida\u00e7\u00e3o);<\/li>\n<li>Comprimento bico: 32mm<\/li>\n<li>Peso L\u00edquido: 0,110 kg<\/li>\n<li>Dimens\u00f5es (CxLxA): 60x15x89 mm<\/li>\n<\/ul>\n","protected":false},"excerpt":{"rendered":"<p>Material: A\u00e7o, pol\u00edmeros e outros Acabamento: Zincado branco (Proporciona boa resist\u00eancia \u00e0 corros\u00e3o e oxida\u00e7\u00e3o); Comprimento bico: 32mm Peso L\u00edquido: 0,110 kg Dimens\u00f5es (CxLxA): 60x15x89 mm<\/p>\n","protected":false},"featured_media":10610,"comment_status":"open","ping_status":"closed","template":"","meta":{"_exactmetrics_skip_tracking":false,"_exactmetrics_sitenote_active":false,"_exactmetrics_sitenote_note":"","_exactmetrics_sitenote_category":0},"product_brand":[],"product_cat":[56],"product_tag":[],"class_list":{"0":"post-10609","1":"product","2":"type-product","3":"status-publish","4":"has-post-thumbnail","6":"product_cat-graxa","8":"first","9":"instock","10":"shipping-taxable","11":"product-type-simple"},"_links":{"self":[{"href":"https:\/\/totallubri.com.br\/index.php?rest_route=\/wp\/v2\/product\/10609","targetHints":{"allow":["GET"]}}],"collection":[{"href":"https:\/\/totallubri.com.br\/index.php?rest_route=\/wp\/v2\/product"}],"about":[{"href":"https:\/\/totallubri.com.br\/index.php?rest_route=\/wp\/v2\/types\/product"}],"replies":[{"embeddable":true,"href":"https:\/\/totallubri.com.br\/index.php?rest_route=%2Fwp%2Fv2%2Fcomments&post=10609"}],"wp:featuredmedia":[{"embeddable":true,"href":"https:\/\/totallubri.com.br\/index.php?rest_route=\/wp\/v2\/media\/10610"}],"wp:attachment":[{"href":"https:\/\/totallubri.com.br\/index.php?rest_route=%2Fwp%2Fv2%2Fmedia&parent=10609"}],"wp:term":[{"taxonomy":"product_brand","embeddable":true,"href":"https:\/\/totallubri.com.br\/index.php?rest_route=%2Fwp%2Fv2%2Fproduct_brand&post=10609"},{"taxonomy":"product_cat","embeddable":true,"href":"https:\/\/totallubri.com.br\/index.php?rest_route=%2Fwp%2Fv2%2Fproduct_cat&post=10609"},{"taxonomy":"product_tag","embeddable":true,"href":"https:\/\/totallubri.com.br\/index.php?rest_route=%2Fwp%2Fv2%2Fproduct_tag&post=10609"}],"curies":[{"name":"wp","href":"https:\/\/api.w.org\/{rel}","templated":true}]}}