{"id":14988,"date":"2025-03-05T15:35:51","date_gmt":"2025-03-05T18:35:51","guid":{"rendered":"https:\/\/totallubri.com.br\/?post_type=product&#038;p=14988"},"modified":"2025-03-05T17:04:59","modified_gmt":"2025-03-05T20:04:59","slug":"9000-sg7eco-propulsora-pneumatica-para-graxa-lupus","status":"publish","type":"product","link":"https:\/\/totallubri.com.br\/?product=9000-sg7eco-propulsora-pneumatica-para-graxa-lupus","title":{"rendered":"9000-SG7ECO \u2013 Propulsora pneum\u00e1tica para graxa \u2013 LUPUS"},"content":{"rendered":"<p>Descri\u00e7\u00e3o<\/p>\n<p>Em alum\u00ednio, adequada para fornecimento de graxa at\u00e9 NLGI 2 em alta press\u00e3o para reservat\u00f3rios de 200kg.<\/p>\n<p>Peso: 6 kg<br \/>\nMedidas: (A) 1200 mm x (L) 120 mm x (C) 100 mm<\/p>\n<p><strong>+ DETALHES SOBRE ESTE PRODUTO<\/strong><\/p>\n<h2>Informa\u00e7\u00e3o adicional<\/h2>\n<table class=\"woocommerce-product-attributes shop_attributes\">\n<tbody>\n<tr class=\"woocommerce-product-attributes-item woocommerce-product-attributes-item--attribute_pa_vazao-livre\">\n<th class=\"woocommerce-product-attributes-item__label\">Vaz\u00e3o livre<\/th>\n<td class=\"woocommerce-product-attributes-item__value\">1200 g\/min<\/td>\n<\/tr>\n<tr class=\"woocommerce-product-attributes-item woocommerce-product-attributes-item--attribute_pa_rateio\">\n<th class=\"woocommerce-product-attributes-item__label\">Rateio<\/th>\n<td class=\"woocommerce-product-attributes-item__value\">50:1<\/td>\n<\/tr>\n<tr class=\"woocommerce-product-attributes-item woocommerce-product-attributes-item--attribute_pa_conexao-de-entrada-ar\">\n<th class=\"woocommerce-product-attributes-item__label\">Conex\u00e3o de entrada de ar<\/th>\n<td class=\"woocommerce-product-attributes-item__value\">1\/4\u201d BSP (F)<\/td>\n<\/tr>\n<tr class=\"woocommerce-product-attributes-item woocommerce-product-attributes-item--attribute_pa_conexao-de-saida\">\n<th class=\"woocommerce-product-attributes-item__label\">Conex\u00e3o de sa\u00edda<\/th>\n<td class=\"woocommerce-product-attributes-item__value\">1\/4\u201d BSP (M)<\/td>\n<\/tr>\n<tr class=\"woocommerce-product-attributes-item woocommerce-product-attributes-item--attribute_pa_pressao-de-trabalho\">\n<th class=\"woocommerce-product-attributes-item__label\">Press\u00e3o de trabalho<\/th>\n<td class=\"woocommerce-product-attributes-item__value\">36 \u00e1 115 psi<\/td>\n<\/tr>\n<tr class=\"woocommerce-product-attributes-item woocommerce-product-attributes-item--attribute_pa_consumo-de-ar\">\n<th class=\"woocommerce-product-attributes-item__label\">Consumo de ar<\/th>\n<td class=\"woocommerce-product-attributes-item__value\">4,24 ft\u00b3\/min<\/td>\n<\/tr>\n<tr class=\"woocommerce-product-attributes-item woocommerce-product-attributes-item--attribute_pa_pressao-da-saida\">\n<th class=\"woocommerce-product-attributes-item__label\">Press\u00e3o da sa\u00edda<\/th>\n<td class=\"woocommerce-product-attributes-item__value\">1800 \u00e1 5750 psi<\/td>\n<\/tr>\n<tr class=\"woocommerce-product-attributes-item woocommerce-product-attributes-item--attribute_pa_nivel-de-ruido\">\n<th class=\"woocommerce-product-attributes-item__label\">N\u00edvel do ru\u00eddo<\/th>\n<td class=\"woocommerce-product-attributes-item__value\">76 db<\/td>\n<\/tr>\n<tr class=\"woocommerce-product-attributes-item woocommerce-product-attributes-item--attribute_pa_adaptavel\">\n<th class=\"woocommerce-product-attributes-item__label\">Adapt\u00e1vel<\/th>\n<td class=\"woocommerce-product-attributes-item__value\">tambor de 200 Kg<\/td>\n<\/tr>\n<tr class=\"woocommerce-product-attributes-item woocommerce-product-attributes-item--attribute_pa_tubo-de-succao\">\n<th class=\"woocommerce-product-attributes-item__label\">Tubo de suc\u00e7\u00e3o<\/th>\n<td class=\"woocommerce-product-attributes-item__value\">\u00d8 30,00 mm \/ 940 mm<\/td>\n<\/tr>\n<\/tbody>\n<\/table>\n","protected":false},"excerpt":{"rendered":"<p>Descri\u00e7\u00e3o Em alum\u00ednio, adequada para fornecimento de graxa at\u00e9 NLGI 2 em alta press\u00e3o para reservat\u00f3rios de 200kg. Peso: 6 kg Medidas: (A) 1200 mm x (L) 120 mm x (C) 100 mm + DETALHES SOBRE ESTE PRODUTO Informa\u00e7\u00e3o adicional Vaz\u00e3o livre 1200 g\/min Rateio 50:1 Conex\u00e3o de entrada de ar 1\/4\u201d BSP (F) Conex\u00e3o [&hellip;]<\/p>\n","protected":false},"featured_media":14989,"comment_status":"open","ping_status":"closed","template":"","meta":{"_exactmetrics_skip_tracking":false,"_exactmetrics_sitenote_active":false,"_exactmetrics_sitenote_note":"","_exactmetrics_sitenote_category":0},"product_brand":[],"product_cat":[111],"product_tag":[],"class_list":{"0":"post-14988","1":"product","2":"type-product","3":"status-publish","4":"has-post-thumbnail","6":"product_cat-propulsora-pneumatica-para-graxa","8":"first","9":"instock","10":"featured","11":"shipping-taxable","12":"product-type-simple"},"_links":{"self":[{"href":"https:\/\/totallubri.com.br\/index.php?rest_route=\/wp\/v2\/product\/14988","targetHints":{"allow":["GET"]}}],"collection":[{"href":"https:\/\/totallubri.com.br\/index.php?rest_route=\/wp\/v2\/product"}],"about":[{"href":"https:\/\/totallubri.com.br\/index.php?rest_route=\/wp\/v2\/types\/product"}],"replies":[{"embeddable":true,"href":"https:\/\/totallubri.com.br\/index.php?rest_route=%2Fwp%2Fv2%2Fcomments&post=14988"}],"wp:featuredmedia":[{"embeddable":true,"href":"https:\/\/totallubri.com.br\/index.php?rest_route=\/wp\/v2\/media\/14989"}],"wp:attachment":[{"href":"https:\/\/totallubri.com.br\/index.php?rest_route=%2Fwp%2Fv2%2Fmedia&parent=14988"}],"wp:term":[{"taxonomy":"product_brand","embeddable":true,"href":"https:\/\/totallubri.com.br\/index.php?rest_route=%2Fwp%2Fv2%2Fproduct_brand&post=14988"},{"taxonomy":"product_cat","embeddable":true,"href":"https:\/\/totallubri.com.br\/index.php?rest_route=%2Fwp%2Fv2%2Fproduct_cat&post=14988"},{"taxonomy":"product_tag","embeddable":true,"href":"https:\/\/totallubri.com.br\/index.php?rest_route=%2Fwp%2Fv2%2Fproduct_tag&post=14988"}],"curies":[{"name":"wp","href":"https:\/\/api.w.org\/{rel}","templated":true}]}}