{"id":15007,"date":"2025-03-07T10:55:49","date_gmt":"2025-03-07T13:55:49","guid":{"rendered":"https:\/\/totallubri.com.br\/?post_type=product&#038;p=15007"},"modified":"2025-03-28T11:49:41","modified_gmt":"2025-03-28T14:49:41","slug":"conjunto-rosqueaveis-engate-pino-hidraulicos-rosca-femea-1-4","status":"publish","type":"product","link":"https:\/\/totallubri.com.br\/?product=conjunto-rosqueaveis-engate-pino-hidraulicos-rosca-femea-1-4","title":{"rendered":"CONJUNTO ROSQUE\u00c1VEIS ENGATE\/PINO HIDR\u00c1ULICOS ROSCA F\u00caMEA 1\/4-LUBEFER"},"content":{"rendered":"<div class=\"woocommerce-product-gallery woocommerce-product-gallery--with-images woocommerce-product-gallery--columns-4 images\" data-columns=\"4\">\n<figure class=\"woocommerce-product-gallery__wrapper\">CONJUNTO ROSQUE\u00c1VEIS ENGATE E PINO HIDR\u00c1ULICOS ROSCA F\u00caMEA DE 1\/4<\/figure>\n<table width=\"823\">\n<tbody>\n<tr>\n<td width=\"87\">CODIGO<\/td>\n<td width=\"522\">DESCRICAO<\/td>\n<td width=\"94\">PESO<\/td>\n<td width=\"120\">DIMENSOES<\/td>\n<\/tr>\n<tr>\n<td>LUB-2000-MP<\/td>\n<td>CONJUNTO ROSQUEAVEL PINO HIDRAULICO ROSCA FEMEA + ENGATE 1\/4<\/td>\n<td>0,225KG<\/td>\n<td>24X11X5CM<\/td>\n<\/tr>\n<tr>\n<td>LUB-2050P<\/td>\n<td>CONJUNTO ROSQUE\u00c1VEIS ENGATE E PINO HIDR\u00c1ULICOS ROSCA F\u00caMEA DE 1\/2<\/td>\n<td>0,61KG<\/td>\n<td>24X11X5CM<\/td>\n<\/tr>\n<tr>\n<td>LUB-2070-HP<\/td>\n<td>CONJUNTO ROSQUE\u00c1VEIS ENGATE E PINO HIDR\u00c1ULICOS ROSCA F\u00caMEA DE 1\u2033<\/td>\n<td>2.5KG<\/td>\n<td>20X14X15CM<\/td>\n<\/tr>\n<\/tbody>\n<\/table>\n<\/div>\n<div class=\"woocommerce-product-gallery woocommerce-product-gallery--with-images woocommerce-product-gallery--columns-4 images\" data-columns=\"4\">\u00a0 \u00a0 \u00a0 \u00a0 \u00a0+ DETALHES SOBRE ESTE PRODUTO:<\/div>\n<div data-columns=\"4\">\n<table class=\"woocommerce-product-attributes shop_attributes\" aria-label=\"Detalhes do produto\">\n<tbody>\n<tr class=\"woocommerce-product-attributes-item woocommerce-product-attributes-item--weight\">\n<th class=\"woocommerce-product-attributes-item__label\" scope=\"row\">Peso<\/th>\n<td class=\"woocommerce-product-attributes-item__value\">0.225 kg<\/td>\n<\/tr>\n<tr class=\"woocommerce-product-attributes-item woocommerce-product-attributes-item--dimensions\">\n<th class=\"woocommerce-product-attributes-item__label\" scope=\"row\">Dimens\u00f5es<\/th>\n<td class=\"woocommerce-product-attributes-item__value\">24 \u00d7 11 \u00d7 5 cm<\/td>\n<\/tr>\n<\/tbody>\n<\/table>\n<table width=\"361\">\n<tbody>\n<tr>\n<td width=\"361\">Solicitar foto dos demais produtos e cota\u00e7\u00e3o aos vendedores<\/td>\n<\/tr>\n<\/tbody>\n<\/table>\n<\/div>\n","protected":false},"excerpt":{"rendered":"<p>CONJUNTO ROSQUE\u00c1VEIS ENGATE E PINO HIDR\u00c1ULICOS ROSCA F\u00caMEA DE 1\/4 CODIGO DESCRICAO PESO DIMENSOES LUB-2000-MP CONJUNTO ROSQUEAVEL PINO HIDRAULICO ROSCA FEMEA + ENGATE 1\/4 0,225KG 24X11X5CM LUB-2050P CONJUNTO ROSQUE\u00c1VEIS ENGATE E PINO HIDR\u00c1ULICOS ROSCA F\u00caMEA DE 1\/2 0,61KG 24X11X5CM LUB-2070-HP CONJUNTO ROSQUE\u00c1VEIS ENGATE E PINO HIDR\u00c1ULICOS ROSCA F\u00caMEA DE 1\u2033 2.5KG 20X14X15CM \u00a0 \u00a0 \u00a0 [&hellip;]<\/p>\n","protected":false},"featured_media":15008,"comment_status":"open","ping_status":"closed","template":"","meta":{"_exactmetrics_skip_tracking":false,"_exactmetrics_sitenote_active":false,"_exactmetrics_sitenote_note":"","_exactmetrics_sitenote_category":0},"product_brand":[],"product_cat":[131],"product_tag":[],"class_list":{"0":"post-15007","1":"product","2":"type-product","3":"status-publish","4":"has-post-thumbnail","6":"product_cat-equipamentos-e-acessorios-para-pneumaticos","8":"first","9":"instock","10":"shipping-taxable","11":"product-type-simple"},"_links":{"self":[{"href":"https:\/\/totallubri.com.br\/index.php?rest_route=\/wp\/v2\/product\/15007","targetHints":{"allow":["GET"]}}],"collection":[{"href":"https:\/\/totallubri.com.br\/index.php?rest_route=\/wp\/v2\/product"}],"about":[{"href":"https:\/\/totallubri.com.br\/index.php?rest_route=\/wp\/v2\/types\/product"}],"replies":[{"embeddable":true,"href":"https:\/\/totallubri.com.br\/index.php?rest_route=%2Fwp%2Fv2%2Fcomments&post=15007"}],"wp:featuredmedia":[{"embeddable":true,"href":"https:\/\/totallubri.com.br\/index.php?rest_route=\/wp\/v2\/media\/15008"}],"wp:attachment":[{"href":"https:\/\/totallubri.com.br\/index.php?rest_route=%2Fwp%2Fv2%2Fmedia&parent=15007"}],"wp:term":[{"taxonomy":"product_brand","embeddable":true,"href":"https:\/\/totallubri.com.br\/index.php?rest_route=%2Fwp%2Fv2%2Fproduct_brand&post=15007"},{"taxonomy":"product_cat","embeddable":true,"href":"https:\/\/totallubri.com.br\/index.php?rest_route=%2Fwp%2Fv2%2Fproduct_cat&post=15007"},{"taxonomy":"product_tag","embeddable":true,"href":"https:\/\/totallubri.com.br\/index.php?rest_route=%2Fwp%2Fv2%2Fproduct_tag&post=15007"}],"curies":[{"name":"wp","href":"https:\/\/api.w.org\/{rel}","templated":true}]}}