{"id":15108,"date":"2025-03-12T09:22:59","date_gmt":"2025-03-12T12:22:59","guid":{"rendered":"https:\/\/totallubri.com.br\/?post_type=product&#038;p=15108"},"modified":"2025-03-31T14:26:13","modified_gmt":"2025-03-31T17:26:13","slug":"pingadeira-de-oleo-sem-funis-vermelha","status":"publish","type":"product","link":"https:\/\/totallubri.com.br\/?product=pingadeira-de-oleo-sem-funis-vermelha","title":{"rendered":"PINGADEIRA DE OLEO SEM FUNIS VERMELHA-LUBEFER"},"content":{"rendered":"<p>PINGADEIRA DE OLEO SEM FUNIS VERMELHA<\/p>\n<table width=\"361\">\n<tbody>\n<tr>\n<td width=\"361\">Solicitar foto dos demais produtos e cota\u00e7\u00e3o aos vendedores<\/td>\n<\/tr>\n<\/tbody>\n<\/table>\n<table width=\"744\">\n<tbody>\n<tr>\n<td width=\"87\">CODIGO<\/td>\n<td width=\"657\">DESCRI\u00c7\u00c3O<\/td>\n<\/tr>\n<tr>\n<td>LUB-PING<\/td>\n<td>PINGADEIRA DE OLEO DE 25 LTS COM OU SEM FUNIS &#8211; TOT-LUB<\/td>\n<\/tr>\n<\/tbody>\n<\/table>\n<table width=\"361\">\n<tbody>\n<tr>\n<td width=\"361\">+ DETALHES SOBRE ESTE PRODUTO:<\/td>\n<\/tr>\n<\/tbody>\n<\/table>\n<table class=\"woocommerce-product-attributes shop_attributes\" aria-label=\"Detalhes do produto\">\n<tbody>\n<tr class=\"woocommerce-product-attributes-item woocommerce-product-attributes-item--weight\">\n<th class=\"woocommerce-product-attributes-item__label\" scope=\"row\">Peso<\/th>\n<td class=\"woocommerce-product-attributes-item__value\">7 kg<\/td>\n<\/tr>\n<tr class=\"woocommerce-product-attributes-item woocommerce-product-attributes-item--dimensions\">\n<th class=\"woocommerce-product-attributes-item__label\" scope=\"row\">Dimens\u00f5es<\/th>\n<td class=\"woocommerce-product-attributes-item__value\">41 \u00d7 41 \u00d7 89 cm<\/td>\n<\/tr>\n<tr class=\"woocommerce-product-attributes-item woocommerce-product-attributes-item--attribute_pa_categorias\">\n<th class=\"woocommerce-product-attributes-item__label\" scope=\"row\">Categorias<\/th>\n<td class=\"woocommerce-product-attributes-item__value\"><a href=\"https:\/\/www.lubefercomercial.com.br\/categorias\/acessorios-para-troca-de-oleo\/\" rel=\"tag\">Acess\u00f3rios para troca de \u00f3leo<\/a><\/td>\n<\/tr>\n<\/tbody>\n<\/table>\n","protected":false},"excerpt":{"rendered":"<p>PINGADEIRA DE OLEO SEM FUNIS VERMELHA Solicitar foto dos demais produtos e cota\u00e7\u00e3o aos vendedores CODIGO DESCRI\u00c7\u00c3O LUB-PING PINGADEIRA DE OLEO DE 25 LTS COM OU SEM FUNIS &#8211; TOT-LUB + DETALHES SOBRE ESTE PRODUTO: Peso 7 kg Dimens\u00f5es 41 \u00d7 41 \u00d7 89 cm Categorias Acess\u00f3rios para troca de \u00f3leo<\/p>\n","protected":false},"featured_media":15109,"comment_status":"open","ping_status":"closed","template":"","meta":{"_exactmetrics_skip_tracking":false,"_exactmetrics_sitenote_active":false,"_exactmetrics_sitenote_note":"","_exactmetrics_sitenote_category":0},"product_brand":[],"product_cat":[107],"product_tag":[],"class_list":{"0":"post-15108","1":"product","2":"type-product","3":"status-publish","4":"has-post-thumbnail","6":"product_cat-equipamentos-para-troca-de-oleo","8":"first","9":"instock","10":"shipping-taxable","11":"product-type-simple"},"_links":{"self":[{"href":"https:\/\/totallubri.com.br\/index.php?rest_route=\/wp\/v2\/product\/15108","targetHints":{"allow":["GET"]}}],"collection":[{"href":"https:\/\/totallubri.com.br\/index.php?rest_route=\/wp\/v2\/product"}],"about":[{"href":"https:\/\/totallubri.com.br\/index.php?rest_route=\/wp\/v2\/types\/product"}],"replies":[{"embeddable":true,"href":"https:\/\/totallubri.com.br\/index.php?rest_route=%2Fwp%2Fv2%2Fcomments&post=15108"}],"wp:featuredmedia":[{"embeddable":true,"href":"https:\/\/totallubri.com.br\/index.php?rest_route=\/wp\/v2\/media\/15109"}],"wp:attachment":[{"href":"https:\/\/totallubri.com.br\/index.php?rest_route=%2Fwp%2Fv2%2Fmedia&parent=15108"}],"wp:term":[{"taxonomy":"product_brand","embeddable":true,"href":"https:\/\/totallubri.com.br\/index.php?rest_route=%2Fwp%2Fv2%2Fproduct_brand&post=15108"},{"taxonomy":"product_cat","embeddable":true,"href":"https:\/\/totallubri.com.br\/index.php?rest_route=%2Fwp%2Fv2%2Fproduct_cat&post=15108"},{"taxonomy":"product_tag","embeddable":true,"href":"https:\/\/totallubri.com.br\/index.php?rest_route=%2Fwp%2Fv2%2Fproduct_tag&post=15108"}],"curies":[{"name":"wp","href":"https:\/\/api.w.org\/{rel}","templated":true}]}}