{"id":15140,"date":"2025-03-12T11:57:49","date_gmt":"2025-03-12T14:57:49","guid":{"rendered":"https:\/\/totallubri.com.br\/?post_type=product&#038;p=15140"},"modified":"2025-03-28T13:23:55","modified_gmt":"2025-03-28T16:23:55","slug":"container-de-lixo-700-litros","status":"publish","type":"product","link":"https:\/\/totallubri.com.br\/?product=container-de-lixo-700-litros","title":{"rendered":"Container de Lixo 700 Litros -TOT-LUB"},"content":{"rendered":"<p><strong>Container de Lixo de 700 Litros &#8211; Com e Sem Pedal.<\/strong><\/p>\n<p>O\u00a0<strong>Container de Lixo 700 Litros<\/strong>\u00a0\u00e9 fabricado em Polietileno de M\u00e9dia ou Alta Densidade (PEMD ou PEAD), garantindo aos nossos clientes os requisitos de seguran\u00e7a e confiabilidade em raz\u00e3o do material de alta qualidade, resist\u00eancia e durabilidade. Possui ainda munh\u00e3o para basculamento lateral em caminh\u00f5es de coleta lixo mecanizada e dreno com tampa rosque\u00e1vel para escoamento de l\u00edquidos.<\/p>\n<p>Encontram-se em diversas cores de acordo com cada tipo de material descartado como: res\u00edduos pl\u00e1sticos, pap\u00e9is, vidros, metais, radioativos, org\u00e2nicos, n\u00e3o recicl\u00e1veis, etc.<\/p>\n<p><strong>Cores dispon\u00edveis:\u00a0<\/strong>verde, azul, vermelho, amarelo, cinza, laranja, preta, branca e marrom.<\/p>\n<p><strong>Obs: Encontra-se em outros tamanhos de 500 e 1000 lts.<\/strong><\/p>\n<p><strong>Solicitar Or\u00e7amento com nossos vendedores:<\/strong><\/p>\n<p><strong>ESPECIFICA\u00c7\u00d5ES<\/strong><\/p>\n<p>Container de Pl\u00e1stico 700L &#8211; Rodas 200mm + Dreno<\/p>\n<p><strong>LARGURA:<\/strong>\u00a0780mm<\/p>\n<p><strong>ALTURA:<\/strong>\u00a01220mm<\/p>\n<p><strong>COMPRIMENTO:<\/strong>\u00a01360mm<\/p>\n<p><strong>PESO:\u00a0<\/strong>41,5Kg<\/p>\n<p><strong>MATERIAL:<\/strong>\u00a0PEMD (Polietileno de M\u00e9dia Densidade) ou PEAD (Polietileno de Alta Densidade)<\/p>\n<p><strong>CORES:<\/strong>\u00a0Verde, Amarelo, Cinza, Marrom, Vermelho, Laranja, preta, Branca, Azul,<\/p>\n<p><strong>CAPACIDADE:<\/strong>\u00a0700L<\/p>\n<p><strong>DADOS T\u00c9CNICOS<\/strong><\/p>\n<p><strong>Container de Pl\u00e1stico 700L<\/strong><\/p>\n<p>MATERIAL: PEMD (Polietileno de M\u00e9dia Densidade) ou PEAD (Polietileno de Alta Densidade)<\/p>\n<p>PEAD Polietileno De Alta Densidade Plastico Atoxico Aditivo extra antioxidante, Prote\u00e7\u00e3o Uv Aditivo prote\u00e7\u00e3o contra raios ultravioleta para n\u00edveis de prote\u00e7\u00e3o classe 8\u2013UV8, da American Society for Testing and Materials (ASTM)<\/p>\n<p>Certifica\u00e7\u00f5es e Normas<\/p>\n<p>UNE EN840, ABNT, NBR 15911-3<\/p>\n<p><strong>RODIZIOS<\/strong><\/p>\n<p>2 Rodizios Girat\u00f3rios Com Freios,<\/p>\n<p>2 Rodizios Girat\u00f3rios Livres,<\/p>\n<p>Roda BIN Borracha,<\/p>\n<p>200mm ou 8\u00a0Polegadas<\/p>\n<p>&nbsp;<\/p>\n","protected":false},"excerpt":{"rendered":"<p>Container de Lixo de 700 Litros &#8211; Com e Sem Pedal. O\u00a0Container de Lixo 700 Litros\u00a0\u00e9 fabricado em Polietileno de M\u00e9dia ou Alta Densidade (PEMD ou PEAD), garantindo aos nossos clientes os requisitos de seguran\u00e7a e confiabilidade em raz\u00e3o do material de alta qualidade, resist\u00eancia e durabilidade. Possui ainda munh\u00e3o para basculamento lateral em caminh\u00f5es [&hellip;]<\/p>\n","protected":false},"featured_media":15142,"comment_status":"open","ping_status":"closed","template":"","meta":{"_exactmetrics_skip_tracking":false,"_exactmetrics_sitenote_active":false,"_exactmetrics_sitenote_note":"","_exactmetrics_sitenote_category":0},"product_brand":[],"product_cat":[63],"product_tag":[],"class_list":{"0":"post-15140","1":"product","2":"type-product","3":"status-publish","4":"has-post-thumbnail","6":"product_cat-meio-ambiente","8":"first","9":"instock","10":"shipping-taxable","11":"product-type-simple"},"_links":{"self":[{"href":"https:\/\/totallubri.com.br\/index.php?rest_route=\/wp\/v2\/product\/15140","targetHints":{"allow":["GET"]}}],"collection":[{"href":"https:\/\/totallubri.com.br\/index.php?rest_route=\/wp\/v2\/product"}],"about":[{"href":"https:\/\/totallubri.com.br\/index.php?rest_route=\/wp\/v2\/types\/product"}],"replies":[{"embeddable":true,"href":"https:\/\/totallubri.com.br\/index.php?rest_route=%2Fwp%2Fv2%2Fcomments&post=15140"}],"wp:featuredmedia":[{"embeddable":true,"href":"https:\/\/totallubri.com.br\/index.php?rest_route=\/wp\/v2\/media\/15142"}],"wp:attachment":[{"href":"https:\/\/totallubri.com.br\/index.php?rest_route=%2Fwp%2Fv2%2Fmedia&parent=15140"}],"wp:term":[{"taxonomy":"product_brand","embeddable":true,"href":"https:\/\/totallubri.com.br\/index.php?rest_route=%2Fwp%2Fv2%2Fproduct_brand&post=15140"},{"taxonomy":"product_cat","embeddable":true,"href":"https:\/\/totallubri.com.br\/index.php?rest_route=%2Fwp%2Fv2%2Fproduct_cat&post=15140"},{"taxonomy":"product_tag","embeddable":true,"href":"https:\/\/totallubri.com.br\/index.php?rest_route=%2Fwp%2Fv2%2Fproduct_tag&post=15140"}],"curies":[{"name":"wp","href":"https:\/\/api.w.org\/{rel}","templated":true}]}}