{"id":15149,"date":"2025-03-12T12:15:32","date_gmt":"2025-03-12T15:15:32","guid":{"rendered":"https:\/\/totallubri.com.br\/?post_type=product&#038;p=15149"},"modified":"2025-03-12T12:20:36","modified_gmt":"2025-03-12T15:20:36","slug":"carro-coletor-de-lixo-240-litros-tot-lub","status":"publish","type":"product","link":"https:\/\/totallubri.com.br\/?product=carro-coletor-de-lixo-240-litros-tot-lub","title":{"rendered":"CARRO COLETOR DE LIXO 240 LITROS -TOT-LUB"},"content":{"rendered":"<p>CARRO COLETOR DE LIXO 240 LITROS COM E SEM PEDAL.<\/p>\n<p>&#8220;OBS: ESTE PRODUTO SE ENCONTRA TAMBEM NOS TAMANHOS 120 LTS E 360 LTS.&#8221;<\/p>\n<p>SOLICITAR OR\u00c7AMENTO COM NOSSOS VENDEDORES.<\/p>\n<p>O\u00a0<strong>Carro Coletor 240 Litros<\/strong> \u00e9 fabricado em Polietileno de Alta Densidade (PEAD) ou Polietileno de M\u00e9dia Densidade (PEMD), rotomoldado em m\u00e1quinas de alta tecnologia e respeitando as principais normas vigentes da Ag\u00eancia Nacional de Vigil\u00e2ncia Sanit\u00e1ria (ANVISA). Resistente aos impactos, aos raios ultravioleta e \u00e0s repetidas lavagens.<\/p>\n<p>Indicados para empresas de coleta, condom\u00ednios, hospitais, shoppings e demais estabelecimentos comerciais e industriais<\/p>\n<p>t\u00eam capacidade para armazenar 240 litros ou 96 kg de lixo, s\u00e3o dotados de rodas de borracha com 200mm de di\u00e2metro e eixo refor\u00e7ado.<\/p>\n<p><strong>Cores:<\/strong>\u00a0Amarelo, Azul, Branco, Cinza, Laranja, Marrom, Preto, Verde e Vermelho.<\/p>\n<p><strong>ESPECIFICA\u00c7\u00d5ES<\/strong><\/p>\n<p><strong>MODELO:<\/strong>\u00a0Carro Coletor de Lixo 240 Litros<br \/>\n<strong>LARGURA:<\/strong>\u00a0660mm<br \/>\n<strong>ALTURA:<\/strong>\u00a01070mm<br \/>\n<strong>COMPRIMENTO:<\/strong>\u00a0570mm<br \/>\n<strong>PESO:<\/strong>\u00a09,500Kg<br \/>\n<strong>RODAS:<\/strong>\u00a0200mm<br \/>\n<strong>MATERIAL:<\/strong>\u00a0PEMD (Polietileno de M\u00e9dia Densidade) ou PEAD (Polietileno de Alta Densidade)<strong>CORES:<\/strong> Amarelo, Azul, Branco, Cinza, Laranja, Marrom, Preto, Verde e Vermelho.<strong>CAPACIDADE:<\/strong>\u00a0240 litros.<\/p>\n<p><strong>Diferenciais<\/strong><\/p>\n<p>\u2022 Fabricados em PP ou PEAD, em m\u00e1quinas de alta tecnologia;<br \/>\n\u2022 Alta resist\u00eancia ao impacto e \u00e0 tra\u00e7\u00e3o;<br \/>\n\u2022 Possui prote\u00e7\u00e3o contra raios UV e aditivo antioxidante; \u2022 Rodas de borracha maci\u00e7a com n\u00facleo em Polipropileno;<br \/>\n\u2022 Atende a norma europeia UNE EN 840.<\/p>\n<p><strong>Utiliza\u00e7\u00f5es<\/strong><\/p>\n<p>\u2022 Coleta seletiva e urbana;<br \/>\n\u2022 Condom\u00ednios e shoppings;<br \/>\n\u2022 Res\u00edduos industriais e hospitalares.<\/p>\n<p>&nbsp;<\/p>\n<p>&nbsp;<\/p>\n<p>&nbsp;<\/p>\n","protected":false},"excerpt":{"rendered":"<p>CARRO COLETOR DE LIXO 240 LITROS COM E SEM PEDAL. &#8220;OBS: ESTE PRODUTO SE ENCONTRA TAMBEM NOS TAMANHOS 120 LTS E 360 LTS.&#8221; SOLICITAR OR\u00c7AMENTO COM NOSSOS VENDEDORES. O\u00a0Carro Coletor 240 Litros \u00e9 fabricado em Polietileno de Alta Densidade (PEAD) ou Polietileno de M\u00e9dia Densidade (PEMD), rotomoldado em m\u00e1quinas de alta tecnologia e respeitando as [&hellip;]<\/p>\n","protected":false},"featured_media":15150,"comment_status":"open","ping_status":"closed","template":"","meta":{"_exactmetrics_skip_tracking":false,"_exactmetrics_sitenote_active":false,"_exactmetrics_sitenote_note":"","_exactmetrics_sitenote_category":0},"product_brand":[],"product_cat":[63],"product_tag":[],"class_list":{"0":"post-15149","1":"product","2":"type-product","3":"status-publish","4":"has-post-thumbnail","6":"product_cat-meio-ambiente","8":"first","9":"instock","10":"shipping-taxable","11":"product-type-simple"},"_links":{"self":[{"href":"https:\/\/totallubri.com.br\/index.php?rest_route=\/wp\/v2\/product\/15149","targetHints":{"allow":["GET"]}}],"collection":[{"href":"https:\/\/totallubri.com.br\/index.php?rest_route=\/wp\/v2\/product"}],"about":[{"href":"https:\/\/totallubri.com.br\/index.php?rest_route=\/wp\/v2\/types\/product"}],"replies":[{"embeddable":true,"href":"https:\/\/totallubri.com.br\/index.php?rest_route=%2Fwp%2Fv2%2Fcomments&post=15149"}],"wp:featuredmedia":[{"embeddable":true,"href":"https:\/\/totallubri.com.br\/index.php?rest_route=\/wp\/v2\/media\/15150"}],"wp:attachment":[{"href":"https:\/\/totallubri.com.br\/index.php?rest_route=%2Fwp%2Fv2%2Fmedia&parent=15149"}],"wp:term":[{"taxonomy":"product_brand","embeddable":true,"href":"https:\/\/totallubri.com.br\/index.php?rest_route=%2Fwp%2Fv2%2Fproduct_brand&post=15149"},{"taxonomy":"product_cat","embeddable":true,"href":"https:\/\/totallubri.com.br\/index.php?rest_route=%2Fwp%2Fv2%2Fproduct_cat&post=15149"},{"taxonomy":"product_tag","embeddable":true,"href":"https:\/\/totallubri.com.br\/index.php?rest_route=%2Fwp%2Fv2%2Fproduct_tag&post=15149"}],"curies":[{"name":"wp","href":"https:\/\/api.w.org\/{rel}","templated":true}]}}