{"id":15161,"date":"2025-03-12T12:59:52","date_gmt":"2025-03-12T15:59:52","guid":{"rendered":"https:\/\/totallubri.com.br\/?post_type=product&#038;p=15161"},"modified":"2025-03-12T13:00:18","modified_gmt":"2025-03-12T16:00:18","slug":"mv-0501-maleta-para-analise-de-combustivel-tot-lub","status":"publish","type":"product","link":"https:\/\/totallubri.com.br\/?product=mv-0501-maleta-para-analise-de-combustivel-tot-lub","title":{"rendered":"MV.0501-Maleta para an\u00e1lise de combust\u00edvel \u2013 Tot-lub"},"content":{"rendered":"<p>Maleta anti-choque, compacta e resistente.<\/p>\n<p>Contem:09 itens:<\/p>\n<p>Densimetros<br \/>\n0,700\/0,750 Gasolina comum<br \/>\n0,750\/0,800 Gasolina aditivada<br \/>\n0,800\/0,850 Diesel comum<br \/>\n0,850\/0,900 Diesel aditivado<br \/>\n0,750\/0,800 Etanol comum<br \/>\n0,800\/0,850 Etanol aditivado<\/p>\n<p>Term\u00f4metro para petroleo, seus derivados e biocombustiveis liquidos de -10+50:0,5 conforme portaria 424\/2018 do Inmetro (mede tanto petroleo quanto alcool)<\/p>\n<p>Proveta 100 ml calibrada em 4 pontos<br \/>\nProveta 1000 ml corpo de vidro e base poly<\/p>\n<p>Tanto os densimetros quanto os term\u00f4metro acompanham certificados de verifica\u00e7\u00e3o do INMETRO.<em><strong>.<\/strong><\/em><\/p>\n","protected":false},"excerpt":{"rendered":"<p>Maleta anti-choque, compacta e resistente. Contem:09 itens: Densimetros 0,700\/0,750 Gasolina comum 0,750\/0,800 Gasolina aditivada 0,800\/0,850 Diesel comum 0,850\/0,900 Diesel aditivado 0,750\/0,800 Etanol comum 0,800\/0,850 Etanol aditivado Term\u00f4metro para petroleo, seus derivados e biocombustiveis liquidos de -10+50:0,5 conforme portaria 424\/2018 do Inmetro (mede tanto petroleo quanto alcool) Proveta 100 ml calibrada em 4 pontos Proveta 1000 [&hellip;]<\/p>\n","protected":false},"featured_media":15162,"comment_status":"open","ping_status":"closed","template":"","meta":{"_exactmetrics_skip_tracking":false,"_exactmetrics_sitenote_active":false,"_exactmetrics_sitenote_note":"","_exactmetrics_sitenote_category":0},"product_brand":[],"product_cat":[102],"product_tag":[],"class_list":{"0":"post-15161","1":"product","2":"type-product","3":"status-publish","4":"has-post-thumbnail","6":"product_cat-equipamentos-para-analise-e-medicoes","8":"first","9":"instock","10":"shipping-taxable","11":"product-type-simple"},"_links":{"self":[{"href":"https:\/\/totallubri.com.br\/index.php?rest_route=\/wp\/v2\/product\/15161","targetHints":{"allow":["GET"]}}],"collection":[{"href":"https:\/\/totallubri.com.br\/index.php?rest_route=\/wp\/v2\/product"}],"about":[{"href":"https:\/\/totallubri.com.br\/index.php?rest_route=\/wp\/v2\/types\/product"}],"replies":[{"embeddable":true,"href":"https:\/\/totallubri.com.br\/index.php?rest_route=%2Fwp%2Fv2%2Fcomments&post=15161"}],"wp:featuredmedia":[{"embeddable":true,"href":"https:\/\/totallubri.com.br\/index.php?rest_route=\/wp\/v2\/media\/15162"}],"wp:attachment":[{"href":"https:\/\/totallubri.com.br\/index.php?rest_route=%2Fwp%2Fv2%2Fmedia&parent=15161"}],"wp:term":[{"taxonomy":"product_brand","embeddable":true,"href":"https:\/\/totallubri.com.br\/index.php?rest_route=%2Fwp%2Fv2%2Fproduct_brand&post=15161"},{"taxonomy":"product_cat","embeddable":true,"href":"https:\/\/totallubri.com.br\/index.php?rest_route=%2Fwp%2Fv2%2Fproduct_cat&post=15161"},{"taxonomy":"product_tag","embeddable":true,"href":"https:\/\/totallubri.com.br\/index.php?rest_route=%2Fwp%2Fv2%2Fproduct_tag&post=15161"}],"curies":[{"name":"wp","href":"https:\/\/api.w.org\/{rel}","templated":true}]}}