{"id":15175,"date":"2025-03-12T14:40:59","date_gmt":"2025-03-12T17:40:59","guid":{"rendered":"https:\/\/totallubri.com.br\/?post_type=product&#038;p=15175"},"modified":"2025-03-12T14:42:20","modified_gmt":"2025-03-12T17:42:20","slug":"supernova-150kw-ew1081-e-wolf","status":"publish","type":"product","link":"https:\/\/totallubri.com.br\/?product=supernova-150kw-ew1081-e-wolf","title":{"rendered":"Supernova 150kw EW1081 \u2013 E WOLF"},"content":{"rendered":"<h2>Descri\u00e7\u00e3o<\/h2>\n<p>O Supernova \u00e9 o carregador r\u00e1pido DC de \u00faltima gera\u00e7\u00e3o da Wallbox. Sua maior efici\u00eancia e confiabilidade maximizam o tempo de atividade , beneficiando tanto os motoristas de ve\u00edculos el\u00e9tricos quanto os operadores de pontos de recarga. Com at\u00e9 150kW, ele adiciona at\u00e9 100 km de autonomia, o suficiente para cobrir as necessidades di\u00e1rias urbanas m\u00e9dias em menos de 7 minutos, para estar pronto enquanto os motoristas desfrutam de um refresco, fazem uma tarefa r\u00e1pida ou fazem compras. Supernova 60 e Supernova 150 s\u00e3o ideais para carregamento p\u00fablico em locais urbanos ou interurbanos, bem como em estacionamentos semip\u00fablicos (incluindo supermercados, shopping centers ou restaurantes fast-food).<\/p>\n<p><strong>Dimens\u00f5es(com coldre):\u00a0<\/strong>2000x453x868mm<\/p>\n<h2>Informa\u00e7\u00e3o adicional<\/h2>\n<table class=\"woocommerce-product-attributes shop_attributes\" aria-label=\"Detalhes do produto\">\n<tbody>\n<tr class=\"woocommerce-product-attributes-item woocommerce-product-attributes-item--attribute_pot%c3%aancia\">\n<th class=\"woocommerce-product-attributes-item__label\" scope=\"row\">Pot\u00eancia<\/th>\n<td class=\"woocommerce-product-attributes-item__value\">150kw<\/td>\n<\/tr>\n<tr class=\"woocommerce-product-attributes-item woocommerce-product-attributes-item--attribute_alimenta%c3%a7%c3%a3o\">\n<th class=\"woocommerce-product-attributes-item__label\" scope=\"row\">Alimenta\u00e7\u00e3o<\/th>\n<td class=\"woocommerce-product-attributes-item__value\">230A a 150 kW de pot\u00eancia de sa\u00edda CC<\/td>\n<\/tr>\n<tr class=\"woocommerce-product-attributes-item woocommerce-product-attributes-item--attribute_carregador\">\n<th class=\"woocommerce-product-attributes-item__label\" scope=\"row\">Carregador<\/th>\n<td class=\"woocommerce-product-attributes-item__value\">DC<\/td>\n<\/tr>\n<tr class=\"woocommerce-product-attributes-item woocommerce-product-attributes-item--attribute_interface-de-comunica%c3%a7%c3%a3o\">\n<th class=\"woocommerce-product-attributes-item__label\" scope=\"row\">Interface de comunica\u00e7\u00e3o<\/th>\n<td class=\"woocommerce-product-attributes-item__value\">Aplica\u00e7\u00e3o Wallbox \/ Portal MyWallbox<\/td>\n<\/tr>\n<tr class=\"woocommerce-product-attributes-item woocommerce-product-attributes-item--attribute_conex%c3%a3o\">\n<th class=\"woocommerce-product-attributes-item__label\" scope=\"row\">Conex\u00e3o<\/th>\n<td class=\"woocommerce-product-attributes-item__value\">Wifi e Bluetooth<\/p>\n<p>Ethernet, 2G\/3G\/4G\/LTE, Espa\u00e7o para roteador externo (calha DIN)<\/td>\n<\/tr>\n<tr class=\"woocommerce-product-attributes-item woocommerce-product-attributes-item--attribute_grau-de-prote%c3%a7%c3%a3o\">\n<th class=\"woocommerce-product-attributes-item__label\" scope=\"row\">Grau de prote\u00e7\u00e3o<\/th>\n<td class=\"woocommerce-product-attributes-item__value\">IP54, IK10<\/td>\n<\/tr>\n<tr class=\"woocommerce-product-attributes-item woocommerce-product-attributes-item--attribute_conector-ve%c3%adculo\">\n<th class=\"woocommerce-product-attributes-item__label\" scope=\"row\">Conector (ve\u00edculo)<\/th>\n<td class=\"woocommerce-product-attributes-item__value\">CCS2+CHAdeMO \/ CCS2 + CCS2<\/td>\n<\/tr>\n<tr class=\"woocommerce-product-attributes-item woocommerce-product-attributes-item--attribute_temperatura-de-trabalho\">\n<th class=\"woocommerce-product-attributes-item__label\" scope=\"row\">Temperatura de trabalho<\/th>\n<td class=\"woocommerce-product-attributes-item__value\">-30\u00baC a 50\u00baC<\/td>\n<\/tr>\n<tr class=\"woocommerce-product-attributes-item woocommerce-product-attributes-item--attribute_peso\">\n<th class=\"woocommerce-product-attributes-item__label\" scope=\"row\">Peso<\/th>\n<td class=\"woocommerce-product-attributes-item__value\">400kg<\/td>\n<\/tr>\n<tr class=\"woocommerce-product-attributes-item woocommerce-product-attributes-item--attribute_cabo\">\n<th class=\"woocommerce-product-attributes-item__label\" scope=\"row\">Cabo<\/th>\n<td class=\"woocommerce-product-attributes-item__value\">5m<\/td>\n<\/tr>\n<tr class=\"woocommerce-product-attributes-item woocommerce-product-attributes-item--attribute_forma-de-pagamento\">\n<th class=\"woocommerce-product-attributes-item__label\" scope=\"row\">Forma de pagamento<\/th>\n<td class=\"woocommerce-product-attributes-item__value\">Leitor de cart\u00e3o de cr\u00e9dito ou OCPP<\/td>\n<\/tr>\n<tr class=\"woocommerce-product-attributes-item woocommerce-product-attributes-item--attribute_medi%c3%a7%c3%a3o-de-energia\">\n<th class=\"woocommerce-product-attributes-item__label\" scope=\"row\">Medi\u00e7\u00e3o de energia<\/th>\n<td class=\"woocommerce-product-attributes-item__value\">Carregamento simult\u00e2neo de 2 sa\u00eddas<br \/>\n(60\/90 kW)Medidor CA MID, CC (por sa\u00edda)<\/td>\n<\/tr>\n<\/tbody>\n<\/table>\n","protected":false},"excerpt":{"rendered":"<p>Descri\u00e7\u00e3o O Supernova \u00e9 o carregador r\u00e1pido DC de \u00faltima gera\u00e7\u00e3o da Wallbox. Sua maior efici\u00eancia e confiabilidade maximizam o tempo de atividade , beneficiando tanto os motoristas de ve\u00edculos el\u00e9tricos quanto os operadores de pontos de recarga. Com at\u00e9 150kW, ele adiciona at\u00e9 100 km de autonomia, o suficiente para cobrir as necessidades di\u00e1rias [&hellip;]<\/p>\n","protected":false},"featured_media":15176,"comment_status":"open","ping_status":"closed","template":"","meta":{"_exactmetrics_skip_tracking":false,"_exactmetrics_sitenote_active":false,"_exactmetrics_sitenote_note":"","_exactmetrics_sitenote_category":0},"product_brand":[],"product_cat":[132],"product_tag":[],"class_list":{"0":"post-15175","1":"product","2":"type-product","3":"status-publish","4":"has-post-thumbnail","6":"product_cat-linha-de-carregadores-e-acessorios-p-carros-eletricos","8":"first","9":"instock","10":"shipping-taxable","11":"product-type-simple"},"_links":{"self":[{"href":"https:\/\/totallubri.com.br\/index.php?rest_route=\/wp\/v2\/product\/15175","targetHints":{"allow":["GET"]}}],"collection":[{"href":"https:\/\/totallubri.com.br\/index.php?rest_route=\/wp\/v2\/product"}],"about":[{"href":"https:\/\/totallubri.com.br\/index.php?rest_route=\/wp\/v2\/types\/product"}],"replies":[{"embeddable":true,"href":"https:\/\/totallubri.com.br\/index.php?rest_route=%2Fwp%2Fv2%2Fcomments&post=15175"}],"wp:featuredmedia":[{"embeddable":true,"href":"https:\/\/totallubri.com.br\/index.php?rest_route=\/wp\/v2\/media\/15176"}],"wp:attachment":[{"href":"https:\/\/totallubri.com.br\/index.php?rest_route=%2Fwp%2Fv2%2Fmedia&parent=15175"}],"wp:term":[{"taxonomy":"product_brand","embeddable":true,"href":"https:\/\/totallubri.com.br\/index.php?rest_route=%2Fwp%2Fv2%2Fproduct_brand&post=15175"},{"taxonomy":"product_cat","embeddable":true,"href":"https:\/\/totallubri.com.br\/index.php?rest_route=%2Fwp%2Fv2%2Fproduct_cat&post=15175"},{"taxonomy":"product_tag","embeddable":true,"href":"https:\/\/totallubri.com.br\/index.php?rest_route=%2Fwp%2Fv2%2Fproduct_tag&post=15175"}],"curies":[{"name":"wp","href":"https:\/\/api.w.org\/{rel}","templated":true}]}}