{"id":15480,"date":"2025-03-28T09:39:04","date_gmt":"2025-03-28T12:39:04","guid":{"rendered":"https:\/\/totallubri.com.br\/?post_type=product&#038;p=15480"},"modified":"2025-05-01T18:55:17","modified_gmt":"2025-05-01T21:55:17","slug":"kit-borracheiro-1117-bozza","status":"publish","type":"product","link":"https:\/\/totallubri.com.br\/?product=kit-borracheiro-1117-bozza","title":{"rendered":"Kit Borracheiro 1117 \u2013 BOZZA"},"content":{"rendered":"<p>Kit Borracheiro com mangueira, engates, bicos e calibrador de pneus.<\/p>\n<p><span class=\"segmento\">Segmento: Agricultura \/ Constru\u00e7\u00e3o \/ Minera\u00e7\u00e3o \/ Posto de servi\u00e7o \/ Ind\u00fastria<\/span><span class=\"posted_in\">Categorias:\u00a0<\/span><\/p>\n<p>PRODUTO COMPOSTO POR:<\/p>\n<ul>\n<li>Rosca Engate: 1\/4\u2033 NPT F\u00eamea;<\/li>\n<li>Rosca Pino: 1\/4\u2033 NPT Macho;<\/li>\n<li>Press\u00e3o m\u00e1xima de trabalho: 50PSI;<\/li>\n<li>Material de constru\u00e7\u00e3o robusta;<\/li>\n<li>Permite conex\u00e3o r\u00e1pida nos sistemas de ar comprimido;<\/li>\n<li>Produto leve, facilitando o manuseio do operador.<\/li>\n<li>Mangueira espiral de ar 1\/4\u201d x 7,5m (1un);<\/li>\n<li>Pistola de ar (1un);<\/li>\n<li>Bico de pistola de ar (1un);<\/li>\n<li>Adaptador de pistola de ar (1un);<\/li>\n<li>Bico de seguranc\u0327a de pistola de ar (1un);<\/li>\n<li>Bico co\u0302nico para pistola de ar (1un);<\/li>\n<li>Medidor de Pressa\u0303o (1un);<\/li>\n<li>Calibrador de pneu (1un);<\/li>\n<li>Conector macho 1\/4\u201d (1un);<\/li>\n<li>Conector fe\u0302mea 1\/4\u201d (1un);<\/li>\n<li>Corpo engate ra\u0301pido fe\u0302mea 1\/4\u201d (2un);<\/li>\n<li>Engate ra\u0301pido fe\u0302mea 1\/4\u201d (2un);<\/li>\n<li>Engate ra\u0301pido macho 1\/4\u201d (3un);<\/li>\n<li>Bicos de enchimento (2un);<\/li>\n<li>Veda-rosca (1un).<\/li>\n<li><\/li>\n<\/ul>\n","protected":false},"excerpt":{"rendered":"<p>Kit Borracheiro com mangueira, engates, bicos e calibrador de pneus. Segmento: Agricultura \/ Constru\u00e7\u00e3o \/ Minera\u00e7\u00e3o \/ Posto de servi\u00e7o \/ Ind\u00fastriaCategorias:\u00a0 PRODUTO COMPOSTO POR: Rosca Engate: 1\/4\u2033 NPT F\u00eamea; Rosca Pino: 1\/4\u2033 NPT Macho; Press\u00e3o m\u00e1xima de trabalho: 50PSI; Material de constru\u00e7\u00e3o robusta; Permite conex\u00e3o r\u00e1pida nos sistemas de ar comprimido; Produto leve, facilitando [&hellip;]<\/p>\n","protected":false},"featured_media":15481,"comment_status":"open","ping_status":"closed","template":"","meta":{"_exactmetrics_skip_tracking":false,"_exactmetrics_sitenote_active":false,"_exactmetrics_sitenote_note":"","_exactmetrics_sitenote_category":0},"product_brand":[],"product_cat":[131],"product_tag":[],"class_list":{"0":"post-15480","1":"product","2":"type-product","3":"status-publish","4":"has-post-thumbnail","6":"product_cat-equipamentos-e-acessorios-para-pneumaticos","8":"first","9":"instock","10":"shipping-taxable","11":"product-type-simple"},"_links":{"self":[{"href":"https:\/\/totallubri.com.br\/index.php?rest_route=\/wp\/v2\/product\/15480","targetHints":{"allow":["GET"]}}],"collection":[{"href":"https:\/\/totallubri.com.br\/index.php?rest_route=\/wp\/v2\/product"}],"about":[{"href":"https:\/\/totallubri.com.br\/index.php?rest_route=\/wp\/v2\/types\/product"}],"replies":[{"embeddable":true,"href":"https:\/\/totallubri.com.br\/index.php?rest_route=%2Fwp%2Fv2%2Fcomments&post=15480"}],"wp:featuredmedia":[{"embeddable":true,"href":"https:\/\/totallubri.com.br\/index.php?rest_route=\/wp\/v2\/media\/15481"}],"wp:attachment":[{"href":"https:\/\/totallubri.com.br\/index.php?rest_route=%2Fwp%2Fv2%2Fmedia&parent=15480"}],"wp:term":[{"taxonomy":"product_brand","embeddable":true,"href":"https:\/\/totallubri.com.br\/index.php?rest_route=%2Fwp%2Fv2%2Fproduct_brand&post=15480"},{"taxonomy":"product_cat","embeddable":true,"href":"https:\/\/totallubri.com.br\/index.php?rest_route=%2Fwp%2Fv2%2Fproduct_cat&post=15480"},{"taxonomy":"product_tag","embeddable":true,"href":"https:\/\/totallubri.com.br\/index.php?rest_route=%2Fwp%2Fv2%2Fproduct_tag&post=15480"}],"curies":[{"name":"wp","href":"https:\/\/api.w.org\/{rel}","templated":true}]}}