{"id":15882,"date":"2025-07-22T16:47:47","date_gmt":"2025-07-22T19:47:47","guid":{"rendered":"https:\/\/totallubri.com.br\/?post_type=product&#038;p=15882"},"modified":"2025-07-22T16:49:16","modified_gmt":"2025-07-22T19:49:16","slug":"lpk-113fb-bomba-almotolia-manual-bico-flexivel-de-500lts","status":"publish","type":"product","link":"https:\/\/totallubri.com.br\/?product=lpk-113fb-bomba-almotolia-manual-bico-flexivel-de-500lts","title":{"rendered":"LPK-113FB \u2013 Bomba Almotolia Manual Bico Flex\u00edvel de 500lts"},"content":{"rendered":"<div class=\"cont_produto\">Bomba Almotolia Manual para \u00d3leo Lubrificante Lapek LPK-113FB. Em A\u00e7o, com Bico Flex\u00edvel, para \u00d3leo Lubrificante.<strong>\u00a0<\/strong><\/div>\n<div><\/div>\n<div class=\"cont_produto\"><strong>\u00a0 \u00a0 \u00a0 \u00a0 \u00a0 DESCRI\u00c7\u00c3O:<\/strong><\/div>\n<div class=\"cont_produto\">\n<div class=\"cont_produto\">\n<ul class=\"ul-content\">\n<li>Em A\u00e7o<\/li>\n<li>Capacidade: 500 ml<\/li>\n<li>Peso: 310\u00a0gr<\/li>\n<li>Medidas (mm): 195 (A) x 250 (L)<\/li>\n<\/ul>\n<\/div>\n<\/div>\n","protected":false},"excerpt":{"rendered":"<p>Bomba Almotolia Manual para \u00d3leo Lubrificante Lapek LPK-113FB. Em A\u00e7o, com Bico Flex\u00edvel, para \u00d3leo Lubrificante.\u00a0 \u00a0 \u00a0 \u00a0 \u00a0 \u00a0 DESCRI\u00c7\u00c3O: Em A\u00e7o Capacidade: 500 ml Peso: 310\u00a0gr Medidas (mm): 195 (A) x 250 (L)<\/p>\n","protected":false},"featured_media":15883,"comment_status":"open","ping_status":"closed","template":"","meta":{"_exactmetrics_skip_tracking":false,"_exactmetrics_sitenote_active":false,"_exactmetrics_sitenote_note":"","_exactmetrics_sitenote_category":0},"product_brand":[],"product_cat":[133],"product_tag":[],"class_list":{"0":"post-15882","1":"product","2":"type-product","3":"status-publish","4":"has-post-thumbnail","6":"product_cat-lapek-oleo","8":"first","9":"instock","10":"shipping-taxable","11":"product-type-simple"},"_links":{"self":[{"href":"https:\/\/totallubri.com.br\/index.php?rest_route=\/wp\/v2\/product\/15882","targetHints":{"allow":["GET"]}}],"collection":[{"href":"https:\/\/totallubri.com.br\/index.php?rest_route=\/wp\/v2\/product"}],"about":[{"href":"https:\/\/totallubri.com.br\/index.php?rest_route=\/wp\/v2\/types\/product"}],"replies":[{"embeddable":true,"href":"https:\/\/totallubri.com.br\/index.php?rest_route=%2Fwp%2Fv2%2Fcomments&post=15882"}],"wp:featuredmedia":[{"embeddable":true,"href":"https:\/\/totallubri.com.br\/index.php?rest_route=\/wp\/v2\/media\/15883"}],"wp:attachment":[{"href":"https:\/\/totallubri.com.br\/index.php?rest_route=%2Fwp%2Fv2%2Fmedia&parent=15882"}],"wp:term":[{"taxonomy":"product_brand","embeddable":true,"href":"https:\/\/totallubri.com.br\/index.php?rest_route=%2Fwp%2Fv2%2Fproduct_brand&post=15882"},{"taxonomy":"product_cat","embeddable":true,"href":"https:\/\/totallubri.com.br\/index.php?rest_route=%2Fwp%2Fv2%2Fproduct_cat&post=15882"},{"taxonomy":"product_tag","embeddable":true,"href":"https:\/\/totallubri.com.br\/index.php?rest_route=%2Fwp%2Fv2%2Fproduct_tag&post=15882"}],"curies":[{"name":"wp","href":"https:\/\/api.w.org\/{rel}","templated":true}]}}