{"id":15959,"date":"2025-07-24T10:06:51","date_gmt":"2025-07-24T13:06:51","guid":{"rendered":"https:\/\/totallubri.com.br\/?post_type=product&#038;p=15959"},"modified":"2025-07-24T10:06:51","modified_gmt":"2025-07-24T13:06:51","slug":"lpk-c350-carrinho-para-tambor-lapek","status":"publish","type":"product","link":"https:\/\/totallubri.com.br\/?product=lpk-c350-carrinho-para-tambor-lapek","title":{"rendered":"LPK-C350 &#8211; Carrinho para Tambor Lapek"},"content":{"rendered":"<p>Carrinho para Tambor Lapek 350kg LPK-C350 Rodas de Nylon\u00a0&#8211;\u00a0Carrinho para tambor com gancho ajust\u00e1vel, suporte para pernas de rod\u00edzio, estrutura equipada com 2 garras de base, capacidade 350kg.<\/p>\n<p><strong>\u00a0 \u00a0 \u00a0 \u00a0DESCRI\u00c7\u00c3O:<\/strong><\/p>\n<ul>\n<li>Material: A\u00e7o carbono<\/li>\n<li>Capacidade de carga: 350kg<\/li>\n<li>Tamanho da roda (em mm):\u00a0\u00d8 200 x 50 mm<\/li>\n<li>Di\u00e2metro da roda de apoio:\u00a0\u00d8 200 mm<\/li>\n<li>Largura: 740mm<\/li>\n<li>Largura da m\u00e3o: 1.200mm<\/li>\n<li>Peso: 21 Kg<\/li>\n<\/ul>\n","protected":false},"excerpt":{"rendered":"<p>Carrinho para Tambor Lapek 350kg LPK-C350 Rodas de Nylon\u00a0&#8211;\u00a0Carrinho para tambor com gancho ajust\u00e1vel, suporte para pernas de rod\u00edzio, estrutura equipada com 2 garras de base, capacidade 350kg. \u00a0 \u00a0 \u00a0 \u00a0DESCRI\u00c7\u00c3O: Material: A\u00e7o carbono Capacidade de carga: 350kg Tamanho da roda (em mm):\u00a0\u00d8 200 x 50 mm Di\u00e2metro da roda de apoio:\u00a0\u00d8 200 mm [&hellip;]<\/p>\n","protected":false},"featured_media":15960,"comment_status":"open","ping_status":"closed","template":"","meta":{"_exactmetrics_skip_tracking":false,"_exactmetrics_sitenote_active":false,"_exactmetrics_sitenote_note":"","_exactmetrics_sitenote_category":0},"product_brand":[],"product_cat":[133],"product_tag":[],"class_list":{"0":"post-15959","1":"product","2":"type-product","3":"status-publish","4":"has-post-thumbnail","6":"product_cat-lapek-oleo","8":"first","9":"instock","10":"shipping-taxable","11":"product-type-simple"},"_links":{"self":[{"href":"https:\/\/totallubri.com.br\/index.php?rest_route=\/wp\/v2\/product\/15959","targetHints":{"allow":["GET"]}}],"collection":[{"href":"https:\/\/totallubri.com.br\/index.php?rest_route=\/wp\/v2\/product"}],"about":[{"href":"https:\/\/totallubri.com.br\/index.php?rest_route=\/wp\/v2\/types\/product"}],"replies":[{"embeddable":true,"href":"https:\/\/totallubri.com.br\/index.php?rest_route=%2Fwp%2Fv2%2Fcomments&post=15959"}],"wp:featuredmedia":[{"embeddable":true,"href":"https:\/\/totallubri.com.br\/index.php?rest_route=\/wp\/v2\/media\/15960"}],"wp:attachment":[{"href":"https:\/\/totallubri.com.br\/index.php?rest_route=%2Fwp%2Fv2%2Fmedia&parent=15959"}],"wp:term":[{"taxonomy":"product_brand","embeddable":true,"href":"https:\/\/totallubri.com.br\/index.php?rest_route=%2Fwp%2Fv2%2Fproduct_brand&post=15959"},{"taxonomy":"product_cat","embeddable":true,"href":"https:\/\/totallubri.com.br\/index.php?rest_route=%2Fwp%2Fv2%2Fproduct_cat&post=15959"},{"taxonomy":"product_tag","embeddable":true,"href":"https:\/\/totallubri.com.br\/index.php?rest_route=%2Fwp%2Fv2%2Fproduct_tag&post=15959"}],"curies":[{"name":"wp","href":"https:\/\/api.w.org\/{rel}","templated":true}]}}