{"id":2189,"date":"2016-12-14T10:19:42","date_gmt":"2016-12-14T12:19:42","guid":{"rendered":"http:\/\/totallubri.com.br\/wp\/?post_type=product&#038;p=2189"},"modified":"2025-05-20T17:57:16","modified_gmt":"2025-05-20T20:57:16","slug":"calibrador-portatil-0149-lupus","status":"publish","type":"product","link":"https:\/\/totallubri.com.br\/?product=calibrador-portatil-0149-lupus","title":{"rendered":"Calibrador Port\u00e1til \u2013 0149 \u2013 Lupus"},"content":{"rendered":"<p>Produto essencial para controlar e manter as press\u00f5es especificadas para os pneus, gera seguran\u00e7a.<\/p>\n<p>Descri\u00e7\u00e3o:Calibrador Port\u00e1til<br \/>\nEm zinco, com gatilho em a\u00e7o e v\u00e1lvula em lat\u00e3o, com bico duplo, mede a press\u00e3o do pneu em Bar, kPa e PSI.<\/p>\n<p>Press\u00e3o de entrada de ar 140 PSI<br \/>\nEntrada 1\/4&#8242; NPT\/ f\u00eamea<\/p>\n<p>Peso 0,39 gr<br \/>\nMedidas (A) 85 mm x (L) 25 mm<\/p>\n","protected":false},"excerpt":{"rendered":"<p>Produto essencial para controlar e manter as press\u00f5es especificadas para os pneus, gera seguran\u00e7a. Descri\u00e7\u00e3o:Calibrador Port\u00e1til Em zinco, com gatilho em a\u00e7o e v\u00e1lvula em lat\u00e3o, com bico duplo, mede a press\u00e3o do pneu em Bar, kPa e PSI. Press\u00e3o de entrada de ar 140 PSI Entrada 1\/4&#8242; NPT\/ f\u00eamea Peso 0,39 gr Medidas (A) [&hellip;]<\/p>\n","protected":false},"featured_media":2190,"comment_status":"open","ping_status":"closed","template":"","meta":{"_exactmetrics_skip_tracking":false,"_exactmetrics_sitenote_active":false,"_exactmetrics_sitenote_note":"","_exactmetrics_sitenote_category":0},"product_brand":[],"product_cat":[131],"product_tag":[],"class_list":{"0":"post-2189","1":"product","2":"type-product","3":"status-publish","4":"has-post-thumbnail","6":"product_cat-equipamentos-e-acessorios-para-pneumaticos","8":"first","9":"instock","10":"shipping-taxable","11":"product-type-simple"},"_links":{"self":[{"href":"https:\/\/totallubri.com.br\/index.php?rest_route=\/wp\/v2\/product\/2189","targetHints":{"allow":["GET"]}}],"collection":[{"href":"https:\/\/totallubri.com.br\/index.php?rest_route=\/wp\/v2\/product"}],"about":[{"href":"https:\/\/totallubri.com.br\/index.php?rest_route=\/wp\/v2\/types\/product"}],"replies":[{"embeddable":true,"href":"https:\/\/totallubri.com.br\/index.php?rest_route=%2Fwp%2Fv2%2Fcomments&post=2189"}],"wp:featuredmedia":[{"embeddable":true,"href":"https:\/\/totallubri.com.br\/index.php?rest_route=\/wp\/v2\/media\/2190"}],"wp:attachment":[{"href":"https:\/\/totallubri.com.br\/index.php?rest_route=%2Fwp%2Fv2%2Fmedia&parent=2189"}],"wp:term":[{"taxonomy":"product_brand","embeddable":true,"href":"https:\/\/totallubri.com.br\/index.php?rest_route=%2Fwp%2Fv2%2Fproduct_brand&post=2189"},{"taxonomy":"product_cat","embeddable":true,"href":"https:\/\/totallubri.com.br\/index.php?rest_route=%2Fwp%2Fv2%2Fproduct_cat&post=2189"},{"taxonomy":"product_tag","embeddable":true,"href":"https:\/\/totallubri.com.br\/index.php?rest_route=%2Fwp%2Fv2%2Fproduct_tag&post=2189"}],"curies":[{"name":"wp","href":"https:\/\/api.w.org\/{rel}","templated":true}]}}