{"id":2275,"date":"2016-12-14T11:00:01","date_gmt":"2016-12-14T13:00:01","guid":{"rendered":"http:\/\/totallubri.com.br\/wp\/?post_type=product&#038;p=2275"},"modified":"2025-05-20T17:16:19","modified_gmt":"2025-05-20T20:16:19","slug":"conjunto-preparador-de-ar-14-9000-lc-lupus","status":"publish","type":"product","link":"https:\/\/totallubri.com.br\/?product=conjunto-preparador-de-ar-14-9000-lc-lupus","title":{"rendered":"Conjunto Preparador de Ar 1\/4\u2033 -9000-LC \u2013 Lupus"},"content":{"rendered":"<p>Item com as fun\u00e7\u00f5es b\u00e1sicas para garantir o bom tratamento do ar, a filtragem, a regulagem da press\u00e3o do ar e a lubrifica\u00e7\u00e3o do ar, \u00e9 necess\u00e1rio para uso em equipamentos pneum\u00e1ticos aumentando a vida \u00fatil dos mesmos.<\/p>\n<p>Descri\u00e7\u00e3o:Conjunto Preparador de AR de 1\/4&#8243;<br \/>\nEm alum\u00ednio, com v\u00e1lvula reguladora de ar, com separador de \u00e1gua, Lubrifil e suporte para parede.<\/p>\n<p>Vaz\u00e3o m\u00e1xima 500 L\/min<br \/>\nEntrada e sa\u00edda 1\/4&#8242; Bsp<br \/>\nIndicador 0 a 150 PSI<\/p>\n<p>Peso 0,65 gr<br \/>\nMedidas (A) 165 mm x (L) 90 mm<\/p>\n","protected":false},"excerpt":{"rendered":"<p>Item com as fun\u00e7\u00f5es b\u00e1sicas para garantir o bom tratamento do ar, a filtragem, a regulagem da press\u00e3o do ar e a lubrifica\u00e7\u00e3o do ar, \u00e9 necess\u00e1rio para uso em equipamentos pneum\u00e1ticos aumentando a vida \u00fatil dos mesmos. Descri\u00e7\u00e3o:Conjunto Preparador de AR de 1\/4&#8243; Em alum\u00ednio, com v\u00e1lvula reguladora de ar, com separador de \u00e1gua, [&hellip;]<\/p>\n","protected":false},"featured_media":2276,"comment_status":"open","ping_status":"closed","template":"","meta":{"_exactmetrics_skip_tracking":false,"_exactmetrics_sitenote_active":false,"_exactmetrics_sitenote_note":"","_exactmetrics_sitenote_category":0},"product_brand":[],"product_cat":[131],"product_tag":[],"class_list":{"0":"post-2275","1":"product","2":"type-product","3":"status-publish","4":"has-post-thumbnail","6":"product_cat-equipamentos-e-acessorios-para-pneumaticos","8":"first","9":"instock","10":"shipping-taxable","11":"product-type-simple"},"_links":{"self":[{"href":"https:\/\/totallubri.com.br\/index.php?rest_route=\/wp\/v2\/product\/2275","targetHints":{"allow":["GET"]}}],"collection":[{"href":"https:\/\/totallubri.com.br\/index.php?rest_route=\/wp\/v2\/product"}],"about":[{"href":"https:\/\/totallubri.com.br\/index.php?rest_route=\/wp\/v2\/types\/product"}],"replies":[{"embeddable":true,"href":"https:\/\/totallubri.com.br\/index.php?rest_route=%2Fwp%2Fv2%2Fcomments&post=2275"}],"wp:featuredmedia":[{"embeddable":true,"href":"https:\/\/totallubri.com.br\/index.php?rest_route=\/wp\/v2\/media\/2276"}],"wp:attachment":[{"href":"https:\/\/totallubri.com.br\/index.php?rest_route=%2Fwp%2Fv2%2Fmedia&parent=2275"}],"wp:term":[{"taxonomy":"product_brand","embeddable":true,"href":"https:\/\/totallubri.com.br\/index.php?rest_route=%2Fwp%2Fv2%2Fproduct_brand&post=2275"},{"taxonomy":"product_cat","embeddable":true,"href":"https:\/\/totallubri.com.br\/index.php?rest_route=%2Fwp%2Fv2%2Fproduct_cat&post=2275"},{"taxonomy":"product_tag","embeddable":true,"href":"https:\/\/totallubri.com.br\/index.php?rest_route=%2Fwp%2Fv2%2Fproduct_tag&post=2275"}],"curies":[{"name":"wp","href":"https:\/\/api.w.org\/{rel}","templated":true}]}}