{"id":2351,"date":"2016-12-14T11:30:03","date_gmt":"2016-12-14T13:30:03","guid":{"rendered":"http:\/\/totallubri.com.br\/wp\/?post_type=product&#038;p=2351"},"modified":"2025-05-19T11:52:51","modified_gmt":"2025-05-19T14:52:51","slug":"engate-rapido-pneumatico-1979-h-lupus","status":"publish","type":"product","link":"https:\/\/totallubri.com.br\/?product=engate-rapido-pneumatico-1979-h-lupus","title":{"rendered":"Engate R\u00e1pido Pneum\u00e1tico \u2013 1979-H \u2013 Lupus"},"content":{"rendered":"<p>Ideal para ferramentas de ar comprimido, permite trocar facilmente as ferramentas das mangueiras de ar<\/p>\n<p>Descri\u00e7\u00e3o:Engate R\u00e1pido Pneum\u00e1tico Em a\u00e7o galvanizado Alta press\u00e3o Rosca NPT (F)<br \/>\n&#8211; 1\/4&#8243;, f\u00eamea<br \/>\n&#8211; press\u00e3o de trabalho 150 PSI<br \/>\n&#8211; para ar comprimido<\/p>\n<p>PESO 0,10 KG<\/p>\n<p>(A)25MM X (L) 42MM<\/p>\n<p>Temos em diversos tamanhos de rosca 3\/8&#8243; , 1\/2&#8243;, 3\/4&#8243;, 1&#8243;.<\/p>\n","protected":false},"excerpt":{"rendered":"<p>Ideal para ferramentas de ar comprimido, permite trocar facilmente as ferramentas das mangueiras de ar Descri\u00e7\u00e3o:Engate R\u00e1pido Pneum\u00e1tico Em a\u00e7o galvanizado Alta press\u00e3o Rosca NPT (F) &#8211; 1\/4&#8243;, f\u00eamea &#8211; press\u00e3o de trabalho 150 PSI &#8211; para ar comprimido PESO 0,10 KG (A)25MM X (L) 42MM Temos em diversos tamanhos de rosca 3\/8&#8243; , 1\/2&#8243;, [&hellip;]<\/p>\n","protected":false},"featured_media":2352,"comment_status":"open","ping_status":"closed","template":"","meta":{"_exactmetrics_skip_tracking":false,"_exactmetrics_sitenote_active":false,"_exactmetrics_sitenote_note":"","_exactmetrics_sitenote_category":0},"product_brand":[],"product_cat":[131],"product_tag":[],"class_list":{"0":"post-2351","1":"product","2":"type-product","3":"status-publish","4":"has-post-thumbnail","6":"product_cat-equipamentos-e-acessorios-para-pneumaticos","8":"first","9":"instock","10":"shipping-taxable","11":"product-type-simple"},"_links":{"self":[{"href":"https:\/\/totallubri.com.br\/index.php?rest_route=\/wp\/v2\/product\/2351","targetHints":{"allow":["GET"]}}],"collection":[{"href":"https:\/\/totallubri.com.br\/index.php?rest_route=\/wp\/v2\/product"}],"about":[{"href":"https:\/\/totallubri.com.br\/index.php?rest_route=\/wp\/v2\/types\/product"}],"replies":[{"embeddable":true,"href":"https:\/\/totallubri.com.br\/index.php?rest_route=%2Fwp%2Fv2%2Fcomments&post=2351"}],"wp:featuredmedia":[{"embeddable":true,"href":"https:\/\/totallubri.com.br\/index.php?rest_route=\/wp\/v2\/media\/2352"}],"wp:attachment":[{"href":"https:\/\/totallubri.com.br\/index.php?rest_route=%2Fwp%2Fv2%2Fmedia&parent=2351"}],"wp:term":[{"taxonomy":"product_brand","embeddable":true,"href":"https:\/\/totallubri.com.br\/index.php?rest_route=%2Fwp%2Fv2%2Fproduct_brand&post=2351"},{"taxonomy":"product_cat","embeddable":true,"href":"https:\/\/totallubri.com.br\/index.php?rest_route=%2Fwp%2Fv2%2Fproduct_cat&post=2351"},{"taxonomy":"product_tag","embeddable":true,"href":"https:\/\/totallubri.com.br\/index.php?rest_route=%2Fwp%2Fv2%2Fproduct_tag&post=2351"}],"curies":[{"name":"wp","href":"https:\/\/api.w.org\/{rel}","templated":true}]}}