{"id":2365,"date":"2016-12-14T11:42:17","date_gmt":"2016-12-14T13:42:17","guid":{"rendered":"http:\/\/totallubri.com.br\/wp\/?post_type=product&#038;p=2365"},"modified":"2025-05-09T14:54:44","modified_gmt":"2025-05-09T17:54:44","slug":"gatilho-de-limpeza-pulverizador-2048-lupus","status":"publish","type":"product","link":"https:\/\/totallubri.com.br\/?product=gatilho-de-limpeza-pulverizador-2048-lupus","title":{"rendered":"Gatilho de Limpeza Pulverizador \u2013 2048 \u2013 Lupus"},"content":{"rendered":"<p>Produto ideal para empresas que necessitam fazer a limpeza de pe\u00e7as e maquin\u00e1rios antes da lubrifica\u00e7\u00e3o , evita contamina\u00e7\u00e3o<\/p>\n<p>Descri\u00e7\u00e3o:Gatilho de Limpeza<br \/>\nCorpo em alum\u00ednio e v\u00e1lvula em lat\u00e3o, com baixo n\u00edvel de ru\u00eddo, utilizado para maquinas e pulveriza\u00e7\u00e3o.<\/p>\n<p>Entrada 1\/4&#8242; NPT\/ rosca macho<\/p>\n<p>Peso 228 g<br \/>\nMedidas (A)130 mm x (L) 220 mm<\/p>\n","protected":false},"excerpt":{"rendered":"<p>Produto ideal para empresas que necessitam fazer a limpeza de pe\u00e7as e maquin\u00e1rios antes da lubrifica\u00e7\u00e3o , evita contamina\u00e7\u00e3o Descri\u00e7\u00e3o:Gatilho de Limpeza Corpo em alum\u00ednio e v\u00e1lvula em lat\u00e3o, com baixo n\u00edvel de ru\u00eddo, utilizado para maquinas e pulveriza\u00e7\u00e3o. Entrada 1\/4&#8242; NPT\/ rosca macho Peso 228 g Medidas (A)130 mm x (L) 220 mm<\/p>\n","protected":false},"featured_media":2366,"comment_status":"open","ping_status":"closed","template":"","meta":{"_exactmetrics_skip_tracking":false,"_exactmetrics_sitenote_active":false,"_exactmetrics_sitenote_note":"","_exactmetrics_sitenote_category":0},"product_brand":[],"product_cat":[131],"product_tag":[],"class_list":{"0":"post-2365","1":"product","2":"type-product","3":"status-publish","4":"has-post-thumbnail","6":"product_cat-equipamentos-e-acessorios-para-pneumaticos","8":"first","9":"instock","10":"shipping-taxable","11":"product-type-simple"},"_links":{"self":[{"href":"https:\/\/totallubri.com.br\/index.php?rest_route=\/wp\/v2\/product\/2365","targetHints":{"allow":["GET"]}}],"collection":[{"href":"https:\/\/totallubri.com.br\/index.php?rest_route=\/wp\/v2\/product"}],"about":[{"href":"https:\/\/totallubri.com.br\/index.php?rest_route=\/wp\/v2\/types\/product"}],"replies":[{"embeddable":true,"href":"https:\/\/totallubri.com.br\/index.php?rest_route=%2Fwp%2Fv2%2Fcomments&post=2365"}],"wp:featuredmedia":[{"embeddable":true,"href":"https:\/\/totallubri.com.br\/index.php?rest_route=\/wp\/v2\/media\/2366"}],"wp:attachment":[{"href":"https:\/\/totallubri.com.br\/index.php?rest_route=%2Fwp%2Fv2%2Fmedia&parent=2365"}],"wp:term":[{"taxonomy":"product_brand","embeddable":true,"href":"https:\/\/totallubri.com.br\/index.php?rest_route=%2Fwp%2Fv2%2Fproduct_brand&post=2365"},{"taxonomy":"product_cat","embeddable":true,"href":"https:\/\/totallubri.com.br\/index.php?rest_route=%2Fwp%2Fv2%2Fproduct_cat&post=2365"},{"taxonomy":"product_tag","embeddable":true,"href":"https:\/\/totallubri.com.br\/index.php?rest_route=%2Fwp%2Fv2%2Fproduct_tag&post=2365"}],"curies":[{"name":"wp","href":"https:\/\/api.w.org\/{rel}","templated":true}]}}