{"id":2395,"date":"2016-12-14T12:09:53","date_gmt":"2016-12-14T14:09:53","guid":{"rendered":"http:\/\/totallubri.com.br\/wp\/?post_type=product&#038;p=2395"},"modified":"2024-11-25T12:53:56","modified_gmt":"2024-11-25T15:53:56","slug":"2395","status":"publish","type":"product","link":"https:\/\/totallubri.com.br\/?product=2395","title":{"rendered":"Carretel com retra\u00e7\u00e3o autom\u00e1tica para \u00e1gua-17100Ret-AG15-BOZZA"},"content":{"rendered":"<p>Produto da marca Bozza \u00e9 um carretel autom\u00e1tico indicado para enrolar mangueira evitando desgaste , excelente custo beneficio para empresas que se preocupam com a organiza\u00e7\u00e3o do ambiente de trabalho, busca facilidades no manuseio de mangueira, e consequentemente ganha em agilidade nos processos.<\/p>\n<p>Detalhes do produto:<\/p>\n<p>Carretel Autom\u00e1tico para \u00c1gua<br \/>\n&#8211; Mangueira de 1\/2\u201d com 15 m<br \/>\n&#8211; Esguicho regul\u00e1vel (ESG1\/2)<br \/>\n&#8211; Press\u00e3o de trabalho: 300 PSI<br \/>\n&#8211; Peso l\u00edquido: 24,000 kg<br \/>\n&#8211; Peso bruto: 25,400 kg<br \/>\n&#8211; Quantidade de volumes: 1<br \/>\n&#8211; Dimens\u00f5es da embalagem: 550 mm (C) X 260 mm (L) X 565 mm (A)<\/p>\n<p>Obs.: Todos os carret\u00e9is podem ser instalados no teto, no piso, nas laterais de postos fixos ou m\u00f3veis sem prejudicar seu desempenho.<\/p>\n","protected":false},"excerpt":{"rendered":"<p>Produto da marca Bozza \u00e9 um carretel autom\u00e1tico indicado para enrolar mangueira evitando desgaste , excelente custo beneficio para empresas que se preocupam com a organiza\u00e7\u00e3o do ambiente de trabalho, busca facilidades no manuseio de mangueira, e consequentemente ganha em agilidade nos processos. Detalhes do produto: Carretel Autom\u00e1tico para \u00c1gua &#8211; Mangueira de 1\/2\u201d com [&hellip;]<\/p>\n","protected":false},"featured_media":2397,"comment_status":"open","ping_status":"closed","template":"","meta":{"_exactmetrics_skip_tracking":false,"_exactmetrics_sitenote_active":false,"_exactmetrics_sitenote_note":"","_exactmetrics_sitenote_category":0},"product_brand":[],"product_cat":[100],"product_tag":[],"class_list":{"0":"post-2395","1":"product","2":"type-product","3":"status-publish","4":"has-post-thumbnail","6":"product_cat-carretel-retratil","8":"first","9":"instock","10":"shipping-taxable","11":"product-type-simple"},"_links":{"self":[{"href":"https:\/\/totallubri.com.br\/index.php?rest_route=\/wp\/v2\/product\/2395","targetHints":{"allow":["GET"]}}],"collection":[{"href":"https:\/\/totallubri.com.br\/index.php?rest_route=\/wp\/v2\/product"}],"about":[{"href":"https:\/\/totallubri.com.br\/index.php?rest_route=\/wp\/v2\/types\/product"}],"replies":[{"embeddable":true,"href":"https:\/\/totallubri.com.br\/index.php?rest_route=%2Fwp%2Fv2%2Fcomments&post=2395"}],"wp:featuredmedia":[{"embeddable":true,"href":"https:\/\/totallubri.com.br\/index.php?rest_route=\/wp\/v2\/media\/2397"}],"wp:attachment":[{"href":"https:\/\/totallubri.com.br\/index.php?rest_route=%2Fwp%2Fv2%2Fmedia&parent=2395"}],"wp:term":[{"taxonomy":"product_brand","embeddable":true,"href":"https:\/\/totallubri.com.br\/index.php?rest_route=%2Fwp%2Fv2%2Fproduct_brand&post=2395"},{"taxonomy":"product_cat","embeddable":true,"href":"https:\/\/totallubri.com.br\/index.php?rest_route=%2Fwp%2Fv2%2Fproduct_cat&post=2395"},{"taxonomy":"product_tag","embeddable":true,"href":"https:\/\/totallubri.com.br\/index.php?rest_route=%2Fwp%2Fv2%2Fproduct_tag&post=2395"}],"curies":[{"name":"wp","href":"https:\/\/api.w.org\/{rel}","templated":true}]}}