{"id":2459,"date":"2016-12-14T12:33:51","date_gmt":"2016-12-14T14:33:51","guid":{"rendered":"http:\/\/totallubri.com.br\/wp\/?post_type=product&#038;p=2459"},"modified":"2025-02-27T12:26:05","modified_gmt":"2025-02-27T15:26:05","slug":"gatilho-manual-de-abastecimento-2100-bp-lupus","status":"publish","type":"product","link":"https:\/\/totallubri.com.br\/?product=gatilho-manual-de-abastecimento-2100-bp-lupus","title":{"rendered":"Gatilho Manual de Abastecimento \u2013 2100-BP \u2013 Lupus"},"content":{"rendered":"<p>Gatilho de abastecimento manual , indicado para abastecer reservat\u00f3rios, m\u00e1quinas e equipamentos em geral, o usu\u00e1rio deve parar o fluxo de sa\u00edda manualmente.<\/p>\n<p><strong>+ DETALHES SOBRE ESTE PRODUTO:<\/strong><\/p>\n<div class=\"woocommerce-tabs wc-tabs-wrapper\">\n<div id=\"tab-description\" class=\"woocommerce-Tabs-panel woocommerce-Tabs-panel--description panel entry-content wc-tab\" role=\"tabpanel\" aria-labelledby=\"tab-title-description\">\n<p>2100-BP \u2013 BICO DE ABASTECIMENTO \u2013 MANUAL DE POLIPROPILENO PARA AGUA E OLEO DIESEL \u2013 E.ESPIGAO 1POL \u2013 50LPM<\/p>\n<p>Material: Polipropileno<br \/>\nPonteira: \u00d8 1\u2033<br \/>\nVaz\u00e3o: 50 L\/min<br \/>\nPress\u00e3o m\u00e1xima de trabalho: 20 psi<br \/>\nAcompanha:<br \/>\n* Espig\u00e3o para mangueira \u00d8 1\u2033\/ (F) girat\u00f3ria \u00d8 1\u2033<\/p>\n<p>Flu\u00eddo: \u00c1gua e Diesel<br \/>\nPeso: 0,26 kg<br \/>\nMedidas: (A) 125 mm x (L) 300 mm<\/p>\n<div class=\"at-below-post addthis_tool\" data-url=\"https:\/\/www.lupuslubrificacao.com.br\/produto\/2100-bp-bico-manual\/\"><\/div>\n<\/div>\n<\/div>\n","protected":false},"excerpt":{"rendered":"<p>Gatilho de abastecimento manual , indicado para abastecer reservat\u00f3rios, m\u00e1quinas e equipamentos em geral, o usu\u00e1rio deve parar o fluxo de sa\u00edda manualmente. + DETALHES SOBRE ESTE PRODUTO: 2100-BP \u2013 BICO DE ABASTECIMENTO \u2013 MANUAL DE POLIPROPILENO PARA AGUA E OLEO DIESEL \u2013 E.ESPIGAO 1POL \u2013 50LPM Material: Polipropileno Ponteira: \u00d8 1\u2033 Vaz\u00e3o: 50 L\/min [&hellip;]<\/p>\n","protected":false},"featured_media":14965,"comment_status":"open","ping_status":"closed","template":"","meta":{"_exactmetrics_skip_tracking":false,"_exactmetrics_sitenote_active":false,"_exactmetrics_sitenote_note":"","_exactmetrics_sitenote_category":0},"product_brand":[],"product_cat":[106],"product_tag":[],"class_list":{"0":"post-2459","1":"product","2":"type-product","3":"status-publish","4":"has-post-thumbnail","6":"product_cat-bico-de-abastecimento-para-combustiveis","8":"first","9":"instock","10":"shipping-taxable","11":"product-type-simple"},"_links":{"self":[{"href":"https:\/\/totallubri.com.br\/index.php?rest_route=\/wp\/v2\/product\/2459","targetHints":{"allow":["GET"]}}],"collection":[{"href":"https:\/\/totallubri.com.br\/index.php?rest_route=\/wp\/v2\/product"}],"about":[{"href":"https:\/\/totallubri.com.br\/index.php?rest_route=\/wp\/v2\/types\/product"}],"replies":[{"embeddable":true,"href":"https:\/\/totallubri.com.br\/index.php?rest_route=%2Fwp%2Fv2%2Fcomments&post=2459"}],"wp:featuredmedia":[{"embeddable":true,"href":"https:\/\/totallubri.com.br\/index.php?rest_route=\/wp\/v2\/media\/14965"}],"wp:attachment":[{"href":"https:\/\/totallubri.com.br\/index.php?rest_route=%2Fwp%2Fv2%2Fmedia&parent=2459"}],"wp:term":[{"taxonomy":"product_brand","embeddable":true,"href":"https:\/\/totallubri.com.br\/index.php?rest_route=%2Fwp%2Fv2%2Fproduct_brand&post=2459"},{"taxonomy":"product_cat","embeddable":true,"href":"https:\/\/totallubri.com.br\/index.php?rest_route=%2Fwp%2Fv2%2Fproduct_cat&post=2459"},{"taxonomy":"product_tag","embeddable":true,"href":"https:\/\/totallubri.com.br\/index.php?rest_route=%2Fwp%2Fv2%2Fproduct_tag&post=2459"}],"curies":[{"name":"wp","href":"https:\/\/api.w.org\/{rel}","templated":true}]}}