{"id":2633,"date":"2016-12-21T10:08:01","date_gmt":"2016-12-21T12:08:01","guid":{"rendered":"http:\/\/totallubri.com.br\/wp\/?post_type=product&#038;p=2633"},"modified":"2017-03-21T16:09:10","modified_gmt":"2017-03-21T19:09:10","slug":"adaptador-para-acopladores-2016-a-lupus","status":"publish","type":"product","link":"https:\/\/totallubri.com.br\/?product=adaptador-para-acopladores-2016-a-lupus","title":{"rendered":"Adaptador Standard &#8211; 2016-A &#8211; Lupus"},"content":{"rendered":"<p>Pratico para lubrificar rolamentos.<\/p>\n<p>Descri\u00e7\u00e3o:Adaptador para Acopladores<br \/>\nEm a\u00e7o, para lubrifica\u00e7\u00e3o de rolamentos, adapt\u00e1vel a rosca 1\/8&#8243; NPT.<\/p>\n<p>Embalagem 10 unidades<\/p>\n<p>Peso 50 g<br \/>\nMedidas (A) 65 mm x (L) 14 mm<\/p>\n","protected":false},"excerpt":{"rendered":"<p>Pratico para lubrificar rolamentos. Descri\u00e7\u00e3o:Adaptador para Acopladores Em a\u00e7o, para lubrifica\u00e7\u00e3o de rolamentos, adapt\u00e1vel a rosca 1\/8&#8243; NPT. Embalagem 10 unidades Peso 50 g Medidas (A) 65 mm x (L) 14 mm<\/p>\n","protected":false},"featured_media":2634,"comment_status":"open","ping_status":"closed","template":"","meta":{"_exactmetrics_skip_tracking":false,"_exactmetrics_sitenote_active":false,"_exactmetrics_sitenote_note":"","_exactmetrics_sitenote_category":0},"product_brand":[],"product_cat":[56],"product_tag":[],"class_list":{"0":"post-2633","1":"product","2":"type-product","3":"status-publish","4":"has-post-thumbnail","6":"product_cat-graxa","8":"first","9":"instock","10":"shipping-taxable","11":"product-type-simple"},"_links":{"self":[{"href":"https:\/\/totallubri.com.br\/index.php?rest_route=\/wp\/v2\/product\/2633","targetHints":{"allow":["GET"]}}],"collection":[{"href":"https:\/\/totallubri.com.br\/index.php?rest_route=\/wp\/v2\/product"}],"about":[{"href":"https:\/\/totallubri.com.br\/index.php?rest_route=\/wp\/v2\/types\/product"}],"replies":[{"embeddable":true,"href":"https:\/\/totallubri.com.br\/index.php?rest_route=%2Fwp%2Fv2%2Fcomments&post=2633"}],"wp:featuredmedia":[{"embeddable":true,"href":"https:\/\/totallubri.com.br\/index.php?rest_route=\/wp\/v2\/media\/2634"}],"wp:attachment":[{"href":"https:\/\/totallubri.com.br\/index.php?rest_route=%2Fwp%2Fv2%2Fmedia&parent=2633"}],"wp:term":[{"taxonomy":"product_brand","embeddable":true,"href":"https:\/\/totallubri.com.br\/index.php?rest_route=%2Fwp%2Fv2%2Fproduct_brand&post=2633"},{"taxonomy":"product_cat","embeddable":true,"href":"https:\/\/totallubri.com.br\/index.php?rest_route=%2Fwp%2Fv2%2Fproduct_cat&post=2633"},{"taxonomy":"product_tag","embeddable":true,"href":"https:\/\/totallubri.com.br\/index.php?rest_route=%2Fwp%2Fv2%2Fproduct_tag&post=2633"}],"curies":[{"name":"wp","href":"https:\/\/api.w.org\/{rel}","templated":true}]}}