{"id":2647,"date":"2016-12-21T10:22:20","date_gmt":"2016-12-21T12:22:20","guid":{"rendered":"http:\/\/totallubri.com.br\/wp\/?post_type=product&#038;p=2647"},"modified":"2025-05-02T13:47:11","modified_gmt":"2025-05-02T16:47:11","slug":"bomba-manual-2015-f-lupus","status":"publish","type":"product","link":"https:\/\/totallubri.com.br\/?product=bomba-manual-2015-f-lupus","title":{"rendered":"Bomba Manual \u2013 2015-F \u2013 Lupus"},"content":{"rendered":"<p>Utilizada para trabalhos manuais, f\u00e1cil de utilizar, necessita uso das duas m\u00e3os para executar a tarefa e est\u00e1 dispon\u00edvel em sistema vai e vem.<\/p>\n<p>Descri\u00e7\u00e3o:<br \/>\nEm a\u00e7o, com sistema vai e vem.<\/p>\n<p>Capacidade 150 g<br \/>\nBico f\u00eamea<\/p>\n<p>Peso 400 g<br \/>\nMedidas (A) 235 mm x (L) 50 mm<\/p>\n","protected":false},"excerpt":{"rendered":"<p>Utilizada para trabalhos manuais, f\u00e1cil de utilizar, necessita uso das duas m\u00e3os para executar a tarefa e est\u00e1 dispon\u00edvel em sistema vai e vem. Descri\u00e7\u00e3o: Em a\u00e7o, com sistema vai e vem. Capacidade 150 g Bico f\u00eamea Peso 400 g Medidas (A) 235 mm x (L) 50 mm<\/p>\n","protected":false},"featured_media":2648,"comment_status":"open","ping_status":"closed","template":"","meta":{"_exactmetrics_skip_tracking":false,"_exactmetrics_sitenote_active":false,"_exactmetrics_sitenote_note":"","_exactmetrics_sitenote_category":0},"product_brand":[],"product_cat":[99],"product_tag":[],"class_list":{"0":"post-2647","1":"product","2":"type-product","3":"status-publish","4":"has-post-thumbnail","6":"product_cat-bomba-manual-para-liquidos","8":"first","9":"instock","10":"shipping-taxable","11":"product-type-simple"},"_links":{"self":[{"href":"https:\/\/totallubri.com.br\/index.php?rest_route=\/wp\/v2\/product\/2647","targetHints":{"allow":["GET"]}}],"collection":[{"href":"https:\/\/totallubri.com.br\/index.php?rest_route=\/wp\/v2\/product"}],"about":[{"href":"https:\/\/totallubri.com.br\/index.php?rest_route=\/wp\/v2\/types\/product"}],"replies":[{"embeddable":true,"href":"https:\/\/totallubri.com.br\/index.php?rest_route=%2Fwp%2Fv2%2Fcomments&post=2647"}],"wp:featuredmedia":[{"embeddable":true,"href":"https:\/\/totallubri.com.br\/index.php?rest_route=\/wp\/v2\/media\/2648"}],"wp:attachment":[{"href":"https:\/\/totallubri.com.br\/index.php?rest_route=%2Fwp%2Fv2%2Fmedia&parent=2647"}],"wp:term":[{"taxonomy":"product_brand","embeddable":true,"href":"https:\/\/totallubri.com.br\/index.php?rest_route=%2Fwp%2Fv2%2Fproduct_brand&post=2647"},{"taxonomy":"product_cat","embeddable":true,"href":"https:\/\/totallubri.com.br\/index.php?rest_route=%2Fwp%2Fv2%2Fproduct_cat&post=2647"},{"taxonomy":"product_tag","embeddable":true,"href":"https:\/\/totallubri.com.br\/index.php?rest_route=%2Fwp%2Fv2%2Fproduct_tag&post=2647"}],"curies":[{"name":"wp","href":"https:\/\/api.w.org\/{rel}","templated":true}]}}