{"id":2662,"date":"2016-12-21T10:42:57","date_gmt":"2016-12-21T12:42:57","guid":{"rendered":"http:\/\/totallubri.com.br\/wp\/?post_type=product&#038;p=2662"},"modified":"2025-05-02T12:44:47","modified_gmt":"2025-05-02T15:44:47","slug":"bomba-manual-de-pedal-7000-p-lupus","status":"publish","type":"product","link":"https:\/\/totallubri.com.br\/?product=bomba-manual-de-pedal-7000-p-lupus","title":{"rendered":"Bomba Manual de Pedal \u2013 7000-P \u2013 Lupus"},"content":{"rendered":"<p>Utilizada para trabalhos manuais, f\u00e1cil de utilizar, necessita uso de uma das m\u00e3os e o p\u00e9 para bombear a graxa sistema de Pedal.<\/p>\n<p>Descri\u00e7\u00e3o:Bomba Manual de Pedal<br \/>\nEm chapa de a\u00e7o, \u00e0 pedal, alta press\u00e3o, com comando de graxa, compactador e reservat\u00f3rio com carrinho acoplado.<\/p>\n<p>Capacidade . 8 kg<br \/>\nAcionamento . pedal<br \/>\nPress\u00e3o m\u00e1xima de opera\u00e7\u00e3o 4.000 PSI<br \/>\nMangueira . 1,30 m \/ \u00f8 1\/4\u201d<\/p>\n<p>Peso: 10 kg<br \/>\nMedidas: (A) 560 mm x (L) 170 mm x (C) 400 mm<\/p>\n","protected":false},"excerpt":{"rendered":"<p>Utilizada para trabalhos manuais, f\u00e1cil de utilizar, necessita uso de uma das m\u00e3os e o p\u00e9 para bombear a graxa sistema de Pedal. Descri\u00e7\u00e3o:Bomba Manual de Pedal Em chapa de a\u00e7o, \u00e0 pedal, alta press\u00e3o, com comando de graxa, compactador e reservat\u00f3rio com carrinho acoplado. Capacidade . 8 kg Acionamento . pedal Press\u00e3o m\u00e1xima de [&hellip;]<\/p>\n","protected":false},"featured_media":2663,"comment_status":"open","ping_status":"closed","template":"","meta":{"_exactmetrics_skip_tracking":false,"_exactmetrics_sitenote_active":false,"_exactmetrics_sitenote_note":"","_exactmetrics_sitenote_category":0},"product_brand":[],"product_cat":[99],"product_tag":[],"class_list":{"0":"post-2662","1":"product","2":"type-product","3":"status-publish","4":"has-post-thumbnail","6":"product_cat-bomba-manual-para-liquidos","8":"first","9":"instock","10":"shipping-taxable","11":"product-type-simple"},"_links":{"self":[{"href":"https:\/\/totallubri.com.br\/index.php?rest_route=\/wp\/v2\/product\/2662","targetHints":{"allow":["GET"]}}],"collection":[{"href":"https:\/\/totallubri.com.br\/index.php?rest_route=\/wp\/v2\/product"}],"about":[{"href":"https:\/\/totallubri.com.br\/index.php?rest_route=\/wp\/v2\/types\/product"}],"replies":[{"embeddable":true,"href":"https:\/\/totallubri.com.br\/index.php?rest_route=%2Fwp%2Fv2%2Fcomments&post=2662"}],"wp:featuredmedia":[{"embeddable":true,"href":"https:\/\/totallubri.com.br\/index.php?rest_route=\/wp\/v2\/media\/2663"}],"wp:attachment":[{"href":"https:\/\/totallubri.com.br\/index.php?rest_route=%2Fwp%2Fv2%2Fmedia&parent=2662"}],"wp:term":[{"taxonomy":"product_brand","embeddable":true,"href":"https:\/\/totallubri.com.br\/index.php?rest_route=%2Fwp%2Fv2%2Fproduct_brand&post=2662"},{"taxonomy":"product_cat","embeddable":true,"href":"https:\/\/totallubri.com.br\/index.php?rest_route=%2Fwp%2Fv2%2Fproduct_cat&post=2662"},{"taxonomy":"product_tag","embeddable":true,"href":"https:\/\/totallubri.com.br\/index.php?rest_route=%2Fwp%2Fv2%2Fproduct_tag&post=2662"}],"curies":[{"name":"wp","href":"https:\/\/api.w.org\/{rel}","templated":true}]}}