{"id":2670,"date":"2016-12-21T10:52:43","date_gmt":"2016-12-21T12:52:43","guid":{"rendered":"http:\/\/totallubri.com.br\/wp\/?post_type=product&#038;p=2670"},"modified":"2025-05-02T12:39:54","modified_gmt":"2025-05-02T15:39:54","slug":"bomba-manual-para-graxa-bozza-7029-g2","status":"publish","type":"product","link":"https:\/\/totallubri.com.br\/?product=bomba-manual-para-graxa-bozza-7029-g2","title":{"rendered":"Bomba Manual para Graxa \u2013 Bozza-G2-BOZZA"},"content":{"rendered":"<p>Utilizada em equipamentos e m\u00e1quinas que necessitam de pouca vaz\u00e3o na hora da Lubrifica\u00e7\u00e3o com Graxa. utiliza o sistema de Alavanca, comporta cartuchos de graxa, e trabalhamos com outros modelos manuais que atendem na medida certa a sua necessidade ligue e confira.<\/p>\n<p>detalhes do produto:<\/p>\n<div><strong>Caracter\u00edsticas<\/strong><\/div>\n<div>| Bomba manual para graxa<\/div>\n<div>| Acoplador hidr\u00e1ulico (mod. 310-C-NEWS)<\/div>\n<div>| Alavanca lateral com cabo de borracha<\/div>\n<div>| Extens\u00e3o flex\u00edvel e r\u00edgida<\/div>\n<div>| Permite a utiliza\u00e7\u00e3o de cartucho de graxa de 400gr<\/div>\n<div>| Peso bruto: 1,284kg<\/div>\n<div><\/div>\n<div>\n<div><strong>Dados T\u00e9cnicos<\/strong><\/div>\n<div>| Capacidade 500gr<\/div>\n<div>| Vaz\u00e3o livre 0,70gr\/acionamento<\/div>\n<div>| Desenvolve at\u00e9 6.000 PSI \/ 414 BAR<\/div>\n<\/div>\n<p>&#8211; Vaz\u00e3o de 0,70 g por acionamento<br \/>\n&#8211; Largura: 128 mm \/ Altura: 550 mm<br \/>\n&#8211; Peso l\u00edquido: 1,470 kg<br \/>\n&#8211; Peso bruto: 1,511 kg<\/p>\n","protected":false},"excerpt":{"rendered":"<p>Utilizada em equipamentos e m\u00e1quinas que necessitam de pouca vaz\u00e3o na hora da Lubrifica\u00e7\u00e3o com Graxa. utiliza o sistema de Alavanca, comporta cartuchos de graxa, e trabalhamos com outros modelos manuais que atendem na medida certa a sua necessidade ligue e confira. detalhes do produto: Caracter\u00edsticas | Bomba manual para graxa | Acoplador hidr\u00e1ulico (mod. [&hellip;]<\/p>\n","protected":false},"featured_media":8166,"comment_status":"open","ping_status":"closed","template":"","meta":{"_exactmetrics_skip_tracking":false,"_exactmetrics_sitenote_active":false,"_exactmetrics_sitenote_note":"","_exactmetrics_sitenote_category":0},"product_brand":[],"product_cat":[99],"product_tag":[],"class_list":{"0":"post-2670","1":"product","2":"type-product","3":"status-publish","4":"has-post-thumbnail","6":"product_cat-bomba-manual-para-liquidos","8":"first","9":"instock","10":"shipping-taxable","11":"product-type-simple"},"_links":{"self":[{"href":"https:\/\/totallubri.com.br\/index.php?rest_route=\/wp\/v2\/product\/2670","targetHints":{"allow":["GET"]}}],"collection":[{"href":"https:\/\/totallubri.com.br\/index.php?rest_route=\/wp\/v2\/product"}],"about":[{"href":"https:\/\/totallubri.com.br\/index.php?rest_route=\/wp\/v2\/types\/product"}],"replies":[{"embeddable":true,"href":"https:\/\/totallubri.com.br\/index.php?rest_route=%2Fwp%2Fv2%2Fcomments&post=2670"}],"wp:featuredmedia":[{"embeddable":true,"href":"https:\/\/totallubri.com.br\/index.php?rest_route=\/wp\/v2\/media\/8166"}],"wp:attachment":[{"href":"https:\/\/totallubri.com.br\/index.php?rest_route=%2Fwp%2Fv2%2Fmedia&parent=2670"}],"wp:term":[{"taxonomy":"product_brand","embeddable":true,"href":"https:\/\/totallubri.com.br\/index.php?rest_route=%2Fwp%2Fv2%2Fproduct_brand&post=2670"},{"taxonomy":"product_cat","embeddable":true,"href":"https:\/\/totallubri.com.br\/index.php?rest_route=%2Fwp%2Fv2%2Fproduct_cat&post=2670"},{"taxonomy":"product_tag","embeddable":true,"href":"https:\/\/totallubri.com.br\/index.php?rest_route=%2Fwp%2Fv2%2Fproduct_tag&post=2670"}],"curies":[{"name":"wp","href":"https:\/\/api.w.org\/{rel}","templated":true}]}}