{"id":2678,"date":"2016-12-21T11:02:30","date_gmt":"2016-12-21T13:02:30","guid":{"rendered":"http:\/\/totallubri.com.br\/wp\/?post_type=product&#038;p=2678"},"modified":"2025-05-02T12:34:23","modified_gmt":"2025-05-02T15:34:23","slug":"bomba-manual-para-graxa-bozza-8020","status":"publish","type":"product","link":"https:\/\/totallubri.com.br\/?product=bomba-manual-para-graxa-bozza-8020","title":{"rendered":"Bomba Manual para Graxa -8020-G3 -BOZZA"},"content":{"rendered":"<p>Utilizada em equipamentos e m\u00e1quinas que ficam fixos n\u00e3o podendo ser deslocados do local de trabalho. utiliza o sistema de Alavanca, comporta 14 kg de graxa, e trabalhamos com outras op\u00e7\u00f5es de marcas e modelos manuais que atendem na medida certa a necessidade da sua empresa ligue e confira.<\/p>\n<p>detalhes do produto<\/p>\n<div><strong>Caracter\u00edsticas<\/strong><\/div>\n<div>|\u00a0Bomba Manual para Graxa<\/div>\n<div>\n<div>| Pintura eletrost\u00e1tica a p\u00f3<\/div>\n<div>| Mangueira de alta press\u00e3o de \u00bc\u201d com 1.3m (mod.6630-1.3)<\/div>\n<div>| Extens\u00e3o r\u00edgida e acoplador hidr\u00e1ulico<\/div>\n<div>| Strike System: Conjunto com mola e compactador de graxa met\u00e1lico com raspador de borracha<\/div>\n<div>| Bombeamento por deslocamento da alavanca<\/div>\n<div><\/div>\n<\/div>\n<div><strong>Dados T\u00e9cnicos<\/strong><\/div>\n<div>| Reservat\u00f3rio de 14 kg<\/div>\n<div>| Vaz\u00e3o: 12g\/ciclo<\/div>\n<div>| Pintura eletrost\u00e1tica a p\u00f3<\/div>\n<div>| Press\u00e3o m\u00e1xima de 3.500 PSI<\/div>\n<div><\/div>\n<div><strong>Itens Opcionais<\/strong><\/div>\n<div>\n<div>| Mangueira de \u00bc\u201d com 3m (mod.6630-3)<\/div>\n<div>| Mangueira de \u00bc\u201d com 5m (mod.6630-5)<\/div>\n<\/div>\n<div><\/div>\n<div>&#8211; Largura: 420 mm \/ Altura: 730 mm<br \/>\n&#8211; Peso l\u00edquido: 5,829 kg<br \/>\n&#8211; Peso bruto: 6,647 kg<br \/>\n&#8211; Quantidade de volumes: 1<br \/>\n&#8211; Dimens\u00f5es da embalagem: 300 mm (C) X 300 mm (L) X 510 mm (A)<\/div>\n<p>Obs.: Todos os resultados apresentados acima foram obtidos de bombas com vaz\u00e3o livre. Lubrificantes utilizados: graxa de consist\u00eancia grau 2 NLGI. Temperatura ambiente. Outra consist\u00eancia de graxa, sob consulta.<\/p>\n","protected":false},"excerpt":{"rendered":"<p>Utilizada em equipamentos e m\u00e1quinas que ficam fixos n\u00e3o podendo ser deslocados do local de trabalho. utiliza o sistema de Alavanca, comporta 14 kg de graxa, e trabalhamos com outras op\u00e7\u00f5es de marcas e modelos manuais que atendem na medida certa a necessidade da sua empresa ligue e confira. detalhes do produto Caracter\u00edsticas |\u00a0Bomba Manual [&hellip;]<\/p>\n","protected":false},"featured_media":6746,"comment_status":"open","ping_status":"closed","template":"","meta":{"_exactmetrics_skip_tracking":false,"_exactmetrics_sitenote_active":false,"_exactmetrics_sitenote_note":"","_exactmetrics_sitenote_category":0},"product_brand":[],"product_cat":[99],"product_tag":[],"class_list":{"0":"post-2678","1":"product","2":"type-product","3":"status-publish","4":"has-post-thumbnail","6":"product_cat-bomba-manual-para-liquidos","8":"first","9":"instock","10":"shipping-taxable","11":"product-type-simple"},"_links":{"self":[{"href":"https:\/\/totallubri.com.br\/index.php?rest_route=\/wp\/v2\/product\/2678","targetHints":{"allow":["GET"]}}],"collection":[{"href":"https:\/\/totallubri.com.br\/index.php?rest_route=\/wp\/v2\/product"}],"about":[{"href":"https:\/\/totallubri.com.br\/index.php?rest_route=\/wp\/v2\/types\/product"}],"replies":[{"embeddable":true,"href":"https:\/\/totallubri.com.br\/index.php?rest_route=%2Fwp%2Fv2%2Fcomments&post=2678"}],"wp:featuredmedia":[{"embeddable":true,"href":"https:\/\/totallubri.com.br\/index.php?rest_route=\/wp\/v2\/media\/6746"}],"wp:attachment":[{"href":"https:\/\/totallubri.com.br\/index.php?rest_route=%2Fwp%2Fv2%2Fmedia&parent=2678"}],"wp:term":[{"taxonomy":"product_brand","embeddable":true,"href":"https:\/\/totallubri.com.br\/index.php?rest_route=%2Fwp%2Fv2%2Fproduct_brand&post=2678"},{"taxonomy":"product_cat","embeddable":true,"href":"https:\/\/totallubri.com.br\/index.php?rest_route=%2Fwp%2Fv2%2Fproduct_cat&post=2678"},{"taxonomy":"product_tag","embeddable":true,"href":"https:\/\/totallubri.com.br\/index.php?rest_route=%2Fwp%2Fv2%2Fproduct_tag&post=2678"}],"curies":[{"name":"wp","href":"https:\/\/api.w.org\/{rel}","templated":true}]}}