{"id":2756,"date":"2016-12-22T10:32:39","date_gmt":"2016-12-22T12:32:39","guid":{"rendered":"http:\/\/totallubri.com.br\/wp\/?post_type=product&#038;p=2756"},"modified":"2017-03-17T14:19:20","modified_gmt":"2017-03-17T17:19:20","slug":"comando-de-graxa-com-conexao-giratoria-em-z-1974-lupus","status":"publish","type":"product","link":"https:\/\/totallubri.com.br\/?product=comando-de-graxa-com-conexao-giratoria-em-z-1974-lupus","title":{"rendered":"Comando de Graxa com Conex\u00e3o Girat\u00f3ria em Z &#8211; 1974 &#8211; Lupus"},"content":{"rendered":"<p>Utilizado na condu\u00e7\u00e3o e controle da sa\u00edda da graxa na Lubrifica\u00e7ao.<\/p>\n<p>Descri\u00e7\u00e3o: Comando para Graxa com Conex\u00e3o Girat\u00f3ria em Z<br \/>\nEm alum\u00ednio, com v\u00e1lvula em a\u00e7o e conex\u00e3o girat\u00f3ria.<\/p>\n<p>Entrada 1\/2&#8243; NS-27\/ macho<br \/>\nPress\u00e3o m\u00e1xima de opera\u00e7\u00e3o 8.000 PSI<\/p>\n<p>INCLUI CONEX\u00c3O GIRAT\u00d3RIA 1965-C COM ROSCA MACHO DE 1\/8&#8243;<\/p>\n<p>Peso 885 g<br \/>\nMedidas (L) 240 mm<\/p>\n","protected":false},"excerpt":{"rendered":"<p>Utilizado na condu\u00e7\u00e3o e controle da sa\u00edda da graxa na Lubrifica\u00e7ao. Descri\u00e7\u00e3o: Comando para Graxa com Conex\u00e3o Girat\u00f3ria em Z Em alum\u00ednio, com v\u00e1lvula em a\u00e7o e conex\u00e3o girat\u00f3ria. Entrada 1\/2&#8243; NS-27\/ macho Press\u00e3o m\u00e1xima de opera\u00e7\u00e3o 8.000 PSI INCLUI CONEX\u00c3O GIRAT\u00d3RIA 1965-C COM ROSCA MACHO DE 1\/8&#8243; Peso 885 g Medidas (L) 240 mm<\/p>\n","protected":false},"featured_media":2757,"comment_status":"open","ping_status":"closed","template":"","meta":{"_exactmetrics_skip_tracking":false,"_exactmetrics_sitenote_active":false,"_exactmetrics_sitenote_note":"","_exactmetrics_sitenote_category":0},"product_brand":[],"product_cat":[56],"product_tag":[],"class_list":{"0":"post-2756","1":"product","2":"type-product","3":"status-publish","4":"has-post-thumbnail","6":"product_cat-graxa","8":"first","9":"instock","10":"shipping-taxable","11":"product-type-simple"},"_links":{"self":[{"href":"https:\/\/totallubri.com.br\/index.php?rest_route=\/wp\/v2\/product\/2756","targetHints":{"allow":["GET"]}}],"collection":[{"href":"https:\/\/totallubri.com.br\/index.php?rest_route=\/wp\/v2\/product"}],"about":[{"href":"https:\/\/totallubri.com.br\/index.php?rest_route=\/wp\/v2\/types\/product"}],"replies":[{"embeddable":true,"href":"https:\/\/totallubri.com.br\/index.php?rest_route=%2Fwp%2Fv2%2Fcomments&post=2756"}],"wp:featuredmedia":[{"embeddable":true,"href":"https:\/\/totallubri.com.br\/index.php?rest_route=\/wp\/v2\/media\/2757"}],"wp:attachment":[{"href":"https:\/\/totallubri.com.br\/index.php?rest_route=%2Fwp%2Fv2%2Fmedia&parent=2756"}],"wp:term":[{"taxonomy":"product_brand","embeddable":true,"href":"https:\/\/totallubri.com.br\/index.php?rest_route=%2Fwp%2Fv2%2Fproduct_brand&post=2756"},{"taxonomy":"product_cat","embeddable":true,"href":"https:\/\/totallubri.com.br\/index.php?rest_route=%2Fwp%2Fv2%2Fproduct_cat&post=2756"},{"taxonomy":"product_tag","embeddable":true,"href":"https:\/\/totallubri.com.br\/index.php?rest_route=%2Fwp%2Fv2%2Fproduct_tag&post=2756"}],"curies":[{"name":"wp","href":"https:\/\/api.w.org\/{rel}","templated":true}]}}