{"id":2807,"date":"2016-12-22T11:13:40","date_gmt":"2016-12-22T13:13:40","guid":{"rendered":"http:\/\/totallubri.com.br\/wp\/?post_type=product&#038;p=2807"},"modified":"2025-01-19T21:07:17","modified_gmt":"2025-01-20T00:07:17","slug":"conjunto-para-instalacao-remota-4527-lupus","status":"publish","type":"product","link":"https:\/\/totallubri.com.br\/?product=conjunto-para-instalacao-remota-4527-lupus","title":{"rendered":"Conjunto para Instala\u00e7\u00e3o Remota &#8211; 4527 &#8211; Lupus"},"content":{"rendered":"<p>Conjunto para Instala\u00e7\u00e3o Remota<br \/>\nPara uso excluso em equipamentos Pulsarlube<\/p>\n<p>Pontos remotos 08<\/p>\n<p>Peso 1,17 kg<\/p>\n","protected":false},"excerpt":{"rendered":"<p>Conjunto para Instala\u00e7\u00e3o Remota Para uso excluso em equipamentos Pulsarlube Pontos remotos 08 Peso 1,17 kg<\/p>\n","protected":false},"featured_media":2808,"comment_status":"open","ping_status":"closed","template":"","meta":{"_exactmetrics_skip_tracking":false,"_exactmetrics_sitenote_active":false,"_exactmetrics_sitenote_note":"","_exactmetrics_sitenote_category":0},"product_brand":[],"product_cat":[130],"product_tag":[],"class_list":{"0":"post-2807","1":"product","2":"type-product","3":"status-publish","4":"has-post-thumbnail","6":"product_cat-itens-para-manutencao-em-geral","8":"first","9":"instock","10":"shipping-taxable","11":"product-type-simple"},"_links":{"self":[{"href":"https:\/\/totallubri.com.br\/index.php?rest_route=\/wp\/v2\/product\/2807","targetHints":{"allow":["GET"]}}],"collection":[{"href":"https:\/\/totallubri.com.br\/index.php?rest_route=\/wp\/v2\/product"}],"about":[{"href":"https:\/\/totallubri.com.br\/index.php?rest_route=\/wp\/v2\/types\/product"}],"replies":[{"embeddable":true,"href":"https:\/\/totallubri.com.br\/index.php?rest_route=%2Fwp%2Fv2%2Fcomments&post=2807"}],"wp:featuredmedia":[{"embeddable":true,"href":"https:\/\/totallubri.com.br\/index.php?rest_route=\/wp\/v2\/media\/2808"}],"wp:attachment":[{"href":"https:\/\/totallubri.com.br\/index.php?rest_route=%2Fwp%2Fv2%2Fmedia&parent=2807"}],"wp:term":[{"taxonomy":"product_brand","embeddable":true,"href":"https:\/\/totallubri.com.br\/index.php?rest_route=%2Fwp%2Fv2%2Fproduct_brand&post=2807"},{"taxonomy":"product_cat","embeddable":true,"href":"https:\/\/totallubri.com.br\/index.php?rest_route=%2Fwp%2Fv2%2Fproduct_cat&post=2807"},{"taxonomy":"product_tag","embeddable":true,"href":"https:\/\/totallubri.com.br\/index.php?rest_route=%2Fwp%2Fv2%2Fproduct_tag&post=2807"}],"curies":[{"name":"wp","href":"https:\/\/api.w.org\/{rel}","templated":true}]}}