{"id":2810,"date":"2016-12-22T11:19:46","date_gmt":"2016-12-22T13:19:46","guid":{"rendered":"http:\/\/totallubri.com.br\/wp\/?post_type=product&#038;p=2810"},"modified":"2024-12-29T21:04:36","modified_gmt":"2024-12-30T00:04:36","slug":"vets1000-valvula-de-esfera-tripartida-serie-1000-classe-300","status":"publish","type":"product","link":"https:\/\/totallubri.com.br\/?product=vets1000-valvula-de-esfera-tripartida-serie-1000-classe-300","title":{"rendered":"VETS1000 \u2013 V\u00e1lvula de Esfera Tripartida S\u00e9rie 1000 Classe 300 -LUPUS"},"content":{"rendered":"<p>VETS1000 &#8211; V\u00e1lvula de Esfera Tripartida S\u00e9rie 1000 Classe 300<br \/>\nEstrutura tubular desenvolvida com maior n\u00famero de parafusos, proporcionando maior seguran\u00e7a a vazamentos externos, aumentando a robustez da v\u00e1lvula.<\/p>\n<p>Dotada de guias de apoio para alojamento dos parafusos, o que proporciona maior resist\u00eancia, eliminando empenamento das tampas.<\/p>\n<p>V\u00e1lvula tripartida com exclusivo sistema de veda\u00e7\u00f5es enclausuradas que aumenta a resist\u00eancia das sedes de veda\u00e7\u00e3o, melhorando o desempenho da v\u00e1lvula.<\/p>\n<p>De f\u00e1cil aplica\u00e7\u00e3o para trava de cadeado.<\/p>\n","protected":false},"excerpt":{"rendered":"<p>VETS1000 &#8211; V\u00e1lvula de Esfera Tripartida S\u00e9rie 1000 Classe 300 Estrutura tubular desenvolvida com maior n\u00famero de parafusos, proporcionando maior seguran\u00e7a a vazamentos externos, aumentando a robustez da v\u00e1lvula. Dotada de guias de apoio para alojamento dos parafusos, o que proporciona maior resist\u00eancia, eliminando empenamento das tampas. V\u00e1lvula tripartida com exclusivo sistema de veda\u00e7\u00f5es enclausuradas [&hellip;]<\/p>\n","protected":false},"featured_media":2818,"comment_status":"open","ping_status":"closed","template":"","meta":{"_exactmetrics_skip_tracking":false,"_exactmetrics_sitenote_active":false,"_exactmetrics_sitenote_note":"","_exactmetrics_sitenote_category":0},"product_brand":[],"product_cat":[130],"product_tag":[],"class_list":{"0":"post-2810","1":"product","2":"type-product","3":"status-publish","4":"has-post-thumbnail","6":"product_cat-itens-para-manutencao-em-geral","8":"first","9":"instock","10":"shipping-taxable","11":"product-type-simple"},"_links":{"self":[{"href":"https:\/\/totallubri.com.br\/index.php?rest_route=\/wp\/v2\/product\/2810","targetHints":{"allow":["GET"]}}],"collection":[{"href":"https:\/\/totallubri.com.br\/index.php?rest_route=\/wp\/v2\/product"}],"about":[{"href":"https:\/\/totallubri.com.br\/index.php?rest_route=\/wp\/v2\/types\/product"}],"replies":[{"embeddable":true,"href":"https:\/\/totallubri.com.br\/index.php?rest_route=%2Fwp%2Fv2%2Fcomments&post=2810"}],"wp:featuredmedia":[{"embeddable":true,"href":"https:\/\/totallubri.com.br\/index.php?rest_route=\/wp\/v2\/media\/2818"}],"wp:attachment":[{"href":"https:\/\/totallubri.com.br\/index.php?rest_route=%2Fwp%2Fv2%2Fmedia&parent=2810"}],"wp:term":[{"taxonomy":"product_brand","embeddable":true,"href":"https:\/\/totallubri.com.br\/index.php?rest_route=%2Fwp%2Fv2%2Fproduct_brand&post=2810"},{"taxonomy":"product_cat","embeddable":true,"href":"https:\/\/totallubri.com.br\/index.php?rest_route=%2Fwp%2Fv2%2Fproduct_cat&post=2810"},{"taxonomy":"product_tag","embeddable":true,"href":"https:\/\/totallubri.com.br\/index.php?rest_route=%2Fwp%2Fv2%2Fproduct_tag&post=2810"}],"curies":[{"name":"wp","href":"https:\/\/api.w.org\/{rel}","templated":true}]}}