{"id":2870,"date":"2016-12-22T11:36:22","date_gmt":"2016-12-22T13:36:22","guid":{"rendered":"http:\/\/totallubri.com.br\/wp\/?post_type=product&#038;p=2870"},"modified":"2016-12-22T11:36:22","modified_gmt":"2016-12-22T13:36:22","slug":"extensao-rigida-1968-lupus","status":"publish","type":"product","link":"https:\/\/totallubri.com.br\/?product=extensao-rigida-1968-lupus","title":{"rendered":"Extens\u00e3o Rigida &#8211; 1968 &#8211; Lupus"},"content":{"rendered":"<p>Ideal para trabalhos com Graxa e pontos fixo para engraxar.<\/p>\n<p>Descri\u00e7\u00e3o:Extensao Rigida<br \/>\nEm a\u00e7o, para trabalhos com bombas manuais e comandos de graxa.<\/p>\n<p>Comprimento linear 150 mm<br \/>\nEntrada e sa\u00edda 1\/8&#8243; NPT\/ macho<\/p>\n<p>Peso 52 g<br \/>\nMedidas (C) 150 mm x 1\/8&#8243;<\/p>\n","protected":false},"excerpt":{"rendered":"<p>Ideal para trabalhos com Graxa e pontos fixo para engraxar. Descri\u00e7\u00e3o:Extensao Rigida Em a\u00e7o, para trabalhos com bombas manuais e comandos de graxa. Comprimento linear 150 mm Entrada e sa\u00edda 1\/8&#8243; NPT\/ macho Peso 52 g Medidas (C) 150 mm x 1\/8&#8243;<\/p>\n","protected":false},"featured_media":2873,"comment_status":"open","ping_status":"closed","template":"","meta":{"_exactmetrics_skip_tracking":false,"_exactmetrics_sitenote_active":false,"_exactmetrics_sitenote_note":"","_exactmetrics_sitenote_category":0},"product_brand":[],"product_cat":[56],"product_tag":[],"class_list":{"0":"post-2870","1":"product","2":"type-product","3":"status-publish","4":"has-post-thumbnail","6":"product_cat-graxa","8":"first","9":"instock","10":"shipping-taxable","11":"product-type-simple"},"_links":{"self":[{"href":"https:\/\/totallubri.com.br\/index.php?rest_route=\/wp\/v2\/product\/2870","targetHints":{"allow":["GET"]}}],"collection":[{"href":"https:\/\/totallubri.com.br\/index.php?rest_route=\/wp\/v2\/product"}],"about":[{"href":"https:\/\/totallubri.com.br\/index.php?rest_route=\/wp\/v2\/types\/product"}],"replies":[{"embeddable":true,"href":"https:\/\/totallubri.com.br\/index.php?rest_route=%2Fwp%2Fv2%2Fcomments&post=2870"}],"wp:featuredmedia":[{"embeddable":true,"href":"https:\/\/totallubri.com.br\/index.php?rest_route=\/wp\/v2\/media\/2873"}],"wp:attachment":[{"href":"https:\/\/totallubri.com.br\/index.php?rest_route=%2Fwp%2Fv2%2Fmedia&parent=2870"}],"wp:term":[{"taxonomy":"product_brand","embeddable":true,"href":"https:\/\/totallubri.com.br\/index.php?rest_route=%2Fwp%2Fv2%2Fproduct_brand&post=2870"},{"taxonomy":"product_cat","embeddable":true,"href":"https:\/\/totallubri.com.br\/index.php?rest_route=%2Fwp%2Fv2%2Fproduct_cat&post=2870"},{"taxonomy":"product_tag","embeddable":true,"href":"https:\/\/totallubri.com.br\/index.php?rest_route=%2Fwp%2Fv2%2Fproduct_tag&post=2870"}],"curies":[{"name":"wp","href":"https:\/\/api.w.org\/{rel}","templated":true}]}}