{"id":2889,"date":"2016-12-22T11:43:28","date_gmt":"2016-12-22T13:43:28","guid":{"rendered":"http:\/\/totallubri.com.br\/wp\/?post_type=product&#038;p=2889"},"modified":"2024-11-22T10:41:56","modified_gmt":"2024-11-22T13:41:56","slug":"bomba-manual-para-oleo-lubrificante-9005-c","status":"publish","type":"product","link":"https:\/\/totallubri.com.br\/?product=bomba-manual-para-oleo-lubrificante-9005-c","title":{"rendered":"Bomba manual para \u00f3leo lubrificante \u2013 9005-C \u2013 LUPUS"},"content":{"rendered":"<p>Utilizada para trabalhos manuais, f\u00e1cil de utilizar, f\u00e1cil para transportar ,e est\u00e1 dispon\u00edvel em sistema de Alavanca, uso deslocando a alavanca para o bombeamento do \u00f3leo.<\/p>\n<p>Descri\u00e7\u00e3o: Bomba manual para \u00f3leo lubrificante<\/p>\n<p>Em chapa de a\u00e7o, com mangueira para abastecimento, bengala e carrinho.<\/p>\n<p>Capacidade 18\u00a0L<br \/>\nVaz\u00e3o livre 125 ml\/ciclo<br \/>\nPress\u00e3o m\u00e1xima de opera\u00e7\u00e3o 50 PSI<br \/>\nMangueira 1,3 m<\/p>\n<p>Peso 9 kg<br \/>\nMedidas (A) 830 mm x (L) 590 mm<\/p>\n","protected":false},"excerpt":{"rendered":"<p>Utilizada para trabalhos manuais, f\u00e1cil de utilizar, f\u00e1cil para transportar ,e est\u00e1 dispon\u00edvel em sistema de Alavanca, uso deslocando a alavanca para o bombeamento do \u00f3leo. Descri\u00e7\u00e3o: Bomba manual para \u00f3leo lubrificante Em chapa de a\u00e7o, com mangueira para abastecimento, bengala e carrinho. Capacidade 18\u00a0L Vaz\u00e3o livre 125 ml\/ciclo Press\u00e3o m\u00e1xima de opera\u00e7\u00e3o 50 PSI [&hellip;]<\/p>\n","protected":false},"featured_media":2893,"comment_status":"open","ping_status":"closed","template":"","meta":{"_exactmetrics_skip_tracking":false,"_exactmetrics_sitenote_active":false,"_exactmetrics_sitenote_note":"","_exactmetrics_sitenote_category":0},"product_brand":[],"product_cat":[99],"product_tag":[],"class_list":{"0":"post-2889","1":"product","2":"type-product","3":"status-publish","4":"has-post-thumbnail","6":"product_cat-bomba-manual-para-liquidos","8":"first","9":"instock","10":"shipping-taxable","11":"product-type-simple"},"_links":{"self":[{"href":"https:\/\/totallubri.com.br\/index.php?rest_route=\/wp\/v2\/product\/2889","targetHints":{"allow":["GET"]}}],"collection":[{"href":"https:\/\/totallubri.com.br\/index.php?rest_route=\/wp\/v2\/product"}],"about":[{"href":"https:\/\/totallubri.com.br\/index.php?rest_route=\/wp\/v2\/types\/product"}],"replies":[{"embeddable":true,"href":"https:\/\/totallubri.com.br\/index.php?rest_route=%2Fwp%2Fv2%2Fcomments&post=2889"}],"wp:featuredmedia":[{"embeddable":true,"href":"https:\/\/totallubri.com.br\/index.php?rest_route=\/wp\/v2\/media\/2893"}],"wp:attachment":[{"href":"https:\/\/totallubri.com.br\/index.php?rest_route=%2Fwp%2Fv2%2Fmedia&parent=2889"}],"wp:term":[{"taxonomy":"product_brand","embeddable":true,"href":"https:\/\/totallubri.com.br\/index.php?rest_route=%2Fwp%2Fv2%2Fproduct_brand&post=2889"},{"taxonomy":"product_cat","embeddable":true,"href":"https:\/\/totallubri.com.br\/index.php?rest_route=%2Fwp%2Fv2%2Fproduct_cat&post=2889"},{"taxonomy":"product_tag","embeddable":true,"href":"https:\/\/totallubri.com.br\/index.php?rest_route=%2Fwp%2Fv2%2Fproduct_tag&post=2889"}],"curies":[{"name":"wp","href":"https:\/\/api.w.org\/{rel}","templated":true}]}}