{"id":2917,"date":"2016-12-22T11:52:18","date_gmt":"2016-12-22T13:52:18","guid":{"rendered":"http:\/\/totallubri.com.br\/wp\/?post_type=product&#038;p=2917"},"modified":"2024-11-28T17:20:59","modified_gmt":"2024-11-28T20:20:59","slug":"bomba-pressurizada-para-abastecimento-9005-ps","status":"publish","type":"product","link":"https:\/\/totallubri.com.br\/?product=bomba-pressurizada-para-abastecimento-9005-ps","title":{"rendered":"Bomba pressurizada para abastecimento \u2013 9005-PS -LUPUS"},"content":{"rendered":"<p>Descri\u00e7\u00e3o: Bomba pressurizada para abastecimento<\/p>\n<p>Em chapa de a\u00e7o, com man\u00f4metro de controle de n\u00edvel de press\u00e3o, conector para entrada de ar comprimido, visor transl\u00facido para visualizar n\u00edvel do \u00f3leo.<\/p>\n<p>Capacidade 25 L<br \/>\nPress\u00e3o m\u00e1xima de opera\u00e7\u00e3o 100 PSI<br \/>\nMangueira 1,5 m<br \/>\nComando de \u00f3leo com gatilho bico antigotejante<\/p>\n<p>Peso 13 kg<br \/>\nMedidas (A) 730 mm x (L) 330 mm<\/p>\n","protected":false},"excerpt":{"rendered":"<p>Descri\u00e7\u00e3o: Bomba pressurizada para abastecimento Em chapa de a\u00e7o, com man\u00f4metro de controle de n\u00edvel de press\u00e3o, conector para entrada de ar comprimido, visor transl\u00facido para visualizar n\u00edvel do \u00f3leo. Capacidade 25 L Press\u00e3o m\u00e1xima de opera\u00e7\u00e3o 100 PSI Mangueira 1,5 m Comando de \u00f3leo com gatilho bico antigotejante Peso 13 kg Medidas (A) 730 [&hellip;]<\/p>\n","protected":false},"featured_media":2920,"comment_status":"open","ping_status":"closed","template":"","meta":{"_exactmetrics_skip_tracking":false,"_exactmetrics_sitenote_active":false,"_exactmetrics_sitenote_note":"","_exactmetrics_sitenote_category":0},"product_brand":[],"product_cat":[107],"product_tag":[],"class_list":{"0":"post-2917","1":"product","2":"type-product","3":"status-publish","4":"has-post-thumbnail","6":"product_cat-equipamentos-para-troca-de-oleo","8":"first","9":"instock","10":"shipping-taxable","11":"product-type-simple"},"_links":{"self":[{"href":"https:\/\/totallubri.com.br\/index.php?rest_route=\/wp\/v2\/product\/2917","targetHints":{"allow":["GET"]}}],"collection":[{"href":"https:\/\/totallubri.com.br\/index.php?rest_route=\/wp\/v2\/product"}],"about":[{"href":"https:\/\/totallubri.com.br\/index.php?rest_route=\/wp\/v2\/types\/product"}],"replies":[{"embeddable":true,"href":"https:\/\/totallubri.com.br\/index.php?rest_route=%2Fwp%2Fv2%2Fcomments&post=2917"}],"wp:featuredmedia":[{"embeddable":true,"href":"https:\/\/totallubri.com.br\/index.php?rest_route=\/wp\/v2\/media\/2920"}],"wp:attachment":[{"href":"https:\/\/totallubri.com.br\/index.php?rest_route=%2Fwp%2Fv2%2Fmedia&parent=2917"}],"wp:term":[{"taxonomy":"product_brand","embeddable":true,"href":"https:\/\/totallubri.com.br\/index.php?rest_route=%2Fwp%2Fv2%2Fproduct_brand&post=2917"},{"taxonomy":"product_cat","embeddable":true,"href":"https:\/\/totallubri.com.br\/index.php?rest_route=%2Fwp%2Fv2%2Fproduct_cat&post=2917"},{"taxonomy":"product_tag","embeddable":true,"href":"https:\/\/totallubri.com.br\/index.php?rest_route=%2Fwp%2Fv2%2Fproduct_tag&post=2917"}],"curies":[{"name":"wp","href":"https:\/\/api.w.org\/{rel}","templated":true}]}}