{"id":3050,"date":"2016-12-22T13:03:26","date_gmt":"2016-12-22T15:03:26","guid":{"rendered":"http:\/\/totallubri.com.br\/wp\/?post_type=product&#038;p=3050"},"modified":"2024-11-20T21:09:07","modified_gmt":"2024-11-21T00:09:07","slug":"bomba-de-duplo-diafragma-a-prova-de-explosao-9198-a","status":"publish","type":"product","link":"https:\/\/totallubri.com.br\/?product=bomba-de-duplo-diafragma-a-prova-de-explosao-9198-a","title":{"rendered":"Bomba de Duplo Diafragma \u00e1 Prova de Explos\u00e3o \u2013 9198-A \u2013 LUPUS"},"content":{"rendered":"<p>Descri\u00e7\u00e3o:Bomba de Duplo Diafragma \u00e1 Prova de Explos\u00e3o<br \/>\nEm acetal, eletricamente condutivo, diafragma e esferas em teflon, pneum\u00e1tica, para flu\u00eddo limpa para-brisas, \u00f3leo diesel e etanol.<\/p>\n<p>Vaz\u00e3o livre 100 L\/MIN<br \/>\nEntrada de ar 3\/8&#8243; BSP<br \/>\nPress\u00e3o de entrada de ar 45 a 100 PSI<br \/>\nConsumo de ar 10,5 pes\u00b3\/min<br \/>\nEntrada e sa\u00edda 1&#8243; BSP<\/p>\n<p>Peso 6,5 kg<\/p>\n","protected":false},"excerpt":{"rendered":"<p>Descri\u00e7\u00e3o:Bomba de Duplo Diafragma \u00e1 Prova de Explos\u00e3o Em acetal, eletricamente condutivo, diafragma e esferas em teflon, pneum\u00e1tica, para flu\u00eddo limpa para-brisas, \u00f3leo diesel e etanol. Vaz\u00e3o livre 100 L\/MIN Entrada de ar 3\/8&#8243; BSP Press\u00e3o de entrada de ar 45 a 100 PSI Consumo de ar 10,5 pes\u00b3\/min Entrada e sa\u00edda 1&#8243; BSP Peso [&hellip;]<\/p>\n","protected":false},"featured_media":3052,"comment_status":"open","ping_status":"closed","template":"","meta":{"_exactmetrics_skip_tracking":false,"_exactmetrics_sitenote_active":false,"_exactmetrics_sitenote_note":"","_exactmetrics_sitenote_category":0},"product_brand":[],"product_cat":[95],"product_tag":[],"class_list":{"0":"post-3050","1":"product","2":"type-product","3":"status-publish","4":"has-post-thumbnail","6":"product_cat-bomba-diafragma-palhetas-e-engrenagens","8":"first","9":"instock","10":"shipping-taxable","11":"product-type-simple"},"_links":{"self":[{"href":"https:\/\/totallubri.com.br\/index.php?rest_route=\/wp\/v2\/product\/3050","targetHints":{"allow":["GET"]}}],"collection":[{"href":"https:\/\/totallubri.com.br\/index.php?rest_route=\/wp\/v2\/product"}],"about":[{"href":"https:\/\/totallubri.com.br\/index.php?rest_route=\/wp\/v2\/types\/product"}],"replies":[{"embeddable":true,"href":"https:\/\/totallubri.com.br\/index.php?rest_route=%2Fwp%2Fv2%2Fcomments&post=3050"}],"wp:featuredmedia":[{"embeddable":true,"href":"https:\/\/totallubri.com.br\/index.php?rest_route=\/wp\/v2\/media\/3052"}],"wp:attachment":[{"href":"https:\/\/totallubri.com.br\/index.php?rest_route=%2Fwp%2Fv2%2Fmedia&parent=3050"}],"wp:term":[{"taxonomy":"product_brand","embeddable":true,"href":"https:\/\/totallubri.com.br\/index.php?rest_route=%2Fwp%2Fv2%2Fproduct_brand&post=3050"},{"taxonomy":"product_cat","embeddable":true,"href":"https:\/\/totallubri.com.br\/index.php?rest_route=%2Fwp%2Fv2%2Fproduct_cat&post=3050"},{"taxonomy":"product_tag","embeddable":true,"href":"https:\/\/totallubri.com.br\/index.php?rest_route=%2Fwp%2Fv2%2Fproduct_tag&post=3050"}],"curies":[{"name":"wp","href":"https:\/\/api.w.org\/{rel}","templated":true}]}}