{"id":3073,"date":"2016-12-22T14:03:34","date_gmt":"2016-12-22T16:03:34","guid":{"rendered":"http:\/\/totallubri.com.br\/wp\/?post_type=product&#038;p=3073"},"modified":"2024-11-30T18:49:00","modified_gmt":"2024-11-30T21:49:00","slug":"medidor-digital-para-graxa-bz-2000-bozza","status":"publish","type":"product","link":"https:\/\/totallubri.com.br\/?product=medidor-digital-para-graxa-bz-2000-bozza","title":{"rendered":"Medidor digital para Graxa \u2013 BZ-2000 \u2013 Bozza"},"content":{"rendered":"<p>Indicado para aplica\u00e7\u00e3o e controle de vaz\u00e3o da graxa, trabalhamos com as melhores marcas do Brasil e do Mundo , confira!<\/p>\n<p>detalhes do produto<\/p>\n<p>Medidor Digital para Graxa<br \/>\n&#8211; Contador parcial e totalizador<br \/>\n&#8211; Medida em ml, l, g, kg (BSP) ou ml, l, lb (NPT)<br \/>\n&#8211; Display de LCD com 4 d\u00edgitos de f\u00e1cil leitura<br \/>\n&#8211; Bateria de 3V (1,5V * 2)<br \/>\n&#8211; Indicador de bateria fraca<br \/>\n&#8211; Conex\u00e3o de entrada: 1\/4&#8243; NPT<br \/>\n&#8211; Press\u00e3o m\u00e1xima de trabalho: 8702 PSI<br \/>\n&#8211; Precis\u00e3o: \u00b12%<br \/>\n&#8211; Largura: 55 mm<br \/>\n&#8211; Altura: 260 mm<br \/>\n&#8211; Peso l\u00edquido: 1,133 kg<br \/>\n&#8211; Peso bruto: 1,445 kg<\/p>\n","protected":false},"excerpt":{"rendered":"<p>Indicado para aplica\u00e7\u00e3o e controle de vaz\u00e3o da graxa, trabalhamos com as melhores marcas do Brasil e do Mundo , confira! detalhes do produto Medidor Digital para Graxa &#8211; Contador parcial e totalizador &#8211; Medida em ml, l, g, kg (BSP) ou ml, l, lb (NPT) &#8211; Display de LCD com 4 d\u00edgitos de f\u00e1cil [&hellip;]<\/p>\n","protected":false},"featured_media":3075,"comment_status":"open","ping_status":"closed","template":"","meta":{"_exactmetrics_skip_tracking":false,"_exactmetrics_sitenote_active":false,"_exactmetrics_sitenote_note":"","_exactmetrics_sitenote_category":0},"product_brand":[],"product_cat":[108],"product_tag":[],"class_list":{"0":"post-3073","1":"product","2":"type-product","3":"status-publish","4":"has-post-thumbnail","6":"product_cat-medidor-digital","8":"first","9":"instock","10":"shipping-taxable","11":"product-type-simple"},"_links":{"self":[{"href":"https:\/\/totallubri.com.br\/index.php?rest_route=\/wp\/v2\/product\/3073","targetHints":{"allow":["GET"]}}],"collection":[{"href":"https:\/\/totallubri.com.br\/index.php?rest_route=\/wp\/v2\/product"}],"about":[{"href":"https:\/\/totallubri.com.br\/index.php?rest_route=\/wp\/v2\/types\/product"}],"replies":[{"embeddable":true,"href":"https:\/\/totallubri.com.br\/index.php?rest_route=%2Fwp%2Fv2%2Fcomments&post=3073"}],"wp:featuredmedia":[{"embeddable":true,"href":"https:\/\/totallubri.com.br\/index.php?rest_route=\/wp\/v2\/media\/3075"}],"wp:attachment":[{"href":"https:\/\/totallubri.com.br\/index.php?rest_route=%2Fwp%2Fv2%2Fmedia&parent=3073"}],"wp:term":[{"taxonomy":"product_brand","embeddable":true,"href":"https:\/\/totallubri.com.br\/index.php?rest_route=%2Fwp%2Fv2%2Fproduct_brand&post=3073"},{"taxonomy":"product_cat","embeddable":true,"href":"https:\/\/totallubri.com.br\/index.php?rest_route=%2Fwp%2Fv2%2Fproduct_cat&post=3073"},{"taxonomy":"product_tag","embeddable":true,"href":"https:\/\/totallubri.com.br\/index.php?rest_route=%2Fwp%2Fv2%2Fproduct_tag&post=3073"}],"curies":[{"name":"wp","href":"https:\/\/api.w.org\/{rel}","templated":true}]}}