{"id":3097,"date":"2016-12-22T14:10:27","date_gmt":"2016-12-22T16:10:27","guid":{"rendered":"http:\/\/totallubri.com.br\/wp\/?post_type=product&#038;p=3097"},"modified":"2024-12-02T11:54:25","modified_gmt":"2024-12-02T14:54:25","slug":"propulsora-pneumatica-9036-samoa","status":"publish","type":"product","link":"https:\/\/totallubri.com.br\/?product=propulsora-pneumatica-9036-samoa","title":{"rendered":"Propulsora Pneumatica &#8211; 9036 &#8211; Samoa"},"content":{"rendered":"<p>Com Vaz\u00e3o de 600G\/min \u00d3timo Custo Benef\u00edcio, Pode Usar At\u00e9 35 mts Mangueira, Usada para Engraxar Maquin\u00e1rios Pesados.<br \/>\n2 Anos de Garantia<\/p>\n<p>Descri\u00e7\u00e3o:Propulsora Pneumatica<br \/>\nEm alum\u00ednio, adapt\u00e1vel a tambores de 200 kg.<\/p>\n<p>Vaz\u00e3o livre 600 g\/min (graxa NLGI 2 7 bar na entrada)<br \/>\nRateio 55\/1<br \/>\nEntrada de ar 1\/4&#8243; BSP<br \/>\nPress\u00e3o de entrada de ar 40 a 140 PSI<br \/>\nConsumo de ar 3,5 pes\u00b3\/min (vaz\u00e3o livre)<br \/>\nSa\u00edda de graxa 1\/4&#8243;NPT<br \/>\nPress\u00e3o de sa\u00edda de graxa 2.200 a 7.700 PSI<br \/>\nN\u00edvel de ru\u00eddo 92 dB<\/p>\n<p>Peso 5 kg<br \/>\nMedidas (A) 1120 mm x 120 mm<\/p>\n","protected":false},"excerpt":{"rendered":"<p>Com Vaz\u00e3o de 600G\/min \u00d3timo Custo Benef\u00edcio, Pode Usar At\u00e9 35 mts Mangueira, Usada para Engraxar Maquin\u00e1rios Pesados. 2 Anos de Garantia Descri\u00e7\u00e3o:Propulsora Pneumatica Em alum\u00ednio, adapt\u00e1vel a tambores de 200 kg. Vaz\u00e3o livre 600 g\/min (graxa NLGI 2 7 bar na entrada) Rateio 55\/1 Entrada de ar 1\/4&#8243; BSP Press\u00e3o de entrada de ar [&hellip;]<\/p>\n","protected":false},"featured_media":3098,"comment_status":"open","ping_status":"closed","template":"","meta":{"_exactmetrics_skip_tracking":false,"_exactmetrics_sitenote_active":false,"_exactmetrics_sitenote_note":"","_exactmetrics_sitenote_category":0},"product_brand":[],"product_cat":[111],"product_tag":[],"class_list":{"0":"post-3097","1":"product","2":"type-product","3":"status-publish","4":"has-post-thumbnail","6":"product_cat-propulsora-pneumatica-para-graxa","8":"first","9":"instock","10":"shipping-taxable","11":"product-type-simple"},"_links":{"self":[{"href":"https:\/\/totallubri.com.br\/index.php?rest_route=\/wp\/v2\/product\/3097","targetHints":{"allow":["GET"]}}],"collection":[{"href":"https:\/\/totallubri.com.br\/index.php?rest_route=\/wp\/v2\/product"}],"about":[{"href":"https:\/\/totallubri.com.br\/index.php?rest_route=\/wp\/v2\/types\/product"}],"replies":[{"embeddable":true,"href":"https:\/\/totallubri.com.br\/index.php?rest_route=%2Fwp%2Fv2%2Fcomments&post=3097"}],"wp:featuredmedia":[{"embeddable":true,"href":"https:\/\/totallubri.com.br\/index.php?rest_route=\/wp\/v2\/media\/3098"}],"wp:attachment":[{"href":"https:\/\/totallubri.com.br\/index.php?rest_route=%2Fwp%2Fv2%2Fmedia&parent=3097"}],"wp:term":[{"taxonomy":"product_brand","embeddable":true,"href":"https:\/\/totallubri.com.br\/index.php?rest_route=%2Fwp%2Fv2%2Fproduct_brand&post=3097"},{"taxonomy":"product_cat","embeddable":true,"href":"https:\/\/totallubri.com.br\/index.php?rest_route=%2Fwp%2Fv2%2Fproduct_cat&post=3097"},{"taxonomy":"product_tag","embeddable":true,"href":"https:\/\/totallubri.com.br\/index.php?rest_route=%2Fwp%2Fv2%2Fproduct_tag&post=3097"}],"curies":[{"name":"wp","href":"https:\/\/api.w.org\/{rel}","templated":true}]}}