{"id":3192,"date":"2016-12-22T14:40:39","date_gmt":"2016-12-22T16:40:39","guid":{"rendered":"http:\/\/totallubri.com.br\/wp\/?post_type=product&#038;p=3192"},"modified":"2025-01-05T17:41:46","modified_gmt":"2025-01-05T20:41:46","slug":"recipiente-com-carrinho-9010-01-lupus","status":"publish","type":"product","link":"https:\/\/totallubri.com.br\/?product=recipiente-com-carrinho-9010-01-lupus","title":{"rendered":"Recipiente com carrinho &#8211; 9010-01 &#8211; Lupus"},"content":{"rendered":"<p>Acess\u00f3rio para reposi\u00e7\u00e3o utilizado na Propulsora 9010<\/p>\n<p>Descri\u00e7\u00e3o:Recipiente com carrinho<br \/>\nEm a\u00e7o.<\/p>\n<p>Capacidade 35 kg<br \/>\nPara propulsoras 9010<\/p>\n<p>Peso 1,5 kg<br \/>\nMedidas (A) 830 mm x (L) 520 mm x (C) 400 mm<\/p>\n","protected":false},"excerpt":{"rendered":"<p>Acess\u00f3rio para reposi\u00e7\u00e3o utilizado na Propulsora 9010 Descri\u00e7\u00e3o:Recipiente com carrinho Em a\u00e7o. Capacidade 35 kg Para propulsoras 9010 Peso 1,5 kg Medidas (A) 830 mm x (L) 520 mm x (C) 400 mm<\/p>\n","protected":false},"featured_media":3193,"comment_status":"open","ping_status":"closed","template":"","meta":{"_exactmetrics_skip_tracking":false,"_exactmetrics_sitenote_active":false,"_exactmetrics_sitenote_note":"","_exactmetrics_sitenote_category":0},"product_brand":[],"product_cat":[112],"product_tag":[],"class_list":{"0":"post-3192","1":"product","2":"type-product","3":"status-publish","4":"has-post-thumbnail","6":"product_cat-propulsoras-especiais-e-alta-vazao-suportes-e-acessorios-para-propulsoras","8":"first","9":"instock","10":"shipping-taxable","11":"product-type-simple"},"_links":{"self":[{"href":"https:\/\/totallubri.com.br\/index.php?rest_route=\/wp\/v2\/product\/3192","targetHints":{"allow":["GET"]}}],"collection":[{"href":"https:\/\/totallubri.com.br\/index.php?rest_route=\/wp\/v2\/product"}],"about":[{"href":"https:\/\/totallubri.com.br\/index.php?rest_route=\/wp\/v2\/types\/product"}],"replies":[{"embeddable":true,"href":"https:\/\/totallubri.com.br\/index.php?rest_route=%2Fwp%2Fv2%2Fcomments&post=3192"}],"wp:featuredmedia":[{"embeddable":true,"href":"https:\/\/totallubri.com.br\/index.php?rest_route=\/wp\/v2\/media\/3193"}],"wp:attachment":[{"href":"https:\/\/totallubri.com.br\/index.php?rest_route=%2Fwp%2Fv2%2Fmedia&parent=3192"}],"wp:term":[{"taxonomy":"product_brand","embeddable":true,"href":"https:\/\/totallubri.com.br\/index.php?rest_route=%2Fwp%2Fv2%2Fproduct_brand&post=3192"},{"taxonomy":"product_cat","embeddable":true,"href":"https:\/\/totallubri.com.br\/index.php?rest_route=%2Fwp%2Fv2%2Fproduct_cat&post=3192"},{"taxonomy":"product_tag","embeddable":true,"href":"https:\/\/totallubri.com.br\/index.php?rest_route=%2Fwp%2Fv2%2Fproduct_tag&post=3192"}],"curies":[{"name":"wp","href":"https:\/\/api.w.org\/{rel}","templated":true}]}}