{"id":3202,"date":"2016-12-22T14:43:30","date_gmt":"2016-12-22T16:43:30","guid":{"rendered":"http:\/\/totallubri.com.br\/wp\/?post_type=product&#038;p=3202"},"modified":"2024-12-05T17:04:51","modified_gmt":"2024-12-05T20:04:51","slug":"valvula-de-controle-de-oleo-bozza-5031-news","status":"publish","type":"product","link":"https:\/\/totallubri.com.br\/?product=valvula-de-controle-de-oleo-bozza-5031-news","title":{"rendered":"V\u00e1lvula de Controle de \u00d3leo \u2013 5031-News-BOZZA"},"content":{"rendered":"<p>Indicado para aplica\u00e7\u00e3o de \u00d3leo Lubrificante em reservat\u00f3rios, de f\u00e1cil utiliza\u00e7\u00e3o, leve, limpeza na aplica\u00e7\u00e3o e eficiente, com uma marca de confian\u00e7a Bozza.<\/p>\n<p>Detalhes do produto<\/p>\n<p>V\u00e1lvula de Controle de \u00d3leo<br \/>\n&#8211; Promove a lubrifica\u00e7\u00e3o com \u00f3leo<br \/>\n&#8211; Rosca f\u00eamea de entrada da mangueira: 1\/2&#8243; NPT<br \/>\n&#8211; Bico anti-gotejante<br \/>\n&#8211; Press\u00e3o m\u00e1xima de trabalho: 1450 PSI<br \/>\n&#8211; Trava de acionamento do gatilho<br \/>\n&#8211; Comprimento total: 550 mm<br \/>\n&#8211; Peso: 1,170 kg<\/p>\n","protected":false},"excerpt":{"rendered":"<p>Indicado para aplica\u00e7\u00e3o de \u00d3leo Lubrificante em reservat\u00f3rios, de f\u00e1cil utiliza\u00e7\u00e3o, leve, limpeza na aplica\u00e7\u00e3o e eficiente, com uma marca de confian\u00e7a Bozza. Detalhes do produto V\u00e1lvula de Controle de \u00d3leo &#8211; Promove a lubrifica\u00e7\u00e3o com \u00f3leo &#8211; Rosca f\u00eamea de entrada da mangueira: 1\/2&#8243; NPT &#8211; Bico anti-gotejante &#8211; Press\u00e3o m\u00e1xima de trabalho: 1450 [&hellip;]<\/p>\n","protected":false},"featured_media":3204,"comment_status":"open","ping_status":"closed","template":"","meta":{"_exactmetrics_skip_tracking":false,"_exactmetrics_sitenote_active":false,"_exactmetrics_sitenote_note":"","_exactmetrics_sitenote_category":0},"product_brand":[],"product_cat":[114],"product_tag":[],"class_list":{"0":"post-3202","1":"product","2":"type-product","3":"status-publish","4":"has-post-thumbnail","6":"product_cat-solucoes-para-abastecimento","8":"first","9":"instock","10":"shipping-taxable","11":"product-type-simple"},"_links":{"self":[{"href":"https:\/\/totallubri.com.br\/index.php?rest_route=\/wp\/v2\/product\/3202","targetHints":{"allow":["GET"]}}],"collection":[{"href":"https:\/\/totallubri.com.br\/index.php?rest_route=\/wp\/v2\/product"}],"about":[{"href":"https:\/\/totallubri.com.br\/index.php?rest_route=\/wp\/v2\/types\/product"}],"replies":[{"embeddable":true,"href":"https:\/\/totallubri.com.br\/index.php?rest_route=%2Fwp%2Fv2%2Fcomments&post=3202"}],"wp:featuredmedia":[{"embeddable":true,"href":"https:\/\/totallubri.com.br\/index.php?rest_route=\/wp\/v2\/media\/3204"}],"wp:attachment":[{"href":"https:\/\/totallubri.com.br\/index.php?rest_route=%2Fwp%2Fv2%2Fmedia&parent=3202"}],"wp:term":[{"taxonomy":"product_brand","embeddable":true,"href":"https:\/\/totallubri.com.br\/index.php?rest_route=%2Fwp%2Fv2%2Fproduct_brand&post=3202"},{"taxonomy":"product_cat","embeddable":true,"href":"https:\/\/totallubri.com.br\/index.php?rest_route=%2Fwp%2Fv2%2Fproduct_cat&post=3202"},{"taxonomy":"product_tag","embeddable":true,"href":"https:\/\/totallubri.com.br\/index.php?rest_route=%2Fwp%2Fv2%2Fproduct_tag&post=3202"}],"curies":[{"name":"wp","href":"https:\/\/api.w.org\/{rel}","templated":true}]}}