{"id":3275,"date":"2016-12-22T15:03:40","date_gmt":"2016-12-22T17:03:40","guid":{"rendered":"http:\/\/totallubri.com.br\/wp\/?post_type=product&#038;p=3275"},"modified":"2025-02-27T12:19:52","modified_gmt":"2025-02-27T15:19:52","slug":"bico-manual-2100-bn-lupus","status":"publish","type":"product","link":"https:\/\/totallubri.com.br\/?product=bico-manual-2100-bn-lupus","title":{"rendered":"Bico Manual \u2013 2100-BN \u2013 Lupus"},"content":{"rendered":"<p>C\u00f3d.: 2100-BN<\/p>\n<p>Bico manual em alum\u00ednio.<\/p>\n<p>Peso: 2 kg<\/p>\n<p>Medidas: (A) 250 mm x (L) 160 mm<\/p>\n<p><strong>Descri\u00e7\u00e3o:<\/strong><\/p>\n<h2>Informa\u00e7\u00e3o adicional<\/h2>\n<table class=\"woocommerce-product-attributes shop_attributes\">\n<tbody>\n<tr class=\"woocommerce-product-attributes-item woocommerce-product-attributes-item--attribute_pa_material\">\n<th class=\"woocommerce-product-attributes-item__label\">Material<\/th>\n<td class=\"woocommerce-product-attributes-item__value\">Alum\u00ednio \/ para GNV<\/td>\n<\/tr>\n<tr class=\"woocommerce-product-attributes-item woocommerce-product-attributes-item--attribute_pa_conexao-de-entrada\">\n<th class=\"woocommerce-product-attributes-item__label\">Conex\u00e3o de entrada<\/th>\n<td class=\"woocommerce-product-attributes-item__value\">\u00d8 1&#8243; girat\u00f3ria<\/td>\n<\/tr>\n<tr class=\"woocommerce-product-attributes-item woocommerce-product-attributes-item--attribute_pa_conexao-de-saida\">\n<th class=\"woocommerce-product-attributes-item__label\">Conex\u00e3o de sa\u00edda<\/th>\n<td class=\"woocommerce-product-attributes-item__value\">\u00d8 1&#8243;<\/td>\n<\/tr>\n<tr class=\"woocommerce-product-attributes-item woocommerce-product-attributes-item--attribute_pa_pressao-maxima-de-trabalho\">\n<th class=\"woocommerce-product-attributes-item__label\">Press\u00e3o m\u00e1xima de trabalho<\/th>\n<td class=\"woocommerce-product-attributes-item__value\">350 psi<\/td>\n<\/tr>\n<\/tbody>\n<\/table>\n","protected":false},"excerpt":{"rendered":"<p>C\u00f3d.: 2100-BN Bico manual em alum\u00ednio. Peso: 2 kg Medidas: (A) 250 mm x (L) 160 mm Descri\u00e7\u00e3o: Informa\u00e7\u00e3o adicional Material Alum\u00ednio \/ para GNV Conex\u00e3o de entrada \u00d8 1&#8243; girat\u00f3ria Conex\u00e3o de sa\u00edda \u00d8 1&#8243; Press\u00e3o m\u00e1xima de trabalho 350 psi<\/p>\n","protected":false},"featured_media":3278,"comment_status":"open","ping_status":"closed","template":"","meta":{"_exactmetrics_skip_tracking":false,"_exactmetrics_sitenote_active":false,"_exactmetrics_sitenote_note":"","_exactmetrics_sitenote_category":0},"product_brand":[],"product_cat":[106],"product_tag":[],"class_list":{"0":"post-3275","1":"product","2":"type-product","3":"status-publish","4":"has-post-thumbnail","6":"product_cat-bico-de-abastecimento-para-combustiveis","8":"first","9":"instock","10":"shipping-taxable","11":"product-type-simple"},"_links":{"self":[{"href":"https:\/\/totallubri.com.br\/index.php?rest_route=\/wp\/v2\/product\/3275","targetHints":{"allow":["GET"]}}],"collection":[{"href":"https:\/\/totallubri.com.br\/index.php?rest_route=\/wp\/v2\/product"}],"about":[{"href":"https:\/\/totallubri.com.br\/index.php?rest_route=\/wp\/v2\/types\/product"}],"replies":[{"embeddable":true,"href":"https:\/\/totallubri.com.br\/index.php?rest_route=%2Fwp%2Fv2%2Fcomments&post=3275"}],"wp:featuredmedia":[{"embeddable":true,"href":"https:\/\/totallubri.com.br\/index.php?rest_route=\/wp\/v2\/media\/3278"}],"wp:attachment":[{"href":"https:\/\/totallubri.com.br\/index.php?rest_route=%2Fwp%2Fv2%2Fmedia&parent=3275"}],"wp:term":[{"taxonomy":"product_brand","embeddable":true,"href":"https:\/\/totallubri.com.br\/index.php?rest_route=%2Fwp%2Fv2%2Fproduct_brand&post=3275"},{"taxonomy":"product_cat","embeddable":true,"href":"https:\/\/totallubri.com.br\/index.php?rest_route=%2Fwp%2Fv2%2Fproduct_cat&post=3275"},{"taxonomy":"product_tag","embeddable":true,"href":"https:\/\/totallubri.com.br\/index.php?rest_route=%2Fwp%2Fv2%2Fproduct_tag&post=3275"}],"curies":[{"name":"wp","href":"https:\/\/api.w.org\/{rel}","templated":true}]}}