{"id":3304,"date":"2016-12-22T15:11:06","date_gmt":"2016-12-22T17:11:06","guid":{"rendered":"http:\/\/totallubri.com.br\/wp\/?post_type=product&#038;p=3304"},"modified":"2024-11-25T16:05:12","modified_gmt":"2024-11-25T19:05:12","slug":"carretel-eletrico-antiexplosao-com-mangueira-3065-m30-coxreels","status":"publish","type":"product","link":"https:\/\/totallubri.com.br\/?product=carretel-eletrico-antiexplosao-com-mangueira-3065-m30-coxreels","title":{"rendered":"Carretel El\u00e9trico Antiexplosao com Mangueira &#8211; 3065-M30 &#8211; COXREELS"},"content":{"rendered":"<p>Produto apropriado para facilitar o manuseio de mangueira e organizar o ambiente.<\/p>\n<p>Descri\u00e7\u00e3o:Carretel El\u00e9trico Antiexplosao com Mangueira<br \/>\nEm a\u00e7o, com base simples e retra\u00e7\u00e3o autom\u00e1tica atrav\u00e9s do motor el\u00e9trico. Montado com mangueira.<\/p>\n<p>Mangueira 30m \/ 1 1\/2&#8242;<br \/>\nPress\u00e3o m\u00e1xima de opera\u00e7\u00e3o 600 PSI<br \/>\nAlimenta\u00e7\u00e3o 12 V<\/p>\n<p>Peso 42kg<br \/>\nMedidas (A) 635 mm x (L) 881 mm<\/p>\n<p>OPCIONAL: C\u00d3DIGO 3065<br \/>\nCarretel autom\u00e1tico sem mangueira<\/p>\n","protected":false},"excerpt":{"rendered":"<p>Produto apropriado para facilitar o manuseio de mangueira e organizar o ambiente. Descri\u00e7\u00e3o:Carretel El\u00e9trico Antiexplosao com Mangueira Em a\u00e7o, com base simples e retra\u00e7\u00e3o autom\u00e1tica atrav\u00e9s do motor el\u00e9trico. Montado com mangueira. Mangueira 30m \/ 1 1\/2&#8242; Press\u00e3o m\u00e1xima de opera\u00e7\u00e3o 600 PSI Alimenta\u00e7\u00e3o 12 V Peso 42kg Medidas (A) 635 mm x (L) 881 [&hellip;]<\/p>\n","protected":false},"featured_media":3306,"comment_status":"open","ping_status":"closed","template":"","meta":{"_exactmetrics_skip_tracking":false,"_exactmetrics_sitenote_active":false,"_exactmetrics_sitenote_note":"","_exactmetrics_sitenote_category":0},"product_brand":[],"product_cat":[101],"product_tag":[],"class_list":{"0":"post-3304","1":"product","2":"type-product","3":"status-publish","4":"has-post-thumbnail","6":"product_cat-carreteis-samoa-e-coxreels","8":"first","9":"instock","10":"shipping-taxable","11":"product-type-simple"},"_links":{"self":[{"href":"https:\/\/totallubri.com.br\/index.php?rest_route=\/wp\/v2\/product\/3304","targetHints":{"allow":["GET"]}}],"collection":[{"href":"https:\/\/totallubri.com.br\/index.php?rest_route=\/wp\/v2\/product"}],"about":[{"href":"https:\/\/totallubri.com.br\/index.php?rest_route=\/wp\/v2\/types\/product"}],"replies":[{"embeddable":true,"href":"https:\/\/totallubri.com.br\/index.php?rest_route=%2Fwp%2Fv2%2Fcomments&post=3304"}],"wp:featuredmedia":[{"embeddable":true,"href":"https:\/\/totallubri.com.br\/index.php?rest_route=\/wp\/v2\/media\/3306"}],"wp:attachment":[{"href":"https:\/\/totallubri.com.br\/index.php?rest_route=%2Fwp%2Fv2%2Fmedia&parent=3304"}],"wp:term":[{"taxonomy":"product_brand","embeddable":true,"href":"https:\/\/totallubri.com.br\/index.php?rest_route=%2Fwp%2Fv2%2Fproduct_brand&post=3304"},{"taxonomy":"product_cat","embeddable":true,"href":"https:\/\/totallubri.com.br\/index.php?rest_route=%2Fwp%2Fv2%2Fproduct_cat&post=3304"},{"taxonomy":"product_tag","embeddable":true,"href":"https:\/\/totallubri.com.br\/index.php?rest_route=%2Fwp%2Fv2%2Fproduct_tag&post=3304"}],"curies":[{"name":"wp","href":"https:\/\/api.w.org\/{rel}","templated":true}]}}