{"id":3311,"date":"2016-12-22T15:13:01","date_gmt":"2016-12-22T17:13:01","guid":{"rendered":"http:\/\/totallubri.com.br\/wp\/?post_type=product&#038;p=3311"},"modified":"2024-11-21T12:27:42","modified_gmt":"2024-11-21T15:27:42","slug":"bomba-de-transferencia-bateria-9009-ep-lupus","status":"publish","type":"product","link":"https:\/\/totallubri.com.br\/?product=bomba-de-transferencia-bateria-9009-ep-lupus","title":{"rendered":"Bomba de Transferencia Bateria &#8211; 9009-EP &#8211; Lupus"},"content":{"rendered":"<p>Descri\u00e7\u00e3o:Bomba de Transferencia Bateria<br \/>\nEm polipropileno, adapt\u00e1vel a baldes de 20 L, para aguarraz mineral, gasolina branca e querosene.<\/p>\n<p>Alimenta\u00e7\u00e3o bateria<br \/>\nVaz\u00e3o livre 125 ml\/ciclo<br \/>\nMangueira n\u00e3o acompanha<\/p>\n<p>Peso 300 g<br \/>\nMedidas (A) 600 mm x (L) 45 mm<\/p>\n","protected":false},"excerpt":{"rendered":"<p>Descri\u00e7\u00e3o:Bomba de Transferencia Bateria Em polipropileno, adapt\u00e1vel a baldes de 20 L, para aguarraz mineral, gasolina branca e querosene. Alimenta\u00e7\u00e3o bateria Vaz\u00e3o livre 125 ml\/ciclo Mangueira n\u00e3o acompanha Peso 300 g Medidas (A) 600 mm x (L) 45 mm<\/p>\n","protected":false},"featured_media":3312,"comment_status":"open","ping_status":"closed","template":"","meta":{"_exactmetrics_skip_tracking":false,"_exactmetrics_sitenote_active":false,"_exactmetrics_sitenote_note":"","_exactmetrics_sitenote_category":0},"product_brand":[],"product_cat":[96],"product_tag":[],"class_list":{"0":"post-3311","1":"product","2":"type-product","3":"status-publish","4":"has-post-thumbnail","6":"product_cat-bomba-de-transferencia-eletrica-e-bateria","8":"first","9":"instock","10":"shipping-taxable","11":"product-type-simple"},"_links":{"self":[{"href":"https:\/\/totallubri.com.br\/index.php?rest_route=\/wp\/v2\/product\/3311","targetHints":{"allow":["GET"]}}],"collection":[{"href":"https:\/\/totallubri.com.br\/index.php?rest_route=\/wp\/v2\/product"}],"about":[{"href":"https:\/\/totallubri.com.br\/index.php?rest_route=\/wp\/v2\/types\/product"}],"replies":[{"embeddable":true,"href":"https:\/\/totallubri.com.br\/index.php?rest_route=%2Fwp%2Fv2%2Fcomments&post=3311"}],"wp:featuredmedia":[{"embeddable":true,"href":"https:\/\/totallubri.com.br\/index.php?rest_route=\/wp\/v2\/media\/3312"}],"wp:attachment":[{"href":"https:\/\/totallubri.com.br\/index.php?rest_route=%2Fwp%2Fv2%2Fmedia&parent=3311"}],"wp:term":[{"taxonomy":"product_brand","embeddable":true,"href":"https:\/\/totallubri.com.br\/index.php?rest_route=%2Fwp%2Fv2%2Fproduct_brand&post=3311"},{"taxonomy":"product_cat","embeddable":true,"href":"https:\/\/totallubri.com.br\/index.php?rest_route=%2Fwp%2Fv2%2Fproduct_cat&post=3311"},{"taxonomy":"product_tag","embeddable":true,"href":"https:\/\/totallubri.com.br\/index.php?rest_route=%2Fwp%2Fv2%2Fproduct_tag&post=3311"}],"curies":[{"name":"wp","href":"https:\/\/api.w.org\/{rel}","templated":true}]}}