{"id":3325,"date":"2016-12-22T15:15:35","date_gmt":"2016-12-22T17:15:35","guid":{"rendered":"http:\/\/totallubri.com.br\/wp\/?post_type=product&#038;p=3325"},"modified":"2024-11-28T17:47:34","modified_gmt":"2024-11-28T20:47:34","slug":"unidade-de-succao-de-oleo-pneumatica-9198-ps","status":"publish","type":"product","link":"https:\/\/totallubri.com.br\/?product=unidade-de-succao-de-oleo-pneumatica-9198-ps","title":{"rendered":"Unidade de Suc\u00e7\u00e3o de \u00f3leo Pneum\u00e1tica \u2013 9198-PS \u2013 LUPUS"},"content":{"rendered":"<p>Descri\u00e7\u00e3o:Unidade de Suc\u00e7\u00e3o de \u00f3leo Pneum\u00e1tica &#8211;<br \/>\nSistema para transfer\u00eancia de \u00f3leo usado de um reservat\u00f3rio para unidades de recolhimento, com bomba pneum\u00e1tica de duplo diafragma com membranas em hytrel e suporte para fixa\u00e7\u00e3o da bomba.<\/p>\n<p>Vaz\u00e3o livre 100 L\/min<br \/>\nMangueira de suc\u00e7\u00e3o 2 m \/ com engate r\u00e1pido<br \/>\nMangueira de descarte 1,5 m \/ com conector<br \/>\nMangueira para ar comprimido<br \/>\n1 m \/ com engate r\u00e1pido e registro<\/p>\n<p>Peso 4,8 kg<\/p>\n","protected":false},"excerpt":{"rendered":"<p>Descri\u00e7\u00e3o:Unidade de Suc\u00e7\u00e3o de \u00f3leo Pneum\u00e1tica &#8211; Sistema para transfer\u00eancia de \u00f3leo usado de um reservat\u00f3rio para unidades de recolhimento, com bomba pneum\u00e1tica de duplo diafragma com membranas em hytrel e suporte para fixa\u00e7\u00e3o da bomba. Vaz\u00e3o livre 100 L\/min Mangueira de suc\u00e7\u00e3o 2 m \/ com engate r\u00e1pido Mangueira de descarte 1,5 m \/ [&hellip;]<\/p>\n","protected":false},"featured_media":3328,"comment_status":"open","ping_status":"closed","template":"","meta":{"_exactmetrics_skip_tracking":false,"_exactmetrics_sitenote_active":false,"_exactmetrics_sitenote_note":"","_exactmetrics_sitenote_category":0},"product_brand":[],"product_cat":[107],"product_tag":[],"class_list":{"0":"post-3325","1":"product","2":"type-product","3":"status-publish","4":"has-post-thumbnail","6":"product_cat-equipamentos-para-troca-de-oleo","8":"first","9":"instock","10":"shipping-taxable","11":"product-type-simple"},"_links":{"self":[{"href":"https:\/\/totallubri.com.br\/index.php?rest_route=\/wp\/v2\/product\/3325","targetHints":{"allow":["GET"]}}],"collection":[{"href":"https:\/\/totallubri.com.br\/index.php?rest_route=\/wp\/v2\/product"}],"about":[{"href":"https:\/\/totallubri.com.br\/index.php?rest_route=\/wp\/v2\/types\/product"}],"replies":[{"embeddable":true,"href":"https:\/\/totallubri.com.br\/index.php?rest_route=%2Fwp%2Fv2%2Fcomments&post=3325"}],"wp:featuredmedia":[{"embeddable":true,"href":"https:\/\/totallubri.com.br\/index.php?rest_route=\/wp\/v2\/media\/3328"}],"wp:attachment":[{"href":"https:\/\/totallubri.com.br\/index.php?rest_route=%2Fwp%2Fv2%2Fmedia&parent=3325"}],"wp:term":[{"taxonomy":"product_brand","embeddable":true,"href":"https:\/\/totallubri.com.br\/index.php?rest_route=%2Fwp%2Fv2%2Fproduct_brand&post=3325"},{"taxonomy":"product_cat","embeddable":true,"href":"https:\/\/totallubri.com.br\/index.php?rest_route=%2Fwp%2Fv2%2Fproduct_cat&post=3325"},{"taxonomy":"product_tag","embeddable":true,"href":"https:\/\/totallubri.com.br\/index.php?rest_route=%2Fwp%2Fv2%2Fproduct_tag&post=3325"}],"curies":[{"name":"wp","href":"https:\/\/api.w.org\/{rel}","templated":true}]}}