{"id":3428,"date":"2016-12-26T19:03:31","date_gmt":"2016-12-26T21:03:31","guid":{"rendered":"http:\/\/totallubri.com.br\/wp\/?post_type=product&#038;p=3428"},"modified":"2024-07-29T17:39:04","modified_gmt":"2024-07-29T20:39:04","slug":"engate-rapido-abastecimento-selado-2022-h","status":"publish","type":"product","link":"https:\/\/totallubri.com.br\/?product=engate-rapido-abastecimento-selado-2022-h","title":{"rendered":"ENGATE R\u00c1PIDO ABASTECIMENTO SELADO &#8211; 2022-H &#8211; LUPUS"},"content":{"rendered":"<p>Em a\u00e7o e alum\u00ednio anodizado, com v\u00e1lvula de esfera integrada.<\/p>\n<p>Rosca: \u00d8 3\/4&#8243; NPT \/ F\u00eamea<br \/>\nPress\u00e3o M\u00e1xima de Opera\u00e7\u00e3o: 5.000 PSI<br \/>\nVaz\u00e3o Livre: 32 kg \/ Min<br \/>\nPeso: 1,5 kg<br \/>\nDimens\u00f5es: (L) 59 mm x (A) 123,6 mm x (C) 148 mm<\/p>\n","protected":false},"excerpt":{"rendered":"<p>Em a\u00e7o e alum\u00ednio anodizado, com v\u00e1lvula de esfera integrada. Rosca: \u00d8 3\/4&#8243; NPT \/ F\u00eamea Press\u00e3o M\u00e1xima de Opera\u00e7\u00e3o: 5.000 PSI Vaz\u00e3o Livre: 32 kg \/ Min Peso: 1,5 kg Dimens\u00f5es: (L) 59 mm x (A) 123,6 mm x (C) 148 mm<\/p>\n","protected":false},"featured_media":3429,"comment_status":"open","ping_status":"closed","template":"","meta":{"_exactmetrics_skip_tracking":false,"_exactmetrics_sitenote_active":false,"_exactmetrics_sitenote_note":"","_exactmetrics_sitenote_category":0},"product_brand":[],"product_cat":[56],"product_tag":[],"class_list":{"0":"post-3428","1":"product","2":"type-product","3":"status-publish","4":"has-post-thumbnail","6":"product_cat-graxa","8":"first","9":"instock","10":"shipping-taxable","11":"product-type-simple"},"_links":{"self":[{"href":"https:\/\/totallubri.com.br\/index.php?rest_route=\/wp\/v2\/product\/3428","targetHints":{"allow":["GET"]}}],"collection":[{"href":"https:\/\/totallubri.com.br\/index.php?rest_route=\/wp\/v2\/product"}],"about":[{"href":"https:\/\/totallubri.com.br\/index.php?rest_route=\/wp\/v2\/types\/product"}],"replies":[{"embeddable":true,"href":"https:\/\/totallubri.com.br\/index.php?rest_route=%2Fwp%2Fv2%2Fcomments&post=3428"}],"wp:featuredmedia":[{"embeddable":true,"href":"https:\/\/totallubri.com.br\/index.php?rest_route=\/wp\/v2\/media\/3429"}],"wp:attachment":[{"href":"https:\/\/totallubri.com.br\/index.php?rest_route=%2Fwp%2Fv2%2Fmedia&parent=3428"}],"wp:term":[{"taxonomy":"product_brand","embeddable":true,"href":"https:\/\/totallubri.com.br\/index.php?rest_route=%2Fwp%2Fv2%2Fproduct_brand&post=3428"},{"taxonomy":"product_cat","embeddable":true,"href":"https:\/\/totallubri.com.br\/index.php?rest_route=%2Fwp%2Fv2%2Fproduct_cat&post=3428"},{"taxonomy":"product_tag","embeddable":true,"href":"https:\/\/totallubri.com.br\/index.php?rest_route=%2Fwp%2Fv2%2Fproduct_tag&post=3428"}],"curies":[{"name":"wp","href":"https:\/\/api.w.org\/{rel}","templated":true}]}}