{"id":3430,"date":"2016-12-26T19:08:22","date_gmt":"2016-12-26T21:08:22","guid":{"rendered":"http:\/\/totallubri.com.br\/wp\/?post_type=product&#038;p=3430"},"modified":"2025-01-19T16:24:23","modified_gmt":"2025-01-19T19:24:23","slug":"conector-para-engate-rapido-2022-ch","status":"publish","type":"product","link":"https:\/\/totallubri.com.br\/?product=conector-para-engate-rapido-2022-ch","title":{"rendered":"CONECTOR PARA ENGATE R\u00c1PIDO \u2013 2022-CH -LUPUS"},"content":{"rendered":"<p>Em a\u00e7o e alum\u00ednio anodizado.<\/p>\n<p>Rosca:\u00a0\u00d8 3\/4&#8243; NPT \/\u00a0Macho<br \/>\nPress\u00e3o M\u00e1xima de Opera\u00e7\u00e3o: 5.000 PSI<br \/>\nVaz\u00e3o Livre: 32 kg \/ Min<br \/>\nPeso: 960g.<br \/>\nDimens\u00f5es: (L) 57 mm x (A) 130 mm<br \/>\nAcompanha: Tampa de prote\u00e7\u00e3o para evitar contamina\u00e7\u00e3o.<\/p>\n","protected":false},"excerpt":{"rendered":"<p>Em a\u00e7o e alum\u00ednio anodizado. Rosca:\u00a0\u00d8 3\/4&#8243; NPT \/\u00a0Macho Press\u00e3o M\u00e1xima de Opera\u00e7\u00e3o: 5.000 PSI Vaz\u00e3o Livre: 32 kg \/ Min Peso: 960g. Dimens\u00f5es: (L) 57 mm x (A) 130 mm Acompanha: Tampa de prote\u00e7\u00e3o para evitar contamina\u00e7\u00e3o.<\/p>\n","protected":false},"featured_media":3431,"comment_status":"open","ping_status":"closed","template":"","meta":{"_exactmetrics_skip_tracking":false,"_exactmetrics_sitenote_active":false,"_exactmetrics_sitenote_note":"","_exactmetrics_sitenote_category":0},"product_brand":[],"product_cat":[56],"product_tag":[],"class_list":{"0":"post-3430","1":"product","2":"type-product","3":"status-publish","4":"has-post-thumbnail","6":"product_cat-graxa","8":"first","9":"instock","10":"shipping-taxable","11":"product-type-simple"},"_links":{"self":[{"href":"https:\/\/totallubri.com.br\/index.php?rest_route=\/wp\/v2\/product\/3430","targetHints":{"allow":["GET"]}}],"collection":[{"href":"https:\/\/totallubri.com.br\/index.php?rest_route=\/wp\/v2\/product"}],"about":[{"href":"https:\/\/totallubri.com.br\/index.php?rest_route=\/wp\/v2\/types\/product"}],"replies":[{"embeddable":true,"href":"https:\/\/totallubri.com.br\/index.php?rest_route=%2Fwp%2Fv2%2Fcomments&post=3430"}],"wp:featuredmedia":[{"embeddable":true,"href":"https:\/\/totallubri.com.br\/index.php?rest_route=\/wp\/v2\/media\/3431"}],"wp:attachment":[{"href":"https:\/\/totallubri.com.br\/index.php?rest_route=%2Fwp%2Fv2%2Fmedia&parent=3430"}],"wp:term":[{"taxonomy":"product_brand","embeddable":true,"href":"https:\/\/totallubri.com.br\/index.php?rest_route=%2Fwp%2Fv2%2Fproduct_brand&post=3430"},{"taxonomy":"product_cat","embeddable":true,"href":"https:\/\/totallubri.com.br\/index.php?rest_route=%2Fwp%2Fv2%2Fproduct_cat&post=3430"},{"taxonomy":"product_tag","embeddable":true,"href":"https:\/\/totallubri.com.br\/index.php?rest_route=%2Fwp%2Fv2%2Fproduct_tag&post=3430"}],"curies":[{"name":"wp","href":"https:\/\/api.w.org\/{rel}","templated":true}]}}