{"id":3479,"date":"2016-12-27T11:16:53","date_gmt":"2016-12-27T13:16:53","guid":{"rendered":"http:\/\/totallubri.com.br\/wp\/?post_type=product&#038;p=3479"},"modified":"2024-11-25T16:37:38","modified_gmt":"2024-11-25T19:37:38","slug":"carretel-automatico-3026-samoa","status":"publish","type":"product","link":"https:\/\/totallubri.com.br\/?product=carretel-automatico-3026-samoa","title":{"rendered":"Carretel autom\u00e1tico &#8211; 3026 &#8211; Samoa"},"content":{"rendered":"<p>Em<span style=\"color: #000000;\"> alum\u00ednio e ABS, com base simples <\/span><span style=\"color: #000000;\">e retra\u00e7\u00e3o autom\u00e1tica com rolamentos. <\/span><span style=\"color: #000000;\">Montado com mangueira hidr\u00e1ulica.<\/span><\/p>\n<p>Capacidade at\u00e9\u00a0<b><span style=\"font-family: HelveticaNeue-Bold;\"><span style=\"color: #000000;\">18 m <\/span><\/span><\/b><span style=\"color: #000000;\"><span style=\"font-family: HelveticaNeue-UltraLight;\">\/ <\/span><span style=\"font-family: HelveticaNeue-Light;\">\u00f8 <\/span><b><span style=\"font-family: HelveticaNeue-Bold;\">1\/4\u201d <\/span><\/b><\/span><span style=\"color: #000000;\"><span style=\"font-family: HelveticaNeue-UltraLight;\">\/ <\/span><b><span style=\"font-family: HelveticaNeue-Bold;\">2 tramas <\/span><\/b><\/span><span style=\"color: #000000;\"><span style=\"font-family: HelveticaNeue-UltraLight;\">\/ <\/span><b><span style=\"font-family: HelveticaNeue-Bold;\">SAE 100R2<\/span><\/b><\/span><\/p>\n<p><span style=\"font-family: HelveticaNeue-LightCond;\"><span style=\"color: #000000;\">Press\u00e3o m\u00e1xima de opera\u00e7\u00e3o . <\/span><\/span><b><span style=\"font-family: HelveticaNeue-Bold;\"><span style=\"color: #000000;\">5.100 PSI<\/span><\/span><\/b><\/p>\n<p>Peso: 15,1\u00a0kg<\/p>\n<p>Medidas: (A) 480 mm x (L) 480 mm<\/p>\n","protected":false},"excerpt":{"rendered":"<p>Em alum\u00ednio e ABS, com base simples e retra\u00e7\u00e3o autom\u00e1tica com rolamentos. Montado com mangueira hidr\u00e1ulica. Capacidade at\u00e9\u00a018 m \/ \u00f8 1\/4\u201d \/ 2 tramas \/ SAE 100R2 Press\u00e3o m\u00e1xima de opera\u00e7\u00e3o . 5.100 PSI Peso: 15,1\u00a0kg Medidas: (A) 480 mm x (L) 480 mm<\/p>\n","protected":false},"featured_media":3480,"comment_status":"open","ping_status":"closed","template":"","meta":{"_exactmetrics_skip_tracking":false,"_exactmetrics_sitenote_active":false,"_exactmetrics_sitenote_note":"","_exactmetrics_sitenote_category":0},"product_brand":[],"product_cat":[101],"product_tag":[],"class_list":{"0":"post-3479","1":"product","2":"type-product","3":"status-publish","4":"has-post-thumbnail","6":"product_cat-carreteis-samoa-e-coxreels","8":"first","9":"instock","10":"shipping-taxable","11":"product-type-simple"},"_links":{"self":[{"href":"https:\/\/totallubri.com.br\/index.php?rest_route=\/wp\/v2\/product\/3479","targetHints":{"allow":["GET"]}}],"collection":[{"href":"https:\/\/totallubri.com.br\/index.php?rest_route=\/wp\/v2\/product"}],"about":[{"href":"https:\/\/totallubri.com.br\/index.php?rest_route=\/wp\/v2\/types\/product"}],"replies":[{"embeddable":true,"href":"https:\/\/totallubri.com.br\/index.php?rest_route=%2Fwp%2Fv2%2Fcomments&post=3479"}],"wp:featuredmedia":[{"embeddable":true,"href":"https:\/\/totallubri.com.br\/index.php?rest_route=\/wp\/v2\/media\/3480"}],"wp:attachment":[{"href":"https:\/\/totallubri.com.br\/index.php?rest_route=%2Fwp%2Fv2%2Fmedia&parent=3479"}],"wp:term":[{"taxonomy":"product_brand","embeddable":true,"href":"https:\/\/totallubri.com.br\/index.php?rest_route=%2Fwp%2Fv2%2Fproduct_brand&post=3479"},{"taxonomy":"product_cat","embeddable":true,"href":"https:\/\/totallubri.com.br\/index.php?rest_route=%2Fwp%2Fv2%2Fproduct_cat&post=3479"},{"taxonomy":"product_tag","embeddable":true,"href":"https:\/\/totallubri.com.br\/index.php?rest_route=%2Fwp%2Fv2%2Fproduct_tag&post=3479"}],"curies":[{"name":"wp","href":"https:\/\/api.w.org\/{rel}","templated":true}]}}