{"id":3493,"date":"2016-12-27T11:48:40","date_gmt":"2016-12-27T13:48:40","guid":{"rendered":"http:\/\/totallubri.com.br\/wp\/?post_type=product&#038;p=3493"},"modified":"2024-11-29T15:30:17","modified_gmt":"2024-11-29T18:30:17","slug":"giratorio-para-mangueira-de-oleo-9960-lupus","status":"publish","type":"product","link":"https:\/\/totallubri.com.br\/?product=giratorio-para-mangueira-de-oleo-9960-lupus","title":{"rendered":"Girat\u00f3rio para mangueira de \u00f3leo &#8211; 9960 &#8211; Lupus"},"content":{"rendered":"<p>Em a\u00e7o, adaptador girat\u00f3rio para mangueira de \u00f3leo lubrificante.<\/p>\n<p>Entrada <strong>1\/2&#8243; NPT\/ f\u00eamea<br \/>\n<\/strong>Sa\u00edda<strong> 1\/2&#8243; NPT\/ macho<br \/>\n<\/strong>Press\u00e3o m\u00e1xima de opera\u00e7\u00e3o<strong> 1.500 PSI<\/strong><\/p>\n<p>Peso <strong>1,5 kg<br \/>\n<\/strong>Medidas <strong>(A) 3700 mm x (L) 260 mm<\/strong><\/p>\n","protected":false},"excerpt":{"rendered":"<p>Em a\u00e7o, adaptador girat\u00f3rio para mangueira de \u00f3leo lubrificante. Entrada 1\/2&#8243; NPT\/ f\u00eamea Sa\u00edda 1\/2&#8243; NPT\/ macho Press\u00e3o m\u00e1xima de opera\u00e7\u00e3o 1.500 PSI Peso 1,5 kg Medidas (A) 3700 mm x (L) 260 mm<\/p>\n","protected":false},"featured_media":3494,"comment_status":"open","ping_status":"closed","template":"","meta":{"_exactmetrics_skip_tracking":false,"_exactmetrics_sitenote_active":false,"_exactmetrics_sitenote_note":"","_exactmetrics_sitenote_category":0},"product_brand":[],"product_cat":[97],"product_tag":[],"class_list":{"0":"post-3493","1":"product","2":"type-product","3":"status-publish","4":"has-post-thumbnail","6":"product_cat-mangueiras-terminais-e-acessorios-para-mangueiras","8":"first","9":"instock","10":"shipping-taxable","11":"product-type-simple"},"_links":{"self":[{"href":"https:\/\/totallubri.com.br\/index.php?rest_route=\/wp\/v2\/product\/3493","targetHints":{"allow":["GET"]}}],"collection":[{"href":"https:\/\/totallubri.com.br\/index.php?rest_route=\/wp\/v2\/product"}],"about":[{"href":"https:\/\/totallubri.com.br\/index.php?rest_route=\/wp\/v2\/types\/product"}],"replies":[{"embeddable":true,"href":"https:\/\/totallubri.com.br\/index.php?rest_route=%2Fwp%2Fv2%2Fcomments&post=3493"}],"wp:featuredmedia":[{"embeddable":true,"href":"https:\/\/totallubri.com.br\/index.php?rest_route=\/wp\/v2\/media\/3494"}],"wp:attachment":[{"href":"https:\/\/totallubri.com.br\/index.php?rest_route=%2Fwp%2Fv2%2Fmedia&parent=3493"}],"wp:term":[{"taxonomy":"product_brand","embeddable":true,"href":"https:\/\/totallubri.com.br\/index.php?rest_route=%2Fwp%2Fv2%2Fproduct_brand&post=3493"},{"taxonomy":"product_cat","embeddable":true,"href":"https:\/\/totallubri.com.br\/index.php?rest_route=%2Fwp%2Fv2%2Fproduct_cat&post=3493"},{"taxonomy":"product_tag","embeddable":true,"href":"https:\/\/totallubri.com.br\/index.php?rest_route=%2Fwp%2Fv2%2Fproduct_tag&post=3493"}],"curies":[{"name":"wp","href":"https:\/\/api.w.org\/{rel}","templated":true}]}}