{"id":3509,"date":"2016-12-27T12:58:50","date_gmt":"2016-12-27T14:58:50","guid":{"rendered":"http:\/\/totallubri.com.br\/wp\/?post_type=product&#038;p=3509"},"modified":"2024-11-20T22:00:54","modified_gmt":"2024-11-21T01:00:54","slug":"bombas-de-palhetas-9112-110-piusi","status":"publish","type":"product","link":"https:\/\/totallubri.com.br\/?product=bombas-de-palhetas-9112-110-piusi","title":{"rendered":"Bombas de Palhetas \u2013 9112-110 \u2013 Piusi"},"content":{"rendered":"<p>Em alum\u00ednio, com v\u00e1lvula by-pass e motor com regulagem de press\u00e3o, para \u00f3leo lurificante (SAE 90 \u00e0 40\u00b0C) e diesel.<\/p>\n<p>Vaz\u00e3o livre\u00a0<strong>25 L\/min<br \/>\n<\/strong>Alimenta\u00e7\u00e3o <strong>110 V<\/strong><strong><br \/>\n<\/strong>Press\u00e3o m\u00e1xima de opera\u00e7\u00e3o\u00a0<strong>85 PSI<br \/>\n<\/strong>Entrada e sa\u00edda <strong>1&#8243; BSP<br \/>\n<\/strong>By-pass <strong>3 minutos<br \/>\n<\/strong>Grau de prote\u00e7\u00e3o <strong>IP55<br \/>\n<\/strong><br \/>\nPeso\u00a0<strong>14 kg<br \/>\n<\/strong>Medidas <strong>(A)\u00a0250 mm x (L)\u00a0320 mm<\/strong><\/p>\n","protected":false},"excerpt":{"rendered":"<p>Em alum\u00ednio, com v\u00e1lvula by-pass e motor com regulagem de press\u00e3o, para \u00f3leo lurificante (SAE 90 \u00e0 40\u00b0C) e diesel. Vaz\u00e3o livre\u00a025 L\/min Alimenta\u00e7\u00e3o 110 V Press\u00e3o m\u00e1xima de opera\u00e7\u00e3o\u00a085 PSI Entrada e sa\u00edda 1&#8243; BSP By-pass 3 minutos Grau de prote\u00e7\u00e3o IP55 Peso\u00a014 kg Medidas (A)\u00a0250 mm x (L)\u00a0320 mm<\/p>\n","protected":false},"featured_media":3510,"comment_status":"open","ping_status":"closed","template":"","meta":{"_exactmetrics_skip_tracking":false,"_exactmetrics_sitenote_active":false,"_exactmetrics_sitenote_note":"","_exactmetrics_sitenote_category":0},"product_brand":[],"product_cat":[95],"product_tag":[],"class_list":{"0":"post-3509","1":"product","2":"type-product","3":"status-publish","4":"has-post-thumbnail","6":"product_cat-bomba-diafragma-palhetas-e-engrenagens","8":"first","9":"instock","10":"shipping-taxable","11":"product-type-simple"},"_links":{"self":[{"href":"https:\/\/totallubri.com.br\/index.php?rest_route=\/wp\/v2\/product\/3509","targetHints":{"allow":["GET"]}}],"collection":[{"href":"https:\/\/totallubri.com.br\/index.php?rest_route=\/wp\/v2\/product"}],"about":[{"href":"https:\/\/totallubri.com.br\/index.php?rest_route=\/wp\/v2\/types\/product"}],"replies":[{"embeddable":true,"href":"https:\/\/totallubri.com.br\/index.php?rest_route=%2Fwp%2Fv2%2Fcomments&post=3509"}],"wp:featuredmedia":[{"embeddable":true,"href":"https:\/\/totallubri.com.br\/index.php?rest_route=\/wp\/v2\/media\/3510"}],"wp:attachment":[{"href":"https:\/\/totallubri.com.br\/index.php?rest_route=%2Fwp%2Fv2%2Fmedia&parent=3509"}],"wp:term":[{"taxonomy":"product_brand","embeddable":true,"href":"https:\/\/totallubri.com.br\/index.php?rest_route=%2Fwp%2Fv2%2Fproduct_brand&post=3509"},{"taxonomy":"product_cat","embeddable":true,"href":"https:\/\/totallubri.com.br\/index.php?rest_route=%2Fwp%2Fv2%2Fproduct_cat&post=3509"},{"taxonomy":"product_tag","embeddable":true,"href":"https:\/\/totallubri.com.br\/index.php?rest_route=%2Fwp%2Fv2%2Fproduct_tag&post=3509"}],"curies":[{"name":"wp","href":"https:\/\/api.w.org\/{rel}","templated":true}]}}