{"id":3511,"date":"2016-12-27T13:02:15","date_gmt":"2016-12-27T15:02:15","guid":{"rendered":"http:\/\/totallubri.com.br\/wp\/?post_type=product&#038;p=3511"},"modified":"2024-11-20T21:29:15","modified_gmt":"2024-11-21T00:29:15","slug":"bomba-de-engrenagens-9170-sm-lupus","status":"publish","type":"product","link":"https:\/\/totallubri.com.br\/?product=bomba-de-engrenagens-9170-sm-lupus","title":{"rendered":"Bomba de Engrenagens &#8211; 9170-SM &#8211; Lupus"},"content":{"rendered":"<div class=\"cont_produto\">\n<p>Carca\u00e7a em ferro fundido, com v\u00e1lvula by-pass e veda\u00e7\u00e3o atrav\u00e9s de selo mec\u00e2nico, para \u00f3leo diesel e lubrificante.<\/p>\n<p>Vaz\u00e3o livre . 30 L\/min<br \/>\nRota\u00e7\u00e3o . 1.420 RPM<br \/>\nPress\u00e3o m\u00e1xima de opera\u00e7\u00e3o . 210 PSI<br \/>\nEntrada e sa\u00edda . \u00f8 3\/4\u201d<\/p>\n<\/div>\n","protected":false},"excerpt":{"rendered":"<p>Carca\u00e7a em ferro fundido, com v\u00e1lvula by-pass e veda\u00e7\u00e3o atrav\u00e9s de selo mec\u00e2nico, para \u00f3leo diesel e lubrificante. Vaz\u00e3o livre . 30 L\/min Rota\u00e7\u00e3o . 1.420 RPM Press\u00e3o m\u00e1xima de opera\u00e7\u00e3o . 210 PSI Entrada e sa\u00edda . \u00f8 3\/4\u201d<\/p>\n","protected":false},"featured_media":7360,"comment_status":"open","ping_status":"closed","template":"","meta":{"_exactmetrics_skip_tracking":false,"_exactmetrics_sitenote_active":false,"_exactmetrics_sitenote_note":"","_exactmetrics_sitenote_category":0},"product_brand":[],"product_cat":[95],"product_tag":[],"class_list":{"0":"post-3511","1":"product","2":"type-product","3":"status-publish","4":"has-post-thumbnail","6":"product_cat-bomba-diafragma-palhetas-e-engrenagens","8":"first","9":"instock","10":"shipping-taxable","11":"product-type-simple"},"_links":{"self":[{"href":"https:\/\/totallubri.com.br\/index.php?rest_route=\/wp\/v2\/product\/3511","targetHints":{"allow":["GET"]}}],"collection":[{"href":"https:\/\/totallubri.com.br\/index.php?rest_route=\/wp\/v2\/product"}],"about":[{"href":"https:\/\/totallubri.com.br\/index.php?rest_route=\/wp\/v2\/types\/product"}],"replies":[{"embeddable":true,"href":"https:\/\/totallubri.com.br\/index.php?rest_route=%2Fwp%2Fv2%2Fcomments&post=3511"}],"wp:featuredmedia":[{"embeddable":true,"href":"https:\/\/totallubri.com.br\/index.php?rest_route=\/wp\/v2\/media\/7360"}],"wp:attachment":[{"href":"https:\/\/totallubri.com.br\/index.php?rest_route=%2Fwp%2Fv2%2Fmedia&parent=3511"}],"wp:term":[{"taxonomy":"product_brand","embeddable":true,"href":"https:\/\/totallubri.com.br\/index.php?rest_route=%2Fwp%2Fv2%2Fproduct_brand&post=3511"},{"taxonomy":"product_cat","embeddable":true,"href":"https:\/\/totallubri.com.br\/index.php?rest_route=%2Fwp%2Fv2%2Fproduct_cat&post=3511"},{"taxonomy":"product_tag","embeddable":true,"href":"https:\/\/totallubri.com.br\/index.php?rest_route=%2Fwp%2Fv2%2Fproduct_tag&post=3511"}],"curies":[{"name":"wp","href":"https:\/\/api.w.org\/{rel}","templated":true}]}}