{"id":3597,"date":"2017-01-03T11:56:37","date_gmt":"2017-01-03T13:56:37","guid":{"rendered":"http:\/\/totallubri.com.br\/?post_type=product&#038;p=3597"},"modified":"2024-11-20T21:23:05","modified_gmt":"2024-11-21T00:23:05","slug":"bomba-de-engrenagens-9114-piusi","status":"publish","type":"product","link":"https:\/\/totallubri.com.br\/?product=bomba-de-engrenagens-9114-piusi","title":{"rendered":"Bomba de Engrenagens &#8211; 9114 &#8211; Piusi"},"content":{"rendered":"<p>Em alum\u00ednio, para \u00f3leo lubrificante (SAE 90 \u00e0 45\u00b0C), com v\u00e1lvula by-pass e motor com regulagem cont\u00ednua.<\/p>\n<p>Vaz\u00e3o livre\u00a0<strong>14 L\/min<\/strong><br \/>\nAlimenta\u00e7\u00e3o<strong>\u00a0220 V<br \/>\n<\/strong>Press\u00e3o m\u00e1xima de opera\u00e7\u00e3o\u00a0<strong>170 PSI<br \/>\n<\/strong>Entrada e sa\u00edda <strong>1&#8243; BSP<br \/>\n<\/strong>By-pass<strong> 3 minutos<br \/>\n<\/strong>Fator de trabalho <strong>30 minutos<br \/>\n<\/strong>Grau de prote\u00e7\u00e3o <strong>IP55<br \/>\n<\/strong><br \/>\nPeso\u00a0<strong>13 kg<br \/>\n<\/strong>Medidas <strong>(A)\u00a0200 mm x (L)\u00a0280\u00a0\u00a0mm<\/strong><\/p>\n","protected":false},"excerpt":{"rendered":"<p>Em alum\u00ednio, para \u00f3leo lubrificante (SAE 90 \u00e0 45\u00b0C), com v\u00e1lvula by-pass e motor com regulagem cont\u00ednua. Vaz\u00e3o livre\u00a014 L\/min Alimenta\u00e7\u00e3o\u00a0220 V Press\u00e3o m\u00e1xima de opera\u00e7\u00e3o\u00a0170 PSI Entrada e sa\u00edda 1&#8243; BSP By-pass 3 minutos Fator de trabalho 30 minutos Grau de prote\u00e7\u00e3o IP55 Peso\u00a013 kg Medidas (A)\u00a0200 mm x (L)\u00a0280\u00a0\u00a0mm<\/p>\n","protected":false},"featured_media":3598,"comment_status":"open","ping_status":"closed","template":"","meta":{"_exactmetrics_skip_tracking":false,"_exactmetrics_sitenote_active":false,"_exactmetrics_sitenote_note":"","_exactmetrics_sitenote_category":0},"product_brand":[],"product_cat":[95],"product_tag":[],"class_list":{"0":"post-3597","1":"product","2":"type-product","3":"status-publish","4":"has-post-thumbnail","6":"product_cat-bomba-diafragma-palhetas-e-engrenagens","8":"first","9":"instock","10":"shipping-taxable","11":"product-type-simple"},"_links":{"self":[{"href":"https:\/\/totallubri.com.br\/index.php?rest_route=\/wp\/v2\/product\/3597","targetHints":{"allow":["GET"]}}],"collection":[{"href":"https:\/\/totallubri.com.br\/index.php?rest_route=\/wp\/v2\/product"}],"about":[{"href":"https:\/\/totallubri.com.br\/index.php?rest_route=\/wp\/v2\/types\/product"}],"replies":[{"embeddable":true,"href":"https:\/\/totallubri.com.br\/index.php?rest_route=%2Fwp%2Fv2%2Fcomments&post=3597"}],"wp:featuredmedia":[{"embeddable":true,"href":"https:\/\/totallubri.com.br\/index.php?rest_route=\/wp\/v2\/media\/3598"}],"wp:attachment":[{"href":"https:\/\/totallubri.com.br\/index.php?rest_route=%2Fwp%2Fv2%2Fmedia&parent=3597"}],"wp:term":[{"taxonomy":"product_brand","embeddable":true,"href":"https:\/\/totallubri.com.br\/index.php?rest_route=%2Fwp%2Fv2%2Fproduct_brand&post=3597"},{"taxonomy":"product_cat","embeddable":true,"href":"https:\/\/totallubri.com.br\/index.php?rest_route=%2Fwp%2Fv2%2Fproduct_cat&post=3597"},{"taxonomy":"product_tag","embeddable":true,"href":"https:\/\/totallubri.com.br\/index.php?rest_route=%2Fwp%2Fv2%2Fproduct_tag&post=3597"}],"curies":[{"name":"wp","href":"https:\/\/api.w.org\/{rel}","templated":true}]}}